NOAA-Style Climate Reports


Report for 2018 February
                   Monthly Climatological Summary for Feb 2018

Name: BLS Arnold,Ca   City: Arnold   State: CA
Elevation: 4200 ft  Lat: N 38 15 02   Lon: W 120 21 14

                  Temperature (°F), Rain (in), Wind Speed (mph)

                                      Heat  Cool        Avg
    Mean                              Deg   Deg         Wind                 Dom
Day Temp  High   Time   Low    Time   Days  Days  Rain  Speed High   Time    Dir
----------------------------------------------------------------------------------
01  56.8  64.3   11:57  50.0   05:57   0.0  38.5  0.00   0.3   4.0   12:17    SW
02  58.7  66.7   12:07  52.4   05:06   0.0  40.4  0.00   0.5  12.0   22:59     E
03  59.1  67.6   11:49  53.9   06:52   0.0  40.8  0.00   0.7  13.0   22:43   ESE
04  57.6  65.2   12:31  51.3   04:54   0.0  39.3  0.00   0.2   9.0   00:01   ESE
05  56.0  62.5   11:28  50.4   19:40   0.0  37.7  0.00   0.3   8.0   16:04    SW
06  55.2  65.3   12:05  49.6   02:47   0.0  36.9  0.00   0.3   8.0   08:54   ESE
07  56.2  63.6   12:25  52.1   02:16   0.0  37.9  0.00   0.3   6.0   10:28     E
08  57.3  65.0   12:24  53.7   01:33   0.0  39.0  0.00   0.1   4.0   12:54   SSE
09  56.1  64.9   11:55  51.0   19:39   0.0  37.8  0.00   0.1   4.0   11:02    SW
10  51.3  57.8   12:16  43.5   19:58   0.0  33.0  0.00   1.3  15.0   17:20     E
11  44.1  52.6   10:28  33.5   21:41   0.0  25.8  0.00   0.5   8.0   17:03   SSE
12  36.8  39.0   11:02  31.7   07:11   0.0  18.5  0.00   0.0   3.0   08:25     E
13  39.0  39.0   00:00  39.0   00:00   0.0  20.7  0.00   0.0   0.0   00:00     N
14  39.0  39.0   00:00  39.0   00:00   0.0  20.7  0.00   0.0   0.0   00:00     N
15  39.0  39.0   00:00  39.0   00:00   0.0  20.7  0.00   0.0   0.0   00:00     N
16  39.0  39.0   00:00  39.0   00:00   0.0  20.7  0.00   0.0   0.0   00:00     N
----------------------------------------------------------------------------------
    50.1  67.6     3    31.7    12     0.0 508.4  0.00   0.3  15.0    10     ESE

Max >=  27.0 16
Max <=   0.0  0
Min <=   0.0  0
Min <= -18.0  0
Max Rain: 0.00 on day 0
Days of Rain: 0 (>= 0.20 in)  0 (>= 2.00 in)  0 (>= 20.00 in)
Heat Base: 18.3  Cool Base: 18.3  Method: Integration

spacer wunderground wow PWS SWWN Image Map