NOAA-Style Climate Reports


Report for 2017 June
                   Monthly Climatological Summary for Jun 2017

Name: BLS Arnold,Ca   City: Arnold   State: CA
Elevation: 4200 ft  Lat: N 38 15 02   Lon: W 120 21 14

                  Temperature (°F), Rain (in), Wind Speed (mph)

                                      Heat  Cool        Avg
    Mean                              Deg   Deg         Wind                 Dom
Day Temp  High   Time   Low    Time   Days  Days  Rain  Speed High   Time    Dir
----------------------------------------------------------------------------------
01  60.1  70.3   14:17  51.2   00:44   0.0  41.8  0.00   0.5   7.0   14:31   SSE
02  66.2  78.9   14:24  55.2   03:31   0.0  47.9  0.00   0.4   7.0   12:22   SSE
03  69.7  78.8   14:49  63.0   06:31   0.0  51.4  0.00   0.4   7.0   14:57    SE
04  68.5  77.7   13:10  61.7   06:53   0.0  50.2  0.00   0.4   7.0   14:11     S
05  68.0  77.4   11:39  60.0   05:39   0.0  49.7  0.00   0.5   7.0   13:11    SE
06  67.9  79.9   13:06  60.7   05:48   0.0  44.5  0.00   0.3   9.0   13:26   SSE
07  66.4  77.7   10:17  54.6   22:24   0.0  45.9  0.00   0.3   7.0   11:10     S
08  54.0  58.5   01:00  49.9   21:12   0.0  35.7  0.11   0.1   4.0   15:00   ESE
09  52.5  54.5   16:47  49.1   22:29   0.0  34.2  0.14   0.0   3.0   10:33   SSE
10  52.4  61.4   14:06  41.6   23:31   0.0  34.1  0.00   0.4   7.0   14:18     S
11  41.9  49.8   15:45  35.4   23:19   0.0  23.6  0.22   0.5   7.0   09:08    SE
12  42.8  51.5   15:48  33.9   01:05   0.0  24.5  0.09   0.3   6.0   10:51   ESE
13  52.9  67.8   14:41  40.6   02:16   0.0  25.1  0.00   0.7   8.0   15:35    SE
14  64.3  75.6   13:57  54.1   01:26   0.0  15.9  0.00   0.6   8.0   15:23   SSE
15  68.5  78.8   14:26  59.3   05:06   0.0  16.5  0.00   0.8   7.0   13:30   SSE
16  73.2  83.3   13:57  63.2   00:49   0.0  18.1  0.00   0.2   7.0   14:17   SSE
17  76.3  86.5   14:12  67.9   05:41   0.0  19.4  0.00   0.8   7.0   14:40     S
18  81.7  90.9   15:31  73.3   00:15   0.0  21.8  0.00   1.0  13.0   02:44    SE
19  82.1  93.0   15:15  74.5   00:32   0.0  21.1  0.00   0.3   6.0   14:01   SSW
20  82.4  92.9   11:27  75.0   06:40   0.0  21.2  0.00   0.4   6.0   12:28     S
21  81.0  92.1   12:53  72.8   22:06   0.0  20.3  0.00   0.4   6.0   13:15     S
22  83.0  93.5   14:28  75.0   00:47   0.0  21.0  0.00   0.6  11.0   05:35   SSE
23  81.4  92.9   15:03  74.4   02:21   0.0  20.7  0.00   0.6   6.0   02:34    SE
24  82.3  92.8   10:10  74.0   03:37   0.0  20.6  0.00   0.9  13.0   20:40    SE
25  78.8  89.0   14:09  71.0   23:34   0.0  20.2  0.00   0.5   8.0   12:07     S
26  73.5  82.7   13:52  65.7   23:39   0.0  33.1  0.00   0.4   8.0   12:37   SSE
27  71.5  82.3   13:37  64.3   05:46   0.0  53.2  0.00   0.4   7.0   13:20     S
28  73.6  80.9   14:05  62.4   05:48   0.0  55.3  0.00   1.1   6.0   09:58   SSE
----------------------------------------------------------------------------------
    68.5  93.5    22    33.9    12     0.0 887.0  0.56   0.5  13.0    18     SSE

Max >=  27.0 28
Max <=   0.0  0
Min <=   0.0  0
Min <= -18.0  0
Max Rain: 0.22 on day 11
Days of Rain: 1 (>= 0.20 in)  0 (>= 2.00 in)  0 (>= 20.00 in)
Heat Base: 18.3  Cool Base: 18.3  Method: Integration

spacer wunderground wow PWS SWWN Image Map