NOAA-Style Climate Reports


Report for 2017 August
                   Monthly Climatological Summary for Aug 2017

Name: BLS Arnold,Ca   City: Arnold   State: CA
Elevation: 4200 ft  Lat: N 38 15 02   Lon: W 120 21 14

                  Temperature (°F), Rain (in), Wind Speed (mph)

                                      Heat  Cool        Avg
    Mean                              Deg   Deg         Wind                 Dom
Day Temp  High   Time   Low    Time   Days  Days  Rain  Speed High   Time    Dir
----------------------------------------------------------------------------------
01  83.7  94.2   14:03  74.2   04:43   0.0  65.5  0.00   0.3   7.0   12:19   SSE
02  82.1  94.1   13:40  73.8   22:52   0.0  63.8  0.00   0.4   6.0   14:00   SSE
03  79.9  90.2   13:50  73.2   21:16   0.0  61.6  0.00   0.3   6.0   11:03   SSE
04  77.1  85.9   09:22  70.6   22:34   0.0  58.8  0.00   0.2   8.0   15:43   SSE
05  74.1  82.9   13:50  69.4   22:43   0.0  55.8  0.00   0.2   6.0   15:52    SE
06  74.2  85.1   13:39  67.7   05:02   0.0  55.9  0.00   0.4   7.0   12:42   SSE
07  73.5  83.3   13:11  67.1   02:51   0.0  55.2  0.00   0.4   8.0   14:47   SSE
08  73.9  84.5   13:19  67.1   06:15   0.0  55.6  0.00   0.3   7.0   11:27    SE
09  73.9  84.7   12:54  67.1   04:56   0.0  55.6  0.00   0.4   7.0   11:58   SSE
10  74.0  85.1   12:48  66.6   04:03   0.0  55.7  0.00   0.4   7.0   11:50    SE
11  74.1  85.6   14:03  66.5   05:05   0.0  55.8  0.00   0.5   6.0   10:00    SE
12  74.3  86.2   13:06  66.7   05:31   0.0  56.0  0.00   0.4   8.0   11:14    SE
13  73.2  83.5   13:36  65.9   23:37   0.0  54.9  0.00   0.4   6.0   07:15     S
14  67.8  77.0   12:46  60.9   21:06   0.0  49.5  0.00   0.4   7.0   12:48   SSE
15  66.2  73.9   13:02  60.3   20:42   0.0  47.9  0.00   0.4   7.0   13:45   SSE
16  68.0  77.8   13:48  59.1   05:03   0.0  49.7  0.00   0.3   6.0   11:07   SSE
17  72.7  83.4   13:30  63.9   06:00   0.0  54.4  0.00   0.3   6.0   10:25    SE
18  76.5  86.9   13:25  67.8   03:17   0.0  58.2  0.00   0.3   6.0   11:17   SSE
19  76.9  85.9   12:57  71.0   06:21   0.0  58.6  0.00   0.7  16.0   16:55   ESE
20  74.8  83.8   13:28  68.7   22:11   0.0  56.5  0.00   0.3   7.0   12:14   SSE
----------------------------------------------------------------------------------
    74.5  94.2     1    59.1    16     0.01125.0  0.00   0.4  16.0    19      SE

Max >=  27.0 20
Max <=   0.0  0
Min <=   0.0  0
Min <= -18.0  0
Max Rain: 0.00 on day 0
Days of Rain: 0 (>= 0.20 in)  0 (>= 2.00 in)  0 (>= 20.00 in)
Heat Base: 18.3  Cool Base: 18.3  Method: Integration

spacer wunderground wow PWS SWWN Image Map