NOAA-Style Climate Reports


Report for 2012
                   Annual Climatological Summary for 2012

Name: BLS Arnold,Ca   City: Arnold   State: Ca
Elevation: 4450 ft  Lat: N 39° 31' 08"   Lon: W 123° 23' 37"

                  Temperature (°F), Heat Base: 18.3  Cool Base: 18.3
                          Dep.  Heat  Cool                       Max  Max  Min  Min
        Mean  Mean        From  Deg   Deg                        >=   <=   <=   <=
 YR MO  Max   Min   Mean  Norm  Days  Days  Hi  Date  Low  Date 27.0  0.0  0.0 -18.0
------------------------------------------------------------------------------------
 12  1
 12  2
 12  3  63.2  47.1  58.1   0.0     0   327  67.7  30   0.0   28    9    0    1    0
 12  4  69.9  54.6  62.8   0.0     0  1325  82.4  22   0.0   22   30    0    1    0
 12  5  70.3  61.7  65.9   0.0     0  1454  87.9   8  50.0   10   31    0    0    0
 12  6  75.6  55.8  66.2   0.0     0  1388  88.1  17   0.0   16   30    0    1    0
 12  7  84.6  63.6  72.1   0.0     0  1666  94.8  12  51.3   17   31    0    0    0
 12  8  88.8  68.4  76.4   0.0     0  1802  97.2  11  58.3   27   31    0    0    0
 12  9  83.0  63.9  71.4   0.0     0  1592  88.7  14  55.9    6   30    0    0    0
 12 10  66.5  51.3  57.2   0.0     0  1205  88.7   1  32.5   23   31    0    0    0
 12 11  54.4  43.3  48.0   0.0     0   886  74.6   5  24.8   11   30    0    0    0
 12 12  42.5  33.2  37.6   0.0     0   595  57.6  10  21.7   19   31    0    0    0
------------------------------------------------------------------------------------
        69.9  54.3  61.6   0.0     0 12245  97.2 Aug   0.0  Mar  284    0    3    0

                                Precipitation (in)

              Dep.   Max        Days of Rain
              From   Obs.           >=
 YR MO Total  Norm   Day Date 0.20 2.0020.00
---------------------------------------------
 12  1
 12  2
 12  3  1.02   0.0  1.00  23     1    0    0
 12  4  0.03   0.0  0.02  29     0    0    0
 12  5  0.00   0.0  0.00   0     0    0    0
 12  6  0.06   0.0  0.06   7     0    0    0
 12  7  0.00   0.0  0.00   0     0    0    0
 12  8  0.06   0.0  0.06   4     0    0    0
 12  9  0.45   0.0  0.33   6     1    0    0
 12 10  2.55   0.0  0.60  28     6    0    0
 12 11 11.90   0.0  4.38  30     8    2    0
 12 12 13.36   0.0  4.09   2    10    1    0
---------------------------------------------
       29.43   0.0  4.38  Nov   26    3    0

                                Wind Speed (mph)
                          Dom
 YR MO   Avg.  Hi   Date  Dir
------------------------------
 12  1
 12  2
 12  3   0.0   7.0   26   ---
 12  4   0.0   6.0   24   ---
 12  5   0.0   8.0   11   WNW
 12  6   0.4  17.0    9    SE
 12  7   0.6  10.0   17   ESE
 12  8   0.6  14.0    4    SE
 12  9   0.5  10.0   15     S
 12 10   0.4   8.0    3   WNW
 12 11   0.4  17.0   30     W
 12 12   0.3  17.0    2   WSW
------------------------------
         0.3  17.0  Jun     S

spacer wunderground wow PWS SWWN Image Map