NOAA-Style Climate Reports


Report for 2012 March
                   Monthly Climatological Summary for Mar 2012

Name: BLS Arnold,Ca   City: Arnold   State: Ca
Elevation: 4450 ft  Lat: N 39° 31' 08"   Lon: W 123° 23' 37"

                  Temperature (°F), Rain (in), Wind Speed (mph)

                                      Heat  Cool        Avg
    Mean                              Deg   Deg         Wind                 Dom
Day Temp  High   Time   Low    Time   Days  Days  Rain  Speed High   Time    Dir
----------------------------------------------------------------------------------
 1  42.1  54.5   10:57  37.9   19:36  22.9   0.0  0.00   0.2   4.0   13:48     W
 2  45.5  60.8   11:11  36.0   23:51  19.4   0.0  0.00   0.4   4.0   01:56    NW
 3  42.7  55.6   11:11  36.3   00:00  22.3   0.0  0.00   0.1   4.0   10:08   WSW
 4  42.7  56.3   11:00  37.4   06:33  22.3   0.0  0.00   0.2   4.0   04:23    SE
 5  43.8  57.7   10:56  37.9   05:35  21.0   0.0  0.00   0.1   4.0   08:11   SSW
 6  45.8  56.5   11:04  39.7   00:00  19.2   0.0  0.00   0.2   4.0   03:38    NE
 7  43.7  48.6   00:53  38.7   21:40  21.3   0.0  0.04   0.5   8.0   04:10   WSW
 8  45.5  59.5   13:58  37.0   04:05  19.5   0.0  0.00   0.1   4.0   10:21   NNW
 9  51.3  64.6   11:08  42.8   01:40  13.7   0.0  0.00   0.1   4.0   12:18    NW
10  49.8  63.5   11:08  44.8   23:15  15.2   0.0  0.00   0.2   6.0   12:47   SSW
11  42.8  52.0   13:40  37.9   23:25  22.2   0.0  0.00   0.0   4.0   22:27     S
12  39.8  52.0   12:36  33.3   23:54  25.2   0.0  0.08   0.1   4.0   09:50     S
13  32.7  37.9   14:36  27.5   23:26  32.3   0.0  0.00   0.0   3.0   03:10     N
14  33.9  44.1   10:41  26.1   05:04  30.9   0.0  0.29   0.1   4.0   23:43   WNW
15  35.2  47.3   11:09  27.7   05:59  29.8   0.0  0.33   1.2  15.0   20:36   SSW
16  40.5  57.7   11:04  30.9   00:16  24.5   0.0  0.25   0.7  11.0   04:35   SSW
17  42.3  57.2   11:10  34.0   04:54  22.7   0.0  0.21   0.1   4.0   11:43     W
18  41.1  52.2   11:12  33.1   23:58  23.9   0.0  0.00   0.1   4.0   11:05     S
19  36.9  51.6   12:33  30.4   03:47  28.1   0.0  0.00   0.1   4.0   11:48     S
20  42.0  51.8   10:44  34.3   00:42  15.8   0.0  0.00   0.1   6.0   12:58     S
21  47.3  59.7   13:43  36.7   01:56  17.6   0.0  0.00   0.3   6.0   22:34   WNW
22  51.8  65.1   13:37  44.6   23:59  13.2   0.0  0.00   0.3   6.0   14:50    NW
23  60.3  64.3   16:58  51.7   10:38   0.0  23.4  1.00   0.0   0.0   00:00     E
24  54.2  61.5   00:00  49.6   20:21   0.0  35.7  0.00   0.0   0.0   00:00     E
25  52.8  58.5   22:38  49.5   08:38   0.0  34.4  0.00   0.0   0.0   00:00     E
26  55.5  60.1   17:11  50.9   08:32   0.0  37.2  0.02   0.0   7.0   18:37     E
27  56.8  60.7   18:02  54.2   09:12   0.0  34.8  0.00   0.0   0.0   00:00     E
28  61.0  66.3   19:34   0.0   04:33   0.0  34.5  0.00   0.0   0.0   04:33     E
29  59.4  63.9   16:48  54.0   08:41   0.0  41.1  0.00   0.0   0.0   00:00     E
30  62.7  67.7   21:35  57.2   09:17   0.0  44.5  0.00   0.0   0.0   00:00     E
31  60.6  66.0   00:00  56.8   00:00   0.0  42.3  0.00   0.0   0.0   00:00     E
----------------------------------------------------------------------------------
    58.1  67.7    30     0.0    28     0.0 327.9  1.02   0.0   7.0    26     ---

Max >=  27.0:  9
Max <=   0.0:  0
Min <=   0.0:  1
Min <= -18.0:  0
Max Rain: 1.00 on day 23
Days of Rain: 1 (>= 0.20 in)  0 (>= 2.00 in)  0 (>= 20.00 in)
Heat Base: 18.3  Cool Base: 18.3  Method: Integration

spacer wunderground wow PWS SWWN Image Map