NOAA-Style Climate Reports


Report for 2012 April
                   Monthly Climatological Summary for Apr 2012

Name: BLS Arnold,Ca   City: Arnold   State: Ca
Elevation: 4450 ft  Lat: N 39° 31' 08"   Lon: W 123° 23' 37"

                  Temperature (°F), Rain (in), Wind Speed (mph)

                                      Heat  Cool        Avg
    Mean                              Deg   Deg         Wind                 Dom
Day Temp  High   Time   Low    Time   Days  Days  Rain  Speed High   Time    Dir
----------------------------------------------------------------------------------
 1  57.4  64.5   19:19  52.3   09:05   0.0  38.9  0.00   0.0   5.0   14:40     E
 2  58.3  64.6   17:07  51.4   07:10   0.0  40.0  0.00   0.0   0.0   00:00     E
 3  60.3  65.9   17:04  53.8   07:20   0.0  42.0  0.01   0.0   1.0   16:36     E
 4  58.4  63.0   00:00  54.5   08:27   0.0  39.7  0.00   0.0   1.0   15:19     E
 5  55.9  60.2   16:20  51.2   07:56   0.0  37.3  0.00   0.0   0.0   00:00     E
 6  57.3  64.6   20:41  50.7   08:55   0.0  39.0  0.00   0.0   0.0   00:00     E
 7  59.9  69.2   19:44  52.0   08:47   0.0  41.2  0.00   0.0   0.0   00:00     E
 8  61.7  69.3   16:37  54.6   08:49   0.0  43.4  0.00   0.0   0.0   00:00     E
 9  60.1  69.9   17:55  53.7   08:24   0.0  41.8  0.00   0.0   0.0   00:00     E
10  59.3  62.9   00:00  57.2   18:58   0.0  41.0  0.00   0.0   0.0   00:00     E
11  57.8  59.6   00:00  55.8   07:29   0.0  39.3  0.00   0.0   0.0   00:00     E
12  57.3  62.2   15:13  54.8   21:04   0.0  38.8  0.00   0.0   0.0   00:00     E
13  56.0  58.3   21:51  53.5   11:25   0.0  37.3  0.00   0.0   0.0   00:00     E
14  58.3  65.4   17:15  53.2   08:51   0.0  40.0  0.00   0.0   4.0   15:34     E
15  60.8  70.1   16:58  55.1   07:40   0.0  42.5  0.00   0.0   0.0   00:00     E
16  61.3  68.5   17:20  54.4   06:56   0.0  43.0  0.00   0.0   0.0   00:00     E
17  63.4  69.0   17:20  56.0   07:14   0.0  45.1  0.00   0.0   5.0   16:03     E
18  63.1  70.0   16:51  55.4   07:12   0.0  44.8  0.00   0.0   0.0   00:00     E
19  66.6  77.8   17:33  60.1   08:41   0.0  48.3  0.00   0.0   3.0   20:19     E
20  71.9  80.8   18:03  62.9   08:33   0.0  53.6  0.00   0.0   1.0   11:04     E
21  72.1  80.2   18:28  64.5   08:57   0.0  53.6  0.00   0.0   0.0   00:00     E
22  72.8  82.4   16:28   0.0   00:02   0.0  54.4  0.00   0.0   0.0   00:02     E
23  67.6  72.6   19:17  62.2   09:52   0.0  49.3  0.00   0.0   1.0   17:04     E
24  70.8  80.2   18:01  64.3   08:15   0.0  52.2  0.00   0.0   6.0   17:47     E
25  69.2  75.3   18:24  64.9   09:00   0.0  50.6  0.00   0.0   0.0   00:00     E
26  64.0  70.1   00:00  59.3   12:44   0.0  45.7  0.00   0.0   4.0   16:12     E
27  61.5  69.3   16:54  55.5   07:54   0.0  43.2  0.00   0.0   1.0   14:55     E
28  64.4  74.6   16:29  57.6   07:28   0.0  39.7  0.00   0.0   1.0   14:31     E
29  70.0  81.2   17:30  59.9   08:01   0.0  51.7  0.02   0.0   6.0   16:29     E
30  66.9  75.7   14:49  56.9   23:58   0.0  48.6  0.00   0.0   4.0   17:34   WNW
----------------------------------------------------------------------------------
    62.8  82.4    22     0.0    22     0.01326.0  0.03   0.0   6.0    24     ---

Max >=  27.0: 30
Max <=   0.0:  0
Min <=   0.0:  1
Min <= -18.0:  0
Max Rain: 0.02 on day 29
Days of Rain: 0 (>= 0.20 in)  0 (>= 2.00 in)  0 (>= 20.00 in)
Heat Base: 18.3  Cool Base: 18.3  Method: Integration

spacer wunderground wow PWS SWWN Image Map