NOAA-Style Climate Reports


Report for 2012 May
                   Monthly Climatological Summary for May 2012

Name: BLS Arnold,Ca   City: Arnold   State: Ca
Elevation: 4450 ft  Lat: N 39° 31' 08"   Lon: W 123° 23' 37"

                  Temperature (°F), Rain (in), Wind Speed (mph)

                                      Heat  Cool        Avg
    Mean                              Deg   Deg         Wind                 Dom
Day Temp  High   Time   Low    Time   Days  Days  Rain  Speed High   Time    Dir
----------------------------------------------------------------------------------
 1  58.2  63.8   14:04  52.7   21:49   0.0  39.9  0.00   0.0   4.0   15:19   WNW
 2  57.4  65.1   17:11  50.6   07:19   0.0  39.2  0.00   0.0   3.0   15:54     E
 3  59.6  65.6   21:23  52.8   06:10   0.0  41.3  0.00   0.0   2.0   10:27     E
 4  59.2  63.3   00:57  54.3   08:31   0.0  40.9  0.00   0.0   4.0   13:59     E
 5  62.0  74.4   18:21  53.6   07:23   0.0  43.7  0.00   0.0   1.0   16:34     E
 6  66.5  79.8   18:23  57.7   06:13   0.0  42.1  0.00   0.0   0.0   00:00     E
 7  70.3  84.9   18:21  58.0   06:58   0.0  52.0  0.00   0.0   1.0   17:38     E
 8  72.2  87.9   17:18  57.6   07:20   0.0  53.9  0.00   0.0   2.0   06:46     E
 9  69.9  81.9   16:26  58.4   23:00   0.0  51.6  0.00   0.0   2.0   16:45     E
10  60.7  68.9   17:47  50.0   06:15   0.0  32.3  0.00   0.0   0.0   00:00     E
11  68.5  70.6   18:20  67.0   06:43   0.0  44.7  0.00   0.0   8.0   15:03     E
12  70.6  72.0   15:44  68.6   06:41   0.0  52.3  0.00   0.0   0.0   00:00     E
13  71.9  73.3   14:19  70.1   06:46   0.0  53.6  0.00   0.0   0.0   00:00     E
14  70.4  71.6   00:00  68.2   23:59   0.0  52.1  0.00   0.0   0.0   00:00     E
15  67.4  68.3   00:00  66.2   06:38   0.0  49.1  0.00   0.0   0.0   00:00     E
16  68.1  69.7   15:43  66.1   05:57   0.0  49.8  0.00   0.0   0.0   00:00     E
17  68.7  70.4   15:01  67.6   23:44   0.0  50.4  0.00   0.0   0.0   00:00     E
18  66.9  67.6   00:00  65.6   06:38   0.0  48.5  0.00   0.0   0.0   00:00     E
19  66.7  68.3   15:11  64.8   06:42   0.0  48.4  0.00   0.0   0.0   00:00     E
20  68.8  70.6   15:59  66.5   05:59   0.0  50.5  0.00   0.0   0.0   00:00     E
21  71.0  72.8   16:07  69.1   05:58   0.0  52.7  0.00   0.0   0.0   00:00     E
22  70.5  72.1   15:20  69.2   23:51   0.0  52.2  0.00   0.0   0.0   00:00     E
23  68.3  69.6   08:22  66.4   23:57   0.0  50.0  0.00   0.0   0.0   00:00     E
24  65.6  66.5   00:00  64.1   23:43   0.0  47.3  0.00   0.0   0.0   00:00     E
25  60.2  64.1   00:00  56.3   23:48   0.0  41.7  0.00   0.0   0.0   00:00     E
26  56.6  59.5   22:39  54.3   09:50   0.0  38.3  0.00   0.0   0.0   00:00     E
27  61.1  63.3   23:27  59.0   06:09   0.0  42.8  0.00   0.0   0.0   00:00     E
28  64.0  65.5   15:45  62.1   05:54   0.0  45.7  0.00   0.0   0.0   00:00     E
29  65.0  66.6   15:53  63.1   06:47   0.0  46.7  0.00   0.0   0.0   00:00     E
30  67.0  68.8   15:53  64.7   05:52   0.0  48.7  0.00   0.0   0.0   00:00     E
31  70.1  72.1   16:13  67.7   05:03   0.0  51.8  0.00   0.0   0.0   00:00     E
----------------------------------------------------------------------------------
    65.9  87.9     8    50.0    10     0.01454.2  0.00   0.0   8.0    11     WNW

Max >=  27.0: 31
Max <=   0.0:  0
Min <=   0.0:  0
Min <= -18.0:  0
Max Rain: 0.00 on day 0
Days of Rain: 0 (>= 0.20 in)  0 (>= 2.00 in)  0 (>= 20.00 in)
Heat Base: 18.3  Cool Base: 18.3  Method: Integration

spacer wunderground wow PWS SWWN Image Map