NOAA-Style Climate Reports


Report for 2012 June
                   Monthly Climatological Summary for Jun 2012

Name: BLS Arnold,Ca   City: Arnold   State: Ca
Elevation: 4450 ft  Lat: N 39° 31' 08"   Lon: W 123° 23' 37"

                  Temperature (°F), Rain (in), Wind Speed (mph)

                                      Heat  Cool        Avg
    Mean                              Deg   Deg         Wind                 Dom
Day Temp  High   Time   Low    Time   Days  Days  Rain  Speed High   Time    Dir
----------------------------------------------------------------------------------
 1  73.8  75.7   15:46  71.6   03:47   0.0  55.5  0.00   0.0   0.0   00:00     E
 2  75.3  76.8   15:56  73.8   06:26   0.0  57.0  0.00   0.0   0.0   00:00     E
 3  74.9  76.3   15:46  73.5   06:27   0.0  56.6  0.00   0.0   0.0   00:00     E
 4  71.2  74.0   00:00  66.5   23:58   0.0  52.9  0.00   0.0   0.0   00:00     E
 5  62.9  66.5   00:00  59.6   23:48   0.0  44.6  0.00   0.0   0.0   00:00     E
 6  59.6  61.1   15:35  57.8   06:51   0.0  41.3  0.00   0.0   0.0   00:00     E
 7  60.2  67.9   17:29  52.9   21:32   0.0  41.8  0.06   0.0   2.0   18:07   WNW
 8  60.4  71.9   11:05  50.1   22:27   0.0  42.1  0.00   0.3   7.0   13:26   SSE
 9  58.9  69.0   09:56  47.7   04:30   0.0  40.6  0.00   1.2  17.0   22:42    SE
10  63.5  74.4   10:04  53.0   06:00   0.0  45.2  0.00   0.6  12.0   00:04   SSE
11  68.5  79.4   13:09  59.5   00:03   0.0  50.2  0.00   0.4   7.0   14:17   ENE
12  70.1  82.4   14:28  61.7   05:10   0.0  51.8  0.00   0.2   6.0   12:56   ESE
13  69.9  81.5   10:39  61.7   05:53   0.0  51.6  0.00   0.3   6.0   15:22   SSE
14  70.0  81.7   10:47  61.0   05:49   0.0  51.7  0.00   0.3   6.0   12:19   SSE
15  71.3  82.8   13:58  62.1   05:11   0.0  49.8  0.00   0.4   7.0   11:33    SE
16  74.0  76.7   19:06   0.0   19:06   0.0  11.4  0.00   0.5   3.0   22:52   WNW
17  77.6  88.1   13:54  66.9   23:43   0.0  59.3  0.00   0.8   8.0   14:34   NNW
18  72.0  82.9   09:58  62.5   21:39   0.0  53.7  0.00   0.7   8.0   12:51     E
19  68.6  79.9   13:57  61.1   05:41   0.0  50.3  0.00   0.6   7.0   13:15     E
20  71.7  84.7   13:13  62.1   01:37   0.0  53.4  0.00   0.9   7.0   13:58    SE
21  69.3  82.5   12:51  56.4   23:23   0.0  51.0  0.00   0.4   8.0   10:41   ESE
22  59.9  71.6   09:42  51.2   23:58   0.0  41.6  0.00   0.5   9.0   11:53   ESE
23  52.1  62.7   13:44  44.1   23:34   0.0  33.8  0.00   0.4   7.0   12:54   ESE
24  53.8  65.8   15:32  43.8   00:57   0.0  35.3  0.00   0.5   7.0   10:50   ESE
25  55.0  67.0   13:45  43.0   23:07   0.0  36.7  0.00   0.5   8.0   10:46   ESE
26  57.6  71.4   13:55  43.1   00:08   0.0  39.3  0.00   0.7   7.0   14:07   SSE
27  63.7  76.7   14:11  54.1   05:03   0.0  45.4  0.00   0.6   8.0   13:18   ESE
28  66.4  79.6   14:30  57.2   22:45   0.0  48.1  0.00   0.7   8.0   10:16     E
29  66.8  78.9   12:55  58.5   21:27   0.0  48.5  0.00   0.6   8.0   12:18   ESE
30  66.2  78.7   13:15  56.1   22:47   0.0  47.7  0.00   0.6   7.0   10:47    SE
----------------------------------------------------------------------------------
    66.2  88.1    17     0.0    16     0.01388.2  0.06   0.4  17.0     9     ESE

Max >=  27.0: 30
Max <=   0.0:  0
Min <=   0.0:  1
Min <= -18.0:  0
Max Rain: 0.06 on day 7
Days of Rain: 0 (>= 0.20 in)  0 (>= 2.00 in)  0 (>= 20.00 in)
Heat Base: 18.3  Cool Base: 18.3  Method: Integration

spacer wunderground wow PWS SWWN Image Map