NOAA-Style Climate Reports


Report for 2012 July
                   Monthly Climatological Summary for Jul 2012

Name: BLS Arnold,Ca   City: Arnold   State: Ca
Elevation: 4450 ft  Lat: N 39° 31' 08"   Lon: W 123° 23' 37"

                  Temperature (°F), Rain (in), Wind Speed (mph)

                                      Heat  Cool        Avg
    Mean                              Deg   Deg         Wind                 Dom
Day Temp  High   Time   Low    Time   Days  Days  Rain  Speed High   Time    Dir
----------------------------------------------------------------------------------
 1  65.4  77.0   14:02  56.6   04:37   0.0  47.1  0.00   0.7   7.0   10:39   ESE
 2  68.2  80.5   14:47  59.7   05:19   0.0  49.9  0.00   0.5   7.0   13:22    SE
 3  69.7  81.3   12:57  61.6   04:36   0.0  51.4  0.00   0.7   7.0   13:13    SE
 4  70.6  83.2   13:49  62.0   06:19   0.0  52.3  0.00   0.6   8.0   10:07    SE
 5  69.0  80.7   13:47  62.1   02:08   0.0  50.7  0.00   0.6   7.0   12:05   ESE
 6  70.7  83.1   13:44  62.2   06:24   0.0  52.4  0.00   0.8   7.0   12:26    SE
 7  74.5  88.8   13:43  65.7   00:03   0.0  56.2  0.00   0.6   8.0   12:28    SE
 8  75.2  88.3   14:30  66.3   21:36   0.0  56.9  0.00   0.8   7.0   11:55    SE
 9  75.2  87.9   13:27  67.1   05:32   0.0  56.9  0.00   0.8   8.0   14:01   ESE
10  78.7  92.6   14:53  69.9   06:28   0.0  60.4  0.00   0.8   6.0   13:37   SSE
11  80.9  94.5   14:00  72.2   06:30   0.0  62.6  0.00   0.8   7.0   13:17    SE
12  81.4  94.8   12:56  73.0   23:43   0.0  63.1  0.00   0.7   7.0   11:38   SSE
13  76.6  89.4   14:03  67.6   21:57   0.0  58.3  0.00   0.5   8.0   11:01   ESE
14  73.2  84.7   13:30  66.4   21:47   0.0  54.9  0.00   0.5   7.0   12:36   ESE
15  72.0  84.9   13:46  64.0   06:19   0.0  53.7  0.00   0.6   7.0   13:51   ESE
16  67.6  79.0   11:48  56.3   23:57   0.0  49.3  0.00   0.5   7.0   12:28    SE
17  59.6  70.5   13:28  51.3   06:21   0.0  41.3  0.00   0.6  10.0   10:17   ESE
18  63.5  74.4   15:25  53.4   02:35   0.0  45.2  0.00   0.4   8.0   13:57   ESE
19  66.6  74.5   15:15  61.2   00:00   0.0  48.3  0.00   0.4   8.0   10:54   ESE
20  71.6  85.0   14:25  62.4   04:49   0.0  53.3  0.00   0.7   7.0   12:34    SE
21  77.0  90.4   14:16  68.2   00:00   0.0  58.7  0.00   0.6   8.0   13:12   NNE
22  79.6  91.0   13:47  72.4   00:00   0.0  61.3  0.00   0.5   7.0   13:33   ESE
23  75.3  86.9   14:25  66.6   23:59   0.0  57.0  0.00   0.5   7.0   11:44    SE
24  71.3  83.1   14:01  63.5   23:53   0.0  53.0  0.00   0.5   9.0   13:21   ESE
25  70.7  85.8   14:27  61.4   06:00   0.0  52.4  0.00   0.5   7.0   11:50   ESE
26  71.0  85.1   14:48  63.3   05:45   0.0  52.7  0.00   0.7   7.0   12:45    SE
27  69.8  81.1   14:04  61.7   21:20   0.0  51.5  0.00   0.6   6.0   11:56   SSE
28  68.8  81.3   13:47  60.3   06:23   0.0  50.5  0.00   0.6   9.0   13:51    SE
29  71.0  84.1   14:14  62.1   06:26   0.0  52.7  0.00   0.7   7.0   16:35   SSE
30  73.7  88.1   14:24  63.9   06:32   0.0  55.4  0.00   0.5   7.0   12:25   ESE
31  75.3  89.1   14:08  65.8   06:14   0.0  57.0  0.00   0.5   7.0   11:45   ESE
----------------------------------------------------------------------------------
    72.1  94.8    12    51.3    17     0.01666.4  0.00   0.6  10.0    17      SE

Max >=  27.0: 31
Max <=   0.0:  0
Min <=   0.0:  0
Min <= -18.0:  0
Max Rain: 0.00 on day 0
Days of Rain: 0 (>= 0.20 in)  0 (>= 2.00 in)  0 (>= 20.00 in)
Heat Base: 18.3  Cool Base: 18.3  Method: Integration

spacer wunderground wow PWS SWWN Image Map