NOAA-Style Climate Reports


Report for 2012 August
                   Monthly Climatological Summary for Aug 2012

Name: BLS Arnold,Ca   City: Arnold   State: Ca
Elevation: 4450 ft  Lat: N 39° 31' 08"   Lon: W 123° 23' 37"

                  Temperature (°F), Rain (in), Wind Speed (mph)

                                      Heat  Cool        Avg
    Mean                              Deg   Deg         Wind                 Dom
Day Temp  High   Time   Low    Time   Days  Days  Rain  Speed High   Time    Dir
----------------------------------------------------------------------------------
 1  76.0  89.9   14:32  65.6   05:57   0.0  57.8  0.00   0.5   9.0   12:21   ESE
 2  77.2  91.5   14:55  67.9   06:15   0.0  58.9  0.00   0.5   7.0   12:03   ESE
 3  78.0  92.3   14:36  70.1   21:37   0.0  59.7  0.00   0.5   7.0   13:30    SE
 4  75.1  88.5   14:15  65.9   23:29   0.0  56.8  0.06   0.5  14.0   22:47    SE
 5  75.0  87.0   13:57  66.0   00:36   0.0  56.7  0.00   0.6   7.0   11:49   ESE
 6  75.8  88.4   13:35  68.5   22:51   0.0  57.5  0.00   0.7   7.0   12:28    SE
 7  76.6  88.8   13:34  68.4   06:43   0.0  58.3  0.00   0.9   7.0   11:34   SSE
 8  78.8  92.3   14:20  69.7   00:00   0.0  60.5  0.00   0.9   9.0   14:26   SSW
 9  81.4  93.8   14:43  74.1   06:35   0.0  63.1  0.00   0.6   6.0   11:22    SE
10  82.4  94.7   14:17  74.5   05:50   0.0  64.1  0.00   0.7   7.0   15:39   ESE
11  83.9  97.2   14:09  74.7   04:15   0.0  65.6  0.00   0.6   6.0   15:13    SE
12  83.7  95.4   15:08  76.2   07:07   0.0  65.4  0.00   0.6   6.0   11:17    SE
13  82.9  94.4   13:38  75.7   05:59   0.0  64.6  0.00   0.8   7.0   12:06   ENE
14  81.6  94.0   13:50  75.6   06:44   0.0  63.4  0.00   1.0  10.0   19:05   ESE
15  79.7  92.0   13:54  72.6   06:35   0.0  61.4  0.00   0.6   7.0   12:44    SE
16  78.9  91.8   13:28  71.6   21:19   0.0  60.6  0.00   0.7   8.0   15:25   SSE
17  78.2  90.9   13:43  68.1   05:55   0.0  59.9  0.00   0.6   8.0   17:32    SE
18  74.6  82.9   14:51  68.1   20:32   0.0  56.3  0.00   0.3   4.0   14:23    NW
19  75.3  87.7   13:38  68.4   06:26   0.0  57.0  0.00   0.7   8.0   12:38     S
20  75.9  88.1   14:01  68.4   06:03   0.0  57.6  0.00   0.6   9.0   13:39    SE
21  74.3  88.2   14:39  66.0   06:50   0.0  56.0  0.00   0.8   8.0   12:01     W
22  73.9  85.8   14:05  67.1   00:37   0.0  55.6  0.00   0.7   7.0   12:55   SSE
23  74.0  85.2   13:39  66.4   04:12   0.0  55.7  0.00   0.6   6.0   11:17    SE
24  74.5  86.8   13:38  67.1   06:11   0.0  56.2  0.00   0.6   7.0   12:56    SE
25  74.0  86.1   13:34  67.2   23:58   0.0  55.7  0.00   0.6   6.0   11:20    SE
26  68.7  78.3   13:17  61.1   23:08   0.0  50.4  0.00   0.5   8.0   11:31   ESE
27  68.8  82.8   13:27  58.3   06:27   0.0  50.5  0.00   0.5   7.0   12:36   ESE
28  72.5  85.6   13:55  63.9   05:58   0.0  54.2  0.00   0.7   6.0   10:35   WSW
29  74.2  87.0   13:42  65.5   03:33   0.0  55.9  0.00   0.7   6.0   12:33     W
30  74.6  86.9   14:04  66.9   23:59   0.0  56.3  0.00   0.5   8.0   11:05   ESE
31  68.7  79.6   13:07  59.3   21:22   0.0  50.4  0.00   0.4   8.0   11:22   ESE
----------------------------------------------------------------------------------
    76.4  97.2    11    58.3    27     0.01802.1  0.06   0.6  14.0     4      SE

Max >=  27.0: 31
Max <=   0.0:  0
Min <=   0.0:  0
Min <= -18.0:  0
Max Rain: 0.06 on day 4
Days of Rain: 0 (>= 0.20 in)  0 (>= 2.00 in)  0 (>= 20.00 in)
Heat Base: 18.3  Cool Base: 18.3  Method: Integration

spacer wunderground wow PWS SWWN Image Map