NOAA-Style Climate Reports


Report for 2012 September
                   Monthly Climatological Summary for Sep 2012

Name: BLS Arnold,Ca   City: Arnold   State: Ca
Elevation: 4450 ft  Lat: N 39° 31' 08"   Lon: W 123° 23' 37"

                  Temperature (°F), Rain (in), Wind Speed (mph)

                                      Heat  Cool        Avg
    Mean                              Deg   Deg         Wind                 Dom
Day Temp  High   Time   Low    Time   Days  Days  Rain  Speed High   Time    Dir
----------------------------------------------------------------------------------
 1  65.5  76.4   13:41  57.9   06:54   0.0  47.2  0.00   0.5   8.0   14:56   ESE
 2  69.1  81.0   13:28  60.8   01:52   0.0  50.8  0.00   0.6   8.0   13:35    SE
 3  71.7  84.9   13:22  63.5   06:43   0.0  53.4  0.00   0.7   7.0   13:45    SE
 4  73.2  86.8   13:07  65.2   02:46   0.0  54.9  0.00   0.6   7.0   12:13   ESE
 5  69.8  82.3   14:31  57.8   11:40   0.0  51.5  0.12   0.5   5.0   13:25   WNW
 6  67.6  80.1   13:25  55.9   00:21   0.0  49.4  0.33   0.6   6.0   00:17   WNW
 7  71.1  83.3   14:20  64.1   06:13   0.0  52.8  0.00   0.6   7.0   13:48     S
 8  73.5  85.0   14:05  66.7   06:30   0.0  55.2  0.00   0.6   6.0   13:57     W
 9  73.5  84.3   14:56  66.9   06:45   0.0  55.2  0.00   0.5   6.0   13:02    SW
10  71.7  83.0   14:09  65.0   23:56   0.0  53.4  0.00   0.3   7.0   14:45   ESE
11  70.0  81.9   13:32  63.2   07:10   0.0  51.7  0.00   0.4   9.0   13:33    SE
12  71.7  82.8   14:17  64.2   05:40   0.0  53.4  0.00   0.6   7.0   12:50   WSW
13  75.9  88.1   13:12  67.8   00:20   0.0  57.6  0.00   0.6   8.0   12:43   SSE
14  75.8  88.7   13:29  68.7   06:30   0.0  57.5  0.00   0.4   8.0   13:20   ESE
15  74.6  86.3   13:22  67.3   06:59   0.0  56.3  0.00   0.6  10.0   15:16   ENE
16  72.9  84.0   13:27  66.6   06:47   0.0  54.6  0.00   0.3   6.0   12:48   SSE
17  70.8  81.7   13:17  64.5   22:30   0.0  52.5  0.00   0.4   6.0   14:08    SE
18  71.8  84.1   13:57  64.3   04:59   0.0  53.5  0.00   0.6   7.0   15:09   WSW
19  72.5  83.9   13:34  65.4   04:51   0.0  54.2  0.00   0.5   7.0   13:04     S
20  72.9  83.5   13:10  66.0   05:50   0.0  54.6  0.00   0.5   6.0   11:21   WSW
21  73.2  83.8   13:12  67.0   06:19   0.0  54.9  0.00   0.5   6.0   12:30     W
22  71.7  83.0   13:18  64.7   06:34   0.0  53.4  0.00   0.5   6.0   10:48     E
23  69.8  79.4   13:53  62.1   22:38   0.0  51.5  0.00   0.3   7.0   13:57     E
24  66.0  77.5   13:22  57.8   07:08   0.0  47.7  0.00   0.5   8.0   10:00   NNE
25  66.9  76.7   13:10  60.0   06:08   0.0  48.6  0.00   0.8   7.0   13:04     W
26  68.4  79.1   13:33  60.7   06:33   0.0  50.1  0.00   0.4   7.0   12:35    SE
27  71.8  84.3   13:13  64.7   06:02   0.0  53.5  0.00   0.5   6.0   12:32   WSW
28  72.1  84.5   12:53  65.5   04:03   0.0  53.8  0.00   0.5   7.0   13:35   SSW
29  71.8  82.8   12:49  65.8   05:30   0.0  53.6  0.00   0.5   7.0   11:53     S
30  74.5  87.5   13:21  65.8   06:51   0.0  56.2  0.00   0.6   6.0   11:08     W
----------------------------------------------------------------------------------
    71.4  88.7    14    55.9     6     0.01593.0  0.45   0.5  10.0    15       S

Max >=  27.0: 30
Max <=   0.0:  0
Min <=   0.0:  0
Min <= -18.0:  0
Max Rain: 0.33 on day 6
Days of Rain: 1 (>= 0.20 in)  0 (>= 2.00 in)  0 (>= 20.00 in)
Heat Base: 18.3  Cool Base: 18.3  Method: Integration

spacer wunderground wow PWS SWWN Image Map