NOAA-Style Climate Reports


Report for 2012 October
                   Monthly Climatological Summary for Oct 2012

Name: BLS Arnold,Ca   City: Arnold   State: Ca
Elevation: 4450 ft  Lat: N 39° 31' 08"   Lon: W 123° 23' 37"

                  Temperature (°F), Rain (in), Wind Speed (mph)

                                      Heat  Cool        Avg
    Mean                              Deg   Deg         Wind                 Dom
Day Temp  High   Time   Low    Time   Days  Days  Rain  Speed High   Time    Dir
----------------------------------------------------------------------------------
 1  76.8  88.7   12:57  69.4   04:34   0.0  58.5  0.00   0.6   5.0   11:31   WNW
 2  75.9  87.8   13:05  68.7   23:57   0.0  57.6  0.00   0.6   7.0   11:45   SSE
 3  73.0  85.6   12:59  66.5   20:01   0.0  54.7  0.00   0.7   8.0   14:47   WSW
 4  66.8  76.1   13:00  59.8   21:23   0.0  48.5  0.00   0.4   6.0   12:35     S
 5  60.2  70.8   13:23  52.7   23:57   0.0  41.9  0.03   0.3   5.0   11:19     E
 6  58.1  69.5   12:58  51.4   03:32   0.0  39.8  0.00   0.4   6.0   11:34    SE
 7  58.4  69.2   13:04  52.9   20:21   0.0  40.1  0.00   0.5   8.0   14:39   WNW
 8  54.6  63.1   13:12  46.9   22:28   0.0  36.3  0.00   0.3   6.0   10:51   ESE
 9  52.3  64.3   13:06  46.9   02:02   0.0  34.0  0.00   0.3   7.0   11:06    SE
10  53.4  63.7   13:14  47.6   22:46   0.0  35.1  0.00   0.3   6.0   11:58    SE
11  47.7  52.8   15:24  44.6   02:48   0.0  29.4  0.01   0.1   3.0   14:42   WNW
12  45.2  46.8   14:56  42.8   23:07   0.0  26.9  0.00   0.0   3.0   09:44     E
13  50.7  60.0   14:08  44.5   00:00   0.0  32.4  0.00   0.2   6.0   12:30   ESE
14  59.4  70.7   13:11  50.1   02:07   0.0  41.1  0.00   0.3   6.0   12:34   WNW
15  62.4  72.9   13:23  56.3   00:52   0.0  44.1  0.00   0.5   7.0   11:47     W
16  63.6  75.2   12:54  57.3   02:07   0.0  44.8  0.00   0.5   7.0   15:31   SSW
17  65.6  76.4   12:54  59.6   00:00   0.0  47.3  0.00   0.8   7.0   14:20   WNW
18  68.6  81.3   13:09  62.1   23:42   0.0  50.3  0.00   0.7   6.0   10:20     N
19  64.1  73.9   13:02  58.3   23:43   0.0  45.5  0.00   0.6   5.0   11:42     W
20  58.3  67.1   13:19  50.6   23:55   0.0  40.0  0.00   0.3   7.0   11:55   ESE
21  51.6  59.1   11:40  46.9   22:00   0.0  33.3  0.00   0.1   5.0   12:58   ESE
22  41.9  48.0   00:00  37.6   19:39   0.0  23.6  0.33   0.6   7.0   01:51   NNE
23  37.2  39.9   15:37  32.5   09:27   0.0  18.9  0.55   0.1   4.0   12:07   WNW
24  38.7  45.1   13:58  34.7   00:02   0.0  20.4  0.03   0.2   5.0   11:57   ESE
25  45.0  54.5   12:37  39.2   00:02   0.0  26.7  0.00   0.3   5.0   11:29     W
26  51.7  60.8   13:08  43.3   01:03   0.0  33.4  0.00   0.8   5.0   12:00     W
27  57.3  65.6   13:00  52.2   00:30   0.0  39.0  0.00   0.9   6.0   11:40   WNW
28  60.2  70.0   13:06  54.4   02:09   0.0  41.9  0.00   0.2   4.0   12:46   WNW
29  59.7  70.5   13:07  55.1   02:07   0.0  41.4  0.00   0.2   5.0   14:05     W
30  59.3  69.8   13:01  54.9   02:04   0.0  41.0  0.00   0.1   4.0   01:49   ESE
31  55.5  62.8   13:18  49.2   23:18   0.0  37.2  0.00   0.1   8.0   12:15   ESE
----------------------------------------------------------------------------------
    57.2  88.7     1    32.5    23     0.01205.1  0.95   0.4   8.0     3       W

Max >=  27.0: 31
Max <=   0.0:  0
Min <=   0.0:  0
Min <= -18.0:  0
Max Rain: 0.55 on day 23
Days of Rain: 2 (>= 0.20 in)  0 (>= 2.00 in)  0 (>= 20.00 in)
Heat Base: 18.3  Cool Base: 18.3  Method: Integration

spacer wunderground wow PWS SWWN Image Map