NOAA-Style Climate Reports


Report for 2012 November
                   Monthly Climatological Summary for Nov 2012

Name: BLS Arnold,Ca   City: Arnold   State: Ca
Elevation: 4450 ft  Lat: N 39° 31' 08"   Lon: W 123° 23' 37"

                  Temperature (°F), Rain (in), Wind Speed (mph)

                                      Heat  Cool        Avg
    Mean                              Deg   Deg         Wind                 Dom
Day Temp  High   Time   Low    Time   Days  Days  Rain  Speed High   Time    Dir
----------------------------------------------------------------------------------
 1  49.4  54.1   15:59  45.6   23:39   0.0  30.8  0.00   0.1   2.0   09:36   WNW
 2  50.0  59.0   13:29  45.8   00:00   0.0  29.7  0.00   0.3   5.0   14:45   WNW
 3  54.2  64.3   12:50  47.5   00:57   0.0  33.7  0.00   0.4   3.0   06:59   WNW
 4  59.1  65.7   12:19  52.8   00:38   0.0  42.5  0.00   0.4   4.0   21:55   WNW
 5  65.0  74.6   12:08  57.4   00:23   0.0  46.7  0.00   0.4   5.0   00:56   WNW
 6  64.1  73.1   11:58  59.2   23:35   0.0  45.8  0.00   0.4   4.0   12:07   WNW
 7  58.7  67.5   12:10  49.4   23:56   0.0  40.4  0.00   0.2   5.0   11:29   WNW
 8  39.2  49.9   00:05  30.5   23:39   0.0  20.8  0.00   0.1   4.0   13:10   ESE
 9  30.3  34.0   12:33  28.1   05:04   0.0  11.7  0.00   0.0   5.0   11:57   ESE
10  30.1  35.8   11:57  25.6   23:59   0.0  11.7  0.03   0.0   1.0   00:04     E
11  30.6  36.8   15:03  24.8   01:39   0.0  10.1  0.09   0.1   2.0   20:39   WNW
12  42.5  50.4   12:07  34.9   00:20   0.0  24.2  1.01   0.6   3.0   05:45   WNW
13  49.8  57.8   12:10  43.3   04:21   0.0  31.5  0.00   0.5   5.0   09:45   WNW
14  53.1  60.3   12:15  48.3   01:55   0.0  34.9  0.00   0.3   4.0   10:34   WNW
15  52.2  60.5   11:34  45.7   19:49   0.0  33.9  0.00   0.1   4.0   11:49     S
16  44.6  47.7   02:17  42.6   06:24   0.0  26.3  0.41   0.3  10.0   10:38    SE
17  44.2  46.9   14:33  40.9   23:50   0.0  25.9  2.67   0.7   7.0   03:04    SE
18  41.5  43.7   13:08  38.7   20:16   0.0  23.2  1.84   0.3   7.0   01:35   ESE
19  44.2  48.8   13:36  41.3   22:02   0.0  25.9  0.00   0.0   3.0   09:32   ESE
20  44.2  51.0   12:12  40.1   07:06   0.0  25.9  0.01   0.1   5.0   10:06   ESE
21  43.8  46.9   13:18  40.3   22:37   0.0  25.5  0.44   0.3   5.0   10:23     W
22  47.3  55.5   11:45  40.8   00:03   0.0  29.0  0.00   0.6   4.0   04:02   WNW
23  55.7  63.6   11:41  50.5   00:13   0.0  37.4  0.00   0.7   4.0   02:12   WNW
24  55.8  64.0   11:42  51.0   23:35   0.0  37.5  0.00   0.5   3.0   00:43   WNW
25  51.7  59.5   11:36  48.5   06:51   0.0  33.4  0.00   0.4   3.0   13:26   WNW
26  51.6  59.0   12:14  47.7   02:49   0.0  33.3  0.00   0.1   4.0   08:33   WNW
27  51.4  55.6   11:14  48.9   20:44   0.0  33.1  0.00   0.0   7.0   19:33   SSW
28  46.3  52.4   00:20  41.1   11:56   0.0  28.0  1.24   0.8  16.0   11:33    SE
29  45.7  46.8   13:58  44.1   07:54   0.0  27.4  0.38   1.1  13.0   23:05    SE
30  44.8  46.2   00:02  44.3   10:48   0.0  26.5  4.38   1.4  17.0   03:20    SE
----------------------------------------------------------------------------------
    48.0  74.6     5    24.8    11     0.0 886.7 12.50   0.4  17.0    30     WSW

Max >=  27.0: 30
Max <=   0.0:  0
Min <=   0.0:  0
Min <= -18.0:  0
Max Rain: 4.38 on day 30
Days of Rain: 8 (>= 0.20 in)  2 (>= 2.00 in)  0 (>= 20.00 in)
Heat Base: 18.3  Cool Base: 18.3  Method: Integration

spacer wunderground wow PWS SWWN Image Map