NOAA-Style Climate Reports


Report for 2012 December
                   Monthly Climatological Summary for Dec 2012

Name: BLS Arnold,Ca   City: Arnold   State: Ca
Elevation: 4450 ft  Lat: N 39° 31' 08"   Lon: W 123° 23' 37"

                  Temperature (°F), Rain (in), Wind Speed (mph)

                                      Heat  Cool        Avg
    Mean                              Deg   Deg         Wind                 Dom
Day Temp  High   Time   Low    Time   Days  Days  Rain  Speed High   Time    Dir
----------------------------------------------------------------------------------
 1  45.1  47.1   11:29  43.2   05:45   0.0  25.5  1.61   0.7  12.0   00:49    SE
 2  44.2  47.4   07:38  40.0   19:07   0.0  25.9  4.09   1.0  17.0   09:38   SSE
 3  45.9  49.9   12:18  42.3   00:00   0.0  27.5  0.02   0.1   5.0   22:28   WNW
 4  49.3  53.4   09:29  43.9   00:40   0.0  31.0  0.01   0.2   5.0   02:19   WNW
 5  46.4  49.6   14:13  38.9   03:28   0.0  28.1  1.31   0.1   9.0   04:24   ESE
 6  46.1  52.5   11:43  42.5   06:35   0.0  27.8  0.01   0.6   4.0   13:32   WNW
 7  46.9  54.1   11:37  41.9   00:37   0.0  28.6  0.00   1.0   4.0   12:02   WNW
 8  46.4  51.7   12:10  41.8   06:40   0.0  28.1  0.00   0.7   5.0   11:29   WNW
 9  50.1  56.5   10:43  45.1   02:50   0.0  31.8  0.00   0.8   8.0   14:15   WNW
10  51.1  57.6   11:43  47.1   06:57   0.0  32.8  0.00   0.7   5.0   12:08   WNW
11  47.0  54.8   11:46  39.1   23:52   0.0  28.7  0.00   0.1   3.0   11:15   WNW
12  32.8  39.1   00:00  27.2   23:35   0.0  14.5  0.59   0.0   6.0   02:11   WNW
13  29.6  34.5   12:20  26.2   02:51   0.0  11.3  0.00   0.1   2.0   14:36   WNW
14  29.5  34.2   14:21  26.4   06:58   0.0  11.2  0.00   0.1   3.0   10:29   WNW
15  30.2  36.2   12:22  24.7   06:52   0.0  11.9  0.02   0.1   5.0   11:43   WNW
16  35.2  38.6   12:49  30.5   07:38   0.0  16.9  0.36   0.1   5.0   14:51   WNW
17  38.3  41.7   13:43  35.2   23:50   0.0  20.0  1.73   0.1   7.0   11:00   SSE
18  29.8  35.4   00:27  21.9   21:44   0.0  11.5  0.12   0.3   9.0   14:18   ESE
19  28.1  35.4   11:45  21.7   01:51   0.0   9.8  0.00   0.0   4.0   12:19   WNW
20  35.2  42.6   13:29  29.1   01:24   0.0  16.9  0.00   0.1   6.0   13:01   SSE
21  37.4  41.1   11:16  33.5   14:37   0.0  19.1  0.06   0.6  10.0   10:57   ESE
22  33.9  38.3   00:00  31.1   13:49   0.0  15.3  1.35   0.4  11.0   08:39   SSE
23  33.2  36.8   23:33  31.6   14:10   0.0  14.9  1.13   0.7   8.0   04:07    SE
24  34.8  39.4   13:26  31.6   07:46   0.0  16.5  0.52   0.2   3.0   09:31   WNW
25  34.3  38.1   09:45  31.4   14:54   0.0  16.0  0.39   0.3   8.0   13:19   ESE
26  30.8  32.0   14:39  28.7   23:26   0.0  11.9  0.01   0.0   1.0   00:26     E
27  29.5  33.4   12:29  26.1   06:15   0.0  11.2  0.00   0.0   0.0   00:00     E
28  30.2  35.2   10:50  24.9   02:48   0.0  11.9  0.00   0.0   0.0   00:00     E
29  32.3  37.3   12:20  28.8   18:49   0.0  13.9  0.02   0.0   0.0   00:00     E
30  31.4  38.0   11:42  27.1   23:35   0.0  13.1  0.01   0.3  11.0   20:11   ESE
31  30.1  37.1   12:29  24.9   06:53   0.0  11.8  0.00   0.2   6.0   02:44   WNW
----------------------------------------------------------------------------------
    37.6  57.6    10    21.7    19     0.0 595.4 13.36   0.3  17.0     2      SW

Max >=  27.0: 31
Max <=   0.0:  0
Min <=   0.0:  0
Min <= -18.0:  0
Max Rain: 4.09 on day 2
Days of Rain: 10 (>= 0.20 in)  1 (>= 2.00 in)  0 (>= 20.00 in)
Heat Base: 18.3  Cool Base: 18.3  Method: Integration

spacer wunderground wow PWS SWWN Image Map