NOAA-Style Climate Reports


Report for 2013
                   Annual Climatological Summary for 2013

Name: BLS Arnold,Ca   City: Arnold   State: Ca
Elevation: 4450 ft  Lat: N 38° 15' 03"   Lon: W 120° 21' 18"

                  Temperature (°F), Heat Base: 18.3  Cool Base: 18.3
                          Dep.  Heat  Cool                       Max  Max  Min  Min
        Mean  Mean        From  Deg   Deg                        >=   <=   <=   <=
 YR MO  Max   Min   Mean  Norm  Days  Days  Hi  Date  Low  Date 27.0  0.0  0.0 -18.0
------------------------------------------------------------------------------------
 13  1  47.2  34.5  40.4   0.0     0   684  59.9  21  19.7   13   31    0    0    0
 13  2  50.0  34.5  40.9   0.0     0   633  61.3  14  22.3   20   28    0    0    0
 13  3  57.8  41.6  48.3   0.0     0   927  70.9  14  29.7    8   31    0    0    0
 13  4  64.1  44.5  53.2   0.0     0  1047  78.0  29  29.4   16   30    0    0    0
 13  5  68.9  49.4  58.2   0.0     0  1237  83.3  12  37.9   23   31    0    0    0
 13  6  79.9  59.1  68.4   0.0     0  1504  97.1   8  42.9   19   30    0    0    0
 13  7  88.3  67.6  76.0   0.0     0  1789  96.3   1  61.5   17   31    0    0    0
 13  8  83.5  63.1  71.3   0.0     0  1642  92.1  19  55.8    8   31    0    0    0
 13  9  75.6  56.2  64.5   0.0     0  1386  89.0   8  38.8   22   30    0    0    0
 13 10  65.6  48.6  55.3   0.0     0  1146  76.2  22  34.0   28   31    0    0    0
 13 11  57.5  44.6  49.8   0.0     0   794  67.5  13  35.2   21   26    0    0    0
 13 12  51.1  38.5  44.4   0.0     0   808  68.7  16  16.4    8   31    0    0    0
------------------------------------------------------------------------------------
        65.8  48.5  55.9   0.0     0 13603  97.1 Jun  16.4  Dec  361    0    0    0

                                Precipitation (in)

              Dep.   Max        Days of Rain
              From   Obs.           >=
 YR MO Total  Norm   Day Date 0.20 2.0020.00
---------------------------------------------
 13  1  1.21   0.0  0.28  24     3    0    0
 13  2  0.82   0.0  0.28  20     1    0    0
 13  3  3.93   0.0  1.45  31     6    0    0
 13  4  1.41   0.0  0.69   8     3    0    0
 13  5  1.34   0.0  0.41   8     3    0    0
 13  6  1.42   0.0  1.16  24     2    0    0
 13  7  0.00   0.0  0.00   0     0    0    0
 13  8  0.00   0.0  0.00   0     0    0    0
 13  9  1.00   0.0  1.00  21     1    0    0
 13 10  0.37   0.0  0.33  28     1    0    0
 13 11  1.57   0.0  1.33  20     2    0    0
 13 12  0.76   0.0  0.35  10     2    0    0
---------------------------------------------
       13.83   0.0  1.45  Mar   24    0    0

                                Wind Speed (mph)
                          Dom
 YR MO   Avg.  Hi   Date  Dir
------------------------------
 13  1   0.4   8.0   13   WNW
 13  2   0.4  14.0   26     W
 13  3   0.4  11.0    5   WSW
 13  4   0.7  17.0   30    SE
 13  5   0.6  18.0   20    SE
 13  6   0.6  12.0   19    SE
 13  7   0.4   8.0    8   ESE
 13  8   0.4  10.0   17    SE
 13  9   0.4  11.0   26    SE
 13 10   0.4  23.0    4   SSE
 13 11   0.4  30.0   21     S
 13 12   0.4  12.0   19   WNW
------------------------------
         0.5  30.0  Nov   SSE

spacer wunderground wow PWS SWWN Image Map