NOAA-Style Climate Reports


Report for 2013 January
                   Monthly Climatological Summary for Jan 2013

Name: BLS Arnold,Ca   City: Arnold   State: Ca
Elevation: 4450 ft  Lat: N 38° 15' 03"   Lon: W 120° 21' 18"

                  Temperature (°F), Rain (in), Wind Speed (mph)

                                      Heat  Cool        Avg
    Mean                              Deg   Deg         Wind                 Dom
Day Temp  High   Time   Low    Time   Days  Days  Rain  Speed High   Time    Dir
----------------------------------------------------------------------------------
 1  33.2  39.1   11:47  27.8   07:45   0.0  14.9  0.00   0.2   6.0   06:55   WNW
 2  38.8  44.4   11:41  31.2   06:31   0.0  20.5  0.00   0.8   3.0   02:48   WNW
 3  41.9  48.9   11:44  37.9   01:08   0.0  23.5  0.24   0.8   4.0   18:54   WNW
 4  42.3  49.1   11:50  37.4   05:10   0.0  24.0  0.03   0.6   3.0   04:25   WNW
 5  41.4  47.6   12:42  33.9   23:58   0.0  23.1  0.00   0.0   6.0   10:44    SE
 6  32.1  34.8   14:24  29.4   22:34   0.0  13.8  0.03   0.3   6.0   01:21   WNW
 7  40.0  48.7   13:32  31.5   01:54   0.0  21.7  0.20   1.4   5.0   02:05   WNW
 8  48.4  56.6   11:39  43.0   00:32   0.0  30.1  0.00   0.7   5.0   22:09   WNW
 9  43.8  51.2   11:08  28.5   23:53   0.0  25.5  0.07   0.1   7.0   11:51   WNW
10  25.9  30.7   12:23  21.2   23:34   0.0   7.6  0.00   0.1   6.0   13:14   ESE
11  24.9  31.1   11:47  21.1   23:56   0.0   6.6  0.00   0.1   6.0   12:21   WNW
12  24.6  31.8   12:29  20.0   05:44   0.0   6.3  0.00   0.2   4.0   00:07   WNW
13  24.9  31.5   12:27  19.7   07:12   0.0   6.6  0.00   0.3   8.0   18:24   ESE
14  28.0  33.7   11:59  22.0   02:26   0.0   9.7  0.00   0.4   5.0   10:13   WNW
15  33.3  45.3   21:50  24.2   04:26   0.0  15.0  0.07   0.2   5.0   10:16   WNW
16  45.2  52.4   12:00  36.8   05:24   0.0  26.9  0.11   0.8   4.0   12:48   WNW
17  50.3  57.8   11:56  42.7   23:48   0.0  32.0  0.00   0.6   5.0   01:32   WNW
18  48.3  56.3   12:38  43.2   06:54   0.0  30.0  0.00   0.3   4.0   20:07   WNW
19  49.8  57.4   12:04  44.9   07:18   0.0  31.5  0.00   0.4   4.0   10:36   WNW
20  49.0  56.9   12:03  45.1   18:22   0.0  30.7  0.00   0.5   3.0   00:43   WNW
21  52.2  59.9   12:27  47.0   05:26   0.0  33.9  0.00   0.9   3.0   00:09   WNW
22  51.9  59.6   13:00  47.5   05:36   0.0  33.6  0.00   0.4   4.0   11:36   WNW
23  50.0  55.1   11:27  45.1   21:37   0.0  31.7  0.00   0.1   8.0   19:46   SSE
24  46.6  48.2   00:37  45.3   06:54   0.0  28.3  0.28   0.1   8.0   00:35    SE
25  47.4  52.8   13:15  41.6   23:55   0.0  29.1  0.14   0.2   3.0   12:33   WNW
26  41.0  46.2   10:23  32.1   23:57   0.0  22.7  0.04   0.1   4.0   15:57   WNW
27  31.0  36.5   14:05  28.1   20:53   0.0  12.7  0.00   0.2   6.0   12:59    SE
28  31.3  38.9   12:44  24.4   07:16   0.0  13.0  0.00   0.3   6.0   10:13   SSE
29  39.5  48.1   20:39  31.9   00:38   0.0  21.2  0.00   0.8   6.0   20:33     W
30  47.6  56.5   11:55  42.9   21:29   0.0  29.3  0.00   0.6   7.0   01:54   WNW
31  47.7  57.4   12:36  41.7   07:00   0.0  29.3  0.00   0.5   6.0   13:17   WNW
----------------------------------------------------------------------------------
    40.4  59.9    21    19.7    13     0.0 684.8  1.21   0.4   8.0    13     WNW

Max >=  27.0: 31
Max <=   0.0:  0
Min <=   0.0:  0
Min <= -18.0:  0
Max Rain: 0.28 on day 24
Days of Rain: 3 (>= 0.20 in)  0 (>= 2.00 in)  0 (>= 20.00 in)
Heat Base: 18.3  Cool Base: 18.3  Method: Integration

spacer wunderground wow PWS SWWN Image Map