NOAA-Style Climate Reports


Report for 2013 February
                   Monthly Climatological Summary for Feb 2013

Name: BLS Arnold,Ca   City: Arnold   State: Ca
Elevation: 4450 ft  Lat: N 38° 15' 03"   Lon: W 120° 21' 18"

                  Temperature (°F), Rain (in), Wind Speed (mph)

                                      Heat  Cool        Avg
    Mean                              Deg   Deg         Wind                 Dom
Day Temp  High   Time   Low    Time   Days  Days  Rain  Speed High   Time    Dir
----------------------------------------------------------------------------------
 1  49.5  60.0   12:30  44.1   06:39   0.0  31.2  0.00   0.2   4.0   11:49   WNW
 2  49.6  55.8   14:50  46.2   01:47   0.0  31.3  0.00   0.2   3.0   09:28   WNW
 3  47.9  56.1   12:02  43.5   18:10   0.0  29.6  0.00   0.5   5.0   12:20   WNW
 4  50.0  59.1   12:18  43.3   03:33   0.0  31.7  0.00   0.5   4.0   02:05   WNW
 5  44.8  52.6   13:00  35.3   22:24   0.0  26.5  0.00   0.3   4.0   11:57   WNW
 6  40.0  51.7   12:20  32.2   23:52   0.0  21.7  0.00   0.4   4.0   05:01   WNW
 7  33.0  37.9   12:14  29.1   23:58   0.0  14.7  0.02   0.1   4.0   12:06   ESE
 8  29.3  35.7   12:08  26.2   03:04   0.0  11.0  0.05   0.2   6.0   12:54    SW
 9  31.6  39.7   12:21  25.9   05:19   0.0  13.4  0.08   0.5   6.0   12:25   WNW
10  34.0  42.7   12:36  26.4   03:00   0.0  15.7  0.07   0.4   6.0   11:54   WSW
11  36.5  44.7   12:22  29.1   05:18   0.0  18.3  0.01   0.7   9.0   00:27   SSE
12  37.6  46.8   12:43  31.6   00:35   0.0  19.3  0.00   0.3   6.0   10:40     S
13  41.9  51.7   12:36  36.0   06:06   0.0  23.6  0.00   0.4   4.0   09:59     W
14  49.2  61.3   12:48  40.2   01:21   0.0  30.9  0.00   0.7   7.0   21:28   WNW
15  51.3  60.3   12:29  45.6   04:00   0.0  33.0  0.00   0.5   3.0   02:10   WNW
16  50.3  57.8   12:20  44.0   23:21   0.0  32.0  0.00   0.3   4.0   13:47   WNW
17  45.8  55.7   12:28  41.0   07:00   0.0  27.5  0.00   0.4   5.0   11:07   WNW
18  42.3  51.9   12:15  35.5   21:09   0.0  24.0  0.00   0.2   6.0   11:25   ESE
19  28.8  37.1   00:00  22.8   23:57   0.0  10.5  0.00   0.2   6.0   12:29   ESE
20  30.7  40.7   12:29  22.3   00:19   0.0  12.4  0.28   0.1   5.0   15:55   WNW
21  34.3  44.1   12:44  27.1   06:45   0.0  16.0  0.16   0.5  10.0   10:39    SE
22  38.0  48.0   12:26  30.8   06:34   0.0  19.7  0.11   0.5   8.0   12:26   WNW
23  35.4  41.5   12:32  31.0   23:36   0.0  17.1  0.04   0.3  10.0   19:41    SE
24  37.5  48.0   12:22  30.6   03:45   0.0  19.2  0.00   0.6   6.0   01:33     W
25  39.8  51.4   12:47  31.9   02:24   0.0  21.6  0.00   0.4   5.0   11:50     W
26  43.3  54.6   12:34  34.5   04:02   0.0  25.0  0.00   0.9  14.0   21:50     W
27  45.3  54.8   12:21  38.6   05:25   0.0  27.0  0.00   1.0   7.0   13:46   WNW
28  47.5  57.8   12:23  41.0   04:06   0.0  29.2  0.00   0.8   8.0   11:16     W
----------------------------------------------------------------------------------
    40.9  61.3    14    22.3    20     0.0 633.1  0.82   0.4  14.0    26       W

Max >=  27.0: 28
Max <=   0.0:  0
Min <=   0.0:  0
Min <= -18.0:  0
Max Rain: 0.28 on day 20
Days of Rain: 1 (>= 0.20 in)  0 (>= 2.00 in)  0 (>= 20.00 in)
Heat Base: 18.3  Cool Base: 18.3  Method: Integration

spacer wunderground wow PWS SWWN Image Map