NOAA-Style Climate Reports


Report for 2013 March
                   Monthly Climatological Summary for Mar 2013

Name: BLS Arnold,Ca   City: Arnold   State: Ca
Elevation: 4450 ft  Lat: N 38° 15' 03"   Lon: W 120° 21' 18"

                  Temperature (°F), Rain (in), Wind Speed (mph)

                                      Heat  Cool        Avg
    Mean                              Deg   Deg         Wind                 Dom
Day Temp  High   Time   Low    Time   Days  Days  Rain  Speed High   Time    Dir
----------------------------------------------------------------------------------
 1  52.1  60.8   12:17  43.4   05:08   0.0  33.8  0.00   0.5   6.0   22:27   ENE
 2  54.9  64.3   12:15  47.9   23:23   0.0  36.6  0.00   0.2   7.0   12:47   ESE
 3  42.3  49.0   00:05  37.7   23:07   0.0  24.0  0.41   0.2   7.0   00:27   WNW
 4  44.6  54.8   12:52  36.3   01:31   0.0  26.3  0.00   0.3   5.0   10:59   WSW
 5  44.0  52.8   11:48  38.3   23:35   0.0  25.7  0.00   0.5  11.0   09:29   ESE
 6  33.6  38.4   00:42  31.7   19:47   0.0  15.3  0.73   0.3  11.0   03:48    SE
 7  34.1  38.9   11:31  32.4   00:00   0.0  15.8  0.27   0.1   5.0   11:48    NW
 8  37.0  47.5   12:38  29.7   03:56   0.0  18.7  0.14   0.3   5.0   12:47     W
 9  40.9  53.2   12:32  30.8   03:20   0.0  22.6  0.00   0.9  10.0   23:08    SW
10  45.7  53.2   11:19  36.7   07:09   0.0  26.3  0.00   0.7   5.0   03:13   WNW
11  49.7  60.3   13:47  40.7   06:16   0.0  31.4  0.00   0.7   5.0   13:42   WNW
12  55.2  66.0   14:18  47.3   01:04   0.0  36.9  0.00   0.4   5.0   13:31   WNW
13  59.5  70.5   14:24  52.3   07:01   0.0  41.2  0.00   0.5   7.0   13:25     N
14  60.3  70.9   13:13  54.8   05:55   0.0  42.0  0.00   0.4   5.0   06:40     W
15  57.2  67.6   13:46  49.3   22:36   0.0  38.9  0.00   0.4   4.0   13:12   WNW
16  53.1  64.8   09:38  44.9   23:58   0.0  34.8  0.00   0.7   6.0   15:41     W
17  49.5  60.7   13:38  41.6   06:31   0.0  31.2  0.00   0.6   6.0   12:55     W
18  51.0  60.5   13:32  45.2   05:09   0.0  32.7  0.00   0.4   6.0   15:10     W
19  50.4  60.9   14:34  41.9   23:55   0.0  32.1  0.28   0.2   6.0   12:45   ESE
20  43.8  50.6   13:46  40.6   05:24   0.0  25.5  0.47   0.1   6.0   11:28   ESE
21  45.1  55.4   14:39  38.8   07:12   0.0  26.8  0.00   0.5   9.0   15:19    SE
22  44.5  55.2   09:55  38.3   07:09   0.0  26.2  0.00   0.7   8.0   13:16   WSW
23  47.8  61.9   09:30  39.9   05:34   0.0  27.7  0.00   0.7   5.0   11:41     W
24  50.9  61.8   13:38  42.9   00:45   0.0  32.6  0.00   0.6   6.0   12:47     W
25  50.9  59.4   14:16  44.6   07:05   0.0  32.6  0.00   0.2   5.0   11:12   ESE
26  47.9  53.9   15:35  44.4   20:44   0.0  29.6  0.01   0.3   5.0   14:10   NNW
27  49.4  60.1   13:06  43.1   05:46   0.0  31.1  0.00   0.4   7.0   13:45     E
28  49.0  58.5   15:01  43.7   07:35   0.0  30.7  0.17   0.2   6.0   12:30     E
29  54.0  66.5   13:17  45.1   04:07   0.0  35.7  0.00   0.4   6.0   12:51   ESE
30  56.0  65.5   12:47  46.3   23:57   0.0  37.7  0.00   0.4   7.0   12:23   ESE
31  43.4  49.1   12:33  38.0   23:45   0.0  25.1  1.45   0.3   7.0   05:19   ESE
----------------------------------------------------------------------------------
    48.3  70.9    14    29.7     8     0.0 927.6  3.93   0.4  11.0     5       W

Max >=  27.0: 31
Max <=   0.0:  0
Min <=   0.0:  0
Min <= -18.0:  0
Max Rain: 1.45 on day 31
Days of Rain: 6 (>= 0.20 in)  0 (>= 2.00 in)  0 (>= 20.00 in)
Heat Base: 18.3  Cool Base: 18.3  Method: Integration

spacer wunderground wow PWS SWWN Image Map