NOAA-Style Climate Reports


Report for 2013 April
                   Monthly Climatological Summary for Apr 2013

Name: BLS Arnold,Ca   City: Arnold   State: Ca
Elevation: 4450 ft  Lat: N 38° 15' 03"   Lon: W 120° 21' 18"

                  Temperature (°F), Rain (in), Wind Speed (mph)

                                      Heat  Cool        Avg
    Mean                              Deg   Deg         Wind                 Dom
Day Temp  High   Time   Low    Time   Days  Days  Rain  Speed High   Time    Dir
----------------------------------------------------------------------------------
 1  41.5  49.6   13:41  37.2   01:28   0.0  23.2  0.33   0.3   6.0   10:35   WNW
 2  47.4  58.3   13:48  36.0   03:30   0.0  29.1  0.00   0.6   6.0   13:40   WSW
 3  53.3  65.4   14:18  45.2   03:05   0.0  35.0  0.00   0.4   6.0   13:43   SSW
 4  47.8  51.9   00:00  44.0   23:55   0.0  29.5  0.33   0.1   5.0   12:20   ESE
 5  47.5  57.0   13:17  40.7   05:41   0.0  29.2  0.00   0.4   6.0   11:47    SE
 6  46.9  55.3   15:52  41.2   00:45   0.0  28.6  0.00   0.2   6.0   14:14   ESE
 7  47.8  58.8   13:53  37.8   23:58   0.0  29.5  0.03   0.3   6.0   11:01    SE
 8  37.9  48.0   14:05  31.3   04:26   0.0  19.6  0.69   0.4   7.0   13:39   SSE
 9  46.4  59.8   15:13  33.8   04:02   0.0  28.1  0.00   1.4  15.0   10:59    SE
10  56.9  71.7   13:11  45.3   03:44   0.0  38.6  0.00   1.0   8.0   13:54    SW
11  54.2  63.3   14:56  45.3   06:26   0.0  35.9  0.00   0.6   9.0   14:22    SE
12  57.1  68.5   13:56  48.4   03:42   0.0  38.9  0.00   0.7   6.0   14:24     W
13  56.0  66.2   14:26  49.1   05:04   0.0  37.7  0.00   0.6   7.0   12:02   WNW
14  51.8  61.7   09:34  41.0   23:58   0.0  33.5  0.00   0.7   7.0   13:32   SSE
15  39.7  48.9   13:01  30.7   23:05   0.0  21.4  0.00   0.4   7.0   11:04   ESE
16  38.2  47.9   09:35  29.4   03:15   0.0  19.9  0.03   1.0  12.0   23:09    SE
17  44.2  55.1   14:12  33.1   05:58   0.0  25.8  0.00   1.5  11.0   01:42    SE
18  49.4  59.7   14:18  39.8   06:47   0.0  31.2  0.00   0.8  10.0   00:32    SE
19  54.1  66.7   14:30  43.8   06:20   0.0  35.8  0.00   0.8   8.0   14:35    SW
20  57.4  73.1   13:56  47.0   03:42   0.0  39.1  0.00   1.0   8.0   13:07   WSW
21  61.3  73.4   13:58  51.7   06:25   0.0  42.6  0.00   0.7   6.0   11:14    SW
22  62.5  74.4   14:04  54.3   04:54   0.0  44.2  0.00   0.6  12.0   23:59   SSE
23  60.1  72.6   13:14  49.4   06:22   0.0  41.8  0.00   1.1  14.0   01:05   ESE
24  59.7  73.0   13:13  52.7   06:39   0.0  41.4  0.00   1.2  12.0   08:40   ESE
25  58.3  67.9   13:47  51.4   04:54   0.0  40.0  0.00   0.7   6.0   12:51     S
26  60.2  71.4   14:41  50.8   02:17   0.0  41.9  0.00   0.6   8.0   14:09    SE
27  64.6  76.1   10:01  53.9   06:29   0.0  46.3  0.00   0.7   6.0   12:23   SSE
28  65.7  76.8   10:18  57.0   05:54   0.0  47.4  0.00   0.7   7.0   13:20     S
29  66.1  78.0   13:50  58.1   05:59   0.0  47.8  0.00   0.7   5.0   11:23    SW
30  63.0  73.3   14:10  55.7   07:22   0.0  44.7  0.00   1.1  17.0   23:45    SE
----------------------------------------------------------------------------------
    53.2  78.0    29    29.4    16     0.01047.7  1.41   0.7  17.0    30     SSE

Max >=  27.0: 30
Max <=   0.0:  0
Min <=   0.0:  0
Min <= -18.0:  0
Max Rain: 0.69 on day 8
Days of Rain: 3 (>= 0.20 in)  0 (>= 2.00 in)  0 (>= 20.00 in)
Heat Base: 18.3  Cool Base: 18.3  Method: Integration

spacer wunderground wow PWS SWWN Image Map