NOAA-Style Climate Reports


Report for 2013 May
                   Monthly Climatological Summary for May 2013

Name: BLS Arnold,Ca   City: Arnold   State: Ca
Elevation: 4450 ft  Lat: N 38° 15' 03"   Lon: W 120° 21' 18"

                  Temperature (°F), Rain (in), Wind Speed (mph)

                                      Heat  Cool        Avg
    Mean                              Deg   Deg         Wind                 Dom
Day Temp  High   Time   Low    Time   Days  Days  Rain  Speed High   Time    Dir
----------------------------------------------------------------------------------
 1  61.8  74.3   13:30  51.2   06:27   0.0  43.5  0.00   1.9  13.0   00:27    SE
 2  65.4  78.3   13:26  56.8   02:06   0.0  47.1  0.00   0.6   6.0   01:29    SE
 3  65.9  78.7   13:25  57.1   05:56   0.0  47.6  0.00   0.7   6.0   12:56     S
 4  65.4  75.6   11:13  55.5   23:58   0.0  47.1  0.00   1.1  15.0   04:13    SE
 5  54.6  65.0   08:59  44.4   23:54   0.0  36.3  0.00   0.3   7.0   09:53   ESE
 6  45.6  49.9   14:57  42.1   15:33   0.0  27.3  0.39   0.1   8.0   15:15   NNE
 7  45.3  49.3   16:59  43.0   05:04   0.0  27.0  0.13   0.1   4.0   13:35    SE
 8  48.5  53.7   13:19  45.1   07:01   0.0  30.2  0.41   0.3   5.0   11:51    SE
 9  55.1  66.7   13:59  45.8   04:05   0.0  36.9  0.00   0.8   8.0   14:01     S
10  64.1  75.9   09:50  51.9   00:23   0.0  45.8  0.00   0.9   7.0   12:38   WSW
11  69.8  81.6   10:34  59.7   03:49   0.0  51.5  0.00   0.7   6.0   11:36     W
12  71.1  83.3   13:26  61.7   06:07   0.0  52.8  0.00   0.7   6.0   14:41     W
13  71.0  82.7   13:22  63.1   04:43   0.0  52.7  0.00   0.7   7.0   11:23   WNW
14  66.8  79.4   09:15  58.6   15:37   0.0  48.5  0.00   0.8  13.0   15:44   SSE
15  62.4  73.6   14:18  54.0   23:49   0.0  44.1  0.00   0.5   8.0   09:39   ESE
16  51.2  54.5   07:35  44.3   22:37   0.0  32.9  0.06   0.2   4.0   09:42   WNW
17  51.9  63.0   13:47  43.2   05:07   0.0  33.6  0.00   0.5   7.0   12:31   ESE
18  56.0  68.1   10:31  46.4   03:28   0.0  37.7  0.00   0.7   8.0   16:22   SSE
19  59.4  72.0   14:01  47.3   05:02   0.0  41.1  0.00   1.2  13.0   22:50    SE
20  64.1  76.1   13:21  54.1   06:02   0.0  45.8  0.00   1.1  18.0   00:08    SE
21  60.2  71.6   13:03  46.9   22:02   0.0  41.9  0.00   0.4   8.0   10:04    SE
22  48.5  58.5   09:33  38.1   22:09   0.0  30.2  0.00   0.5   7.0   14:45   SSE
23  48.0  59.0   12:56  37.9   03:32   0.0  29.7  0.00   0.6   8.0   13:38   ESE
24  53.9  67.0   14:23  41.6   00:01   0.0  35.6  0.00   0.5   6.0   12:00     S
25  55.5  66.2   13:44  47.0   04:45   0.0  37.2  0.00   0.5   7.0   12:56   ESE
26  54.5  66.0   14:21  45.6   05:51   0.0  36.2  0.00   0.5   7.0   11:37    SE
27  52.5  63.8   11:22  47.1   05:34   0.0  34.2  0.04   0.2   5.0   10:24   ESE
28  53.2  63.3   14:12  47.3   05:52   0.0  34.9  0.29   0.5   6.0   13:45    SE
29  55.8  67.1   13:18  48.7   04:56   0.0  37.5  0.02   0.5   6.0   10:53    SE
30  60.7  73.2   13:13  50.6   06:20   0.0  42.4  0.00   0.8   8.0   15:00   SSW
31  66.8  79.1   13:16  55.9   02:22   0.0  48.5  0.00   0.9   8.0   14:18   SSW
----------------------------------------------------------------------------------
    58.2  83.3    12    37.9    23     0.01237.8  1.34   0.6  18.0    20     SSE

Max >=  27.0: 31
Max <=   0.0:  0
Min <=   0.0:  0
Min <= -18.0:  0
Max Rain: 0.41 on day 8
Days of Rain: 3 (>= 0.20 in)  0 (>= 2.00 in)  0 (>= 20.00 in)
Heat Base: 18.3  Cool Base: 18.3  Method: Integration

spacer wunderground wow PWS SWWN Image Map