NOAA-Style Climate Reports


Report for 2013 June
                   Monthly Climatological Summary for Jun 2013

Name: BLS Arnold,Ca   City: Arnold   State: Ca
Elevation: 4450 ft  Lat: N 38° 15' 03"   Lon: W 120° 21' 18"

                  Temperature (°F), Rain (in), Wind Speed (mph)

                                      Heat  Cool        Avg
    Mean                              Deg   Deg         Wind                 Dom
Day Temp  High   Time   Low    Time   Days  Days  Rain  Speed High   Time    Dir
----------------------------------------------------------------------------------
 1  73.0  86.5   13:27  62.6   05:33   0.0  54.7  0.00   0.6   6.0   14:29   WSW
 2  72.7  85.0   13:58  64.4   06:09   0.0  54.4  0.00   0.7   7.0   12:03     W
 3  72.8  85.3   10:21  65.5   05:22   0.0  54.5  0.00   0.7   7.0   13:17     S
 4  71.8  82.1   10:01  63.7   05:34   0.0  53.5  0.00   0.4   5.0   13:15   SSW
 5  72.2  84.0   14:46  62.4   03:55   0.0  53.9  0.00   0.4   4.0   10:26    SE
 6  74.8  87.5   14:19  64.5   00:24   0.0  56.5  0.00   0.6   6.0   13:06    SE
 7  80.1  93.7   13:41  69.2   04:52   0.0  61.8  0.00   1.0   9.0   15:49   SSW
 8  83.9  97.1   10:34  74.4   06:54   0.0  65.6  0.00   0.9   6.0   06:32     W
 9  77.2  88.9   11:08  65.4   23:05   0.0  58.9  0.00   0.5   6.0   13:18    SE
10  63.4  71.7   12:27  55.0   21:53   0.0  45.0  0.00   0.5   7.0   12:43   ENE
11  66.3  77.5   12:22  57.1   05:48   0.0  48.1  0.00   0.4   7.0   13:32   ESE
12  66.7  78.8   10:54  53.6   23:30   0.0  48.4  0.00   0.5   8.0   11:35   ESE
13  61.8  74.7   12:46  52.7   04:09   0.0  43.5  0.00   0.6   8.0   15:33   ESE
14  64.6  76.8   11:26  55.5   01:22   0.0  46.3  0.00   0.7   7.0   11:41    SW
15  66.4  79.3   14:30  57.1   06:11   0.0  48.1  0.00   0.6   7.0   10:24   SSE
16  66.3  79.3   13:30  56.7   23:59   0.0  48.0  0.00   0.8   9.0   13:07    SE
17  65.1  79.4   12:27  53.3   23:21   0.0  46.8  0.00   0.7   7.0   14:08    SE
18  58.5  70.1   10:55  44.2   23:18   0.0  40.2  0.00   0.4  10.0   15:16    SE
19  54.6  68.9   13:57  42.9   01:21   0.0  36.4  0.00   0.7  12.0   14:20    SE
20  59.7  72.7   14:23  49.3   05:18   0.0  41.4  0.00   0.7   7.0   12:45    SE
21  63.3  74.9   14:09  53.3   05:14   0.0  45.0  0.00   0.7   9.0   13:42    SE
22  67.3  79.7   14:51  56.9   01:17   0.0  49.0  0.00   0.7   8.0   15:03    SE
23  60.9  66.3   11:36  52.8   23:40   0.0  42.6  0.00   0.2   6.0   15:17   ESE
24  52.9  54.0   12:40  51.5   20:46   0.0  34.6  1.16   0.0   3.0   11:52     E
25  57.4  63.8   16:25  52.3   00:22   0.0  39.1  0.26   0.1   6.0   11:00   ESE
26  67.3  79.2   13:32  58.1   05:35   0.0  49.0  0.00   0.5   7.0   13:40   ESE
27  73.2  85.1   13:42  63.7   06:04   0.0  54.9  0.00   0.8   6.0   11:57    SE
28  78.0  89.8   14:23  69.1   05:42   0.0  59.7  0.00   0.7   8.0   12:50   WSW
29  79.9  93.1   13:56  70.5   06:02   0.0  61.6  0.00   0.8   8.0   17:24    SE
30  81.4  93.1   14:27  73.9   01:03   0.0  63.1  0.00   0.7   6.0   12:43   WNW
----------------------------------------------------------------------------------
    68.5  97.1     8    42.9    19     0.01504.6  1.42   0.6  12.0    19     SSE

Max >=  27.0: 30
Max <=   0.0:  0
Min <=   0.0:  0
Min <= -18.0:  0
Max Rain: 1.16 on day 24
Days of Rain: 2 (>= 0.20 in)  0 (>= 2.00 in)  0 (>= 20.00 in)
Heat Base: 18.3  Cool Base: 18.3  Method: Integration

spacer wunderground wow PWS SWWN Image Map