NOAA-Style Climate Reports


Report for 2013 July
                   Monthly Climatological Summary for Jul 2013

Name: BLS Arnold,Ca   City: Arnold   State: Ca
Elevation: 4450 ft  Lat: N 38° 15' 03"   Lon: W 120° 21' 18"

                  Temperature (°F), Rain (in), Wind Speed (mph)

                                      Heat  Cool        Avg
    Mean                              Deg   Deg         Wind                 Dom
Day Temp  High   Time   Low    Time   Days  Days  Rain  Speed High   Time    Dir
----------------------------------------------------------------------------------
 1  83.7  96.3   14:05  75.8   06:43   0.0  65.5  0.00   0.5   6.0   14:06     S
 2  84.4  93.5   14:06  76.2   20:55   0.0  66.2  0.00   0.5   6.0   13:33   WSW
 3  82.6  95.0   14:17  74.5   04:57   0.0  64.3  0.00   0.7   6.0   12:29    SW
 4  82.1  93.5   14:26  73.9   23:36   0.0  63.8  0.00   0.6   6.0   17:08     S
 5  77.9  89.9   14:20  69.0   22:04   0.0  59.6  0.00   0.4   7.0   13:42   ESE
 6  74.4  86.7   13:09  66.4   06:04   0.0  56.1  0.00   0.5   7.0   14:28   ESE
 7  75.0  87.5   12:17  66.7   04:12   0.0  56.7  0.00   0.4   7.0   12:51   ESE
 8  75.6  88.7   13:31  66.1   06:33   0.0  57.3  0.00   0.4   8.0   12:32     E
 9  77.4  90.1   14:24  68.4   06:03   0.0  59.1  0.00   0.4   7.0   11:59   ESE
10  77.0  90.6   12:12  68.8   05:53   0.0  58.7  0.00   0.3   7.0   14:53   ESE
11  74.1  86.2   13:19  64.4   23:55   0.0  55.8  0.00   0.4   7.0   13:41     E
12  71.8  84.2   13:23  63.1   05:12   0.0  53.5  0.00   0.4   6.0   11:40   ESE
13  72.7  86.2   14:05  62.8   05:49   0.0  54.4  0.00   0.4   7.0   14:17   ESE
14  74.9  88.6   13:52  66.2   06:15   0.0  56.6  0.00   0.4   7.0   12:15   ESE
15  73.3  85.5   14:54  64.7   23:46   0.0  55.0  0.00   0.3   6.0   10:15   ESE
16  70.2  81.6   13:57  62.4   21:34   0.0  51.9  0.00   0.4   7.0   12:52   ESE
17  70.7  84.6   14:05  61.5   06:32   0.0  52.4  0.00   0.4   6.0   11:49    SE
18  73.8  86.8   14:06  64.9   03:31   0.0  55.5  0.00   0.5   7.0   14:39    SE
19  77.8  91.6   14:46  68.7   06:38   0.0  59.5  0.00   0.5   6.0   12:34    SE
20  80.6  94.4   14:47  71.9   06:02   0.0  62.3  0.00   0.7   6.0   12:36   SSE
21  80.1  92.3   13:59  72.4   06:24   0.0  61.8  0.00   0.3   6.0   15:59    SE
22  76.3  88.8   12:52  67.5   23:29   0.0  58.0  0.00   0.3   5.0   12:04    SE
23  69.1  74.2   16:33  65.1   05:11   0.0  50.8  0.00   0.1   4.0   00:51   WNW
24  75.0  89.0   14:13  66.7   00:00   0.0  56.7  0.00   0.6   7.0   14:34    SE
25  76.9  90.2   13:38  68.7   05:29   0.0  58.6  0.00   0.5   7.0   15:28   ESE
26  77.8  90.4   14:53  70.2   04:07   0.0  59.5  0.00   0.5   7.0   12:23    SE
27  76.6  88.9   14:29  69.0   05:52   0.0  58.3  0.00   0.4   7.0   11:33    SE
28  75.4  88.1   14:32  67.4   23:59   0.0  57.1  0.00   0.3   6.0   13:30   ESE
29  73.1  84.1   13:44  64.6   05:52   0.0  54.8  0.00   0.4   7.0   13:04   ESE
30  73.6  85.5   13:56  65.6   01:10   0.0  55.3  0.00   0.5   7.0   17:20    SE
31  72.2  83.9   14:57  61.7   22:53   0.0  53.9  0.00   0.4   7.0   15:00    SE
----------------------------------------------------------------------------------
    76.0  96.3     1    61.5    17     0.01789.0  0.00   0.4   8.0     8      SE

Max >=  27.0: 31
Max <=   0.0:  0
Min <=   0.0:  0
Min <= -18.0:  0
Max Rain: 0.00 on day 0
Days of Rain: 0 (>= 0.20 in)  0 (>= 2.00 in)  0 (>= 20.00 in)
Heat Base: 18.3  Cool Base: 18.3  Method: Integration

spacer wunderground wow PWS SWWN Image Map