NOAA-Style Climate Reports


Report for 2013 August
                   Monthly Climatological Summary for Aug 2013

Name: BLS Arnold,Ca   City: Arnold   State: Ca
Elevation: 4450 ft  Lat: N 38° 15' 03"   Lon: W 120° 21' 18"

                  Temperature (°F), Rain (in), Wind Speed (mph)

                                      Heat  Cool        Avg
    Mean                              Deg   Deg         Wind                 Dom
Day Temp  High   Time   Low    Time   Days  Days  Rain  Speed High   Time    Dir
----------------------------------------------------------------------------------
 1  67.8  79.3   14:27  59.4   03:08   0.0  49.5  0.00   0.5   7.0   10:04    SE
 2  69.2  82.7   14:06  59.7   06:22   0.0  50.9  0.00   0.5   6.0   14:48   SSE
 3  70.3  83.3   14:45  61.8   04:22   0.0  52.0  0.00   0.4   8.0   13:31    SE
 4  71.5  85.3   13:39  63.3   06:41   0.0  53.3  0.00   0.3   7.0   12:16    SE
 5  72.1  85.0   14:10  63.9   06:15   0.0  53.8  0.00   0.4   6.0   13:32   SSE
 6  71.2  84.0   13:31  63.4   21:14   0.0  52.9  0.00   0.4   7.0   12:30   SSE
 7  66.9  76.6   10:01  58.6   21:24   0.0  48.6  0.00   0.5   8.0   13:38    SE
 8  64.1  74.9   13:17  55.8   05:33   0.0  45.8  0.00   0.4   7.0   11:23    SE
 9  64.4  76.6   13:47  55.9   06:18   0.0  46.1  0.00   0.5   8.0   12:24   ESE
10  65.6  78.5   13:59  57.1   05:32   0.0  47.3  0.00   0.4   7.0   13:19   SSE
11  67.4  80.3   14:07  58.9   03:38   0.0  49.1  0.00   0.4   8.0   14:47    SE
12  69.4  82.0   13:24  60.7   06:45   0.0  51.1  0.00   0.4   7.0   12:16    SE
13  72.4  86.0   14:04  62.8   05:59   0.0  54.1  0.00   0.4   6.0   11:12   ESE
14  74.0  87.9   13:48  65.4   05:26   0.0  55.7  0.00   0.5   6.0   11:26    SE
15  74.9  88.8   14:08  66.2   06:16   0.0  56.6  0.00   0.4   8.0   12:49   ESE
16  75.1  89.2   14:08  66.4   05:28   0.0  56.5  0.00   0.4   7.0   13:40    SE
17  75.8  89.2   14:07  68.0   05:56   0.0  57.5  0.00   0.6  10.0   12:12    SE
18  78.1  88.4   09:56  68.8   00:24   0.0  59.8  0.00   0.5   6.0   12:08   SSW
19  80.6  92.1   14:40  71.5   05:42   0.0  62.3  0.00   0.7   8.0   13:48    SE
20  78.5  90.2   14:24  70.7   04:53   0.0  60.2  0.00   0.5  10.0   15:44    SE
21  75.6  83.9   13:51  68.4   20:41   0.0  57.3  0.00   0.4   6.0   12:08   WNW
22  72.1  82.4   14:02  64.1   23:03   0.0  53.8  0.00   0.4   7.0   12:08   ESE
23  69.4  81.9   14:13  62.1   05:06   0.0  51.1  0.00   0.3   6.0   13:15   ESE
24  66.9  80.1   13:54  59.3   21:14   0.0  48.6  0.00   0.3   7.0   15:00   ESE
25  67.0  77.7   13:54  59.9   02:38   0.0  48.7  0.00   0.4   7.0   12:25   ESE
26  67.7  79.9   13:37  59.4   04:34   0.0  49.4  0.00   0.4   9.0   11:17   ESE
27  69.9  81.0   14:30  63.5   05:40   0.0  51.6  0.00   0.3   5.0   11:09   SSE
28  70.7  81.0   15:00  64.1   07:05   0.0  52.4  0.00   0.3   6.0   13:56    SE
29  71.8  85.1   14:05  63.7   06:50   0.0  53.5  0.00   0.4   6.0   10:13    SE
30  74.5  88.4   13:41  65.9   06:57   0.0  56.2  0.00   0.6   7.0   13:51   WSW
31  75.5  87.0   13:52  68.5   21:41   0.0  57.3  0.00   0.3   6.0   10:19    SE
----------------------------------------------------------------------------------
    71.3  92.1    19    55.8     8     0.01643.0  0.00   0.4  10.0    17      SE

Max >=  27.0: 31
Max <=   0.0:  0
Min <=   0.0:  0
Min <= -18.0:  0
Max Rain: 0.00 on day 0
Days of Rain: 0 (>= 0.20 in)  0 (>= 2.00 in)  0 (>= 20.00 in)
Heat Base: 18.3  Cool Base: 18.3  Method: Integration

spacer wunderground wow PWS SWWN Image Map