NOAA-Style Climate Reports


Report for 2013 September
                   Monthly Climatological Summary for Sep 2013

Name: BLS Arnold,Ca   City: Arnold   State: Ca
Elevation: 4450 ft  Lat: N 38° 15' 03"   Lon: W 120° 21' 18"

                  Temperature (°F), Rain (in), Wind Speed (mph)

                                      Heat  Cool        Avg
    Mean                              Deg   Deg         Wind                 Dom
Day Temp  High   Time   Low    Time   Days  Days  Rain  Speed High   Time    Dir
----------------------------------------------------------------------------------
 1  71.7  82.1   13:18  65.7   22:58   0.0  53.4  0.00   0.2   7.0   13:20   ESE
 2  69.3  77.4   14:17  63.4   21:07   0.0  51.0  0.00   0.2   8.0   17:13   ESE
 3  69.9  79.8   14:00  62.6   05:59   0.0  51.6  0.00   0.4   7.0   14:10   ESE
 4  70.9  82.0   13:58  64.5   06:56   0.0  52.6  0.00   0.3   8.0   14:26   ESE
 5  68.6  78.8   14:10  61.6   06:17   0.0  50.3  0.00   0.4   8.0   13:12   ESE
 6  70.8  83.0   14:27  62.2   06:27   0.0  52.6  0.00   0.3   9.0   13:13    SE
 7  72.8  85.4   13:48  64.8   05:55   0.0  54.5  0.00   0.4   6.0   13:07   ESE
 8  74.9  89.0   14:02  66.9   06:52   0.0  56.6  0.00   0.4   5.0   11:46    SE
 9  75.9  88.4   13:57  67.7   05:32   0.0  57.7  0.00   0.9   7.0   13:11     W
10  75.4  86.4   09:34  66.8   06:01   0.0  57.1  0.00   0.4   9.0   02:02    SE
11  70.5  81.6   13:23  62.5   23:59   0.0  52.2  0.00   0.2   6.0   11:14   SSE
12  69.4  80.9   14:20  62.2   00:51   0.0  51.1  0.00   0.3   8.0   14:01   SSE
13  71.7  82.5   13:54  63.2   05:48   0.0  53.4  0.00   0.4   7.0   13:04    SE
14  73.3  84.6   13:14  65.1   06:43   0.0  55.0  0.00   0.4   5.0   13:48   WSW
15  71.1  81.7   13:45  64.7   21:50   0.0  52.8  0.00   0.3   9.0   12:37   ESE
16  69.2  81.8   14:04  60.8   21:49   0.0  50.9  0.00   0.3   6.0   09:39   ESE
17  61.1  70.9   13:05  52.4   20:45   0.0  42.8  0.00   0.4   9.0   13:09     E
18  61.6  76.1   13:54  53.3   02:23   0.0  43.3  0.00   0.4   6.0   12:23   SSE
19  67.9  79.7   13:35  56.8   05:09   0.0  49.6  0.00   0.3   6.0   11:28   ENE
20  65.1  77.8   09:13  53.1   21:45   0.0  46.8  0.00   0.2   6.0   11:05    SE
21  48.5  54.9   00:00  39.5   20:59   0.0  30.3  1.00   0.2   6.0   16:52    SW
22  48.5  60.9   14:20  38.8   02:51   0.0  30.2  0.00   0.6   6.0   14:35   WSW
23  58.6  70.1   14:15  47.7   00:36   0.0  40.3  0.00   0.3   6.0   13:21    SE
24  57.8  68.8   14:02  45.9   23:30   0.0  39.5  0.00   0.2   7.0   13:25   ESE
25  46.4  57.5   13:56  39.3   23:59   0.0  28.1  0.00   0.4  10.0   14:25    SE
26  48.2  58.7   13:01  39.3   00:00   0.0  29.9  0.00   1.1  11.0   11:57    SE
27  51.8  63.5   13:24  42.2   07:04   0.0  33.5  0.00   0.5   8.0   01:18   SSE
28  58.0  70.1   13:29  49.7   03:00   0.0  39.7  0.00   0.3   7.0   10:47    SE
29  59.5  69.8   14:26  53.6   05:54   0.0  41.2  0.00   0.2   8.0   13:16   ESE
30  57.1  64.7   14:53  50.4   06:57   0.0  38.8  0.00   0.2   5.0   14:26   ENE
----------------------------------------------------------------------------------
    64.5  89.0     8    38.8    22     0.01386.8  1.00   0.4  11.0    26      SE

Max >=  27.0: 30
Max <=   0.0:  0
Min <=   0.0:  0
Min <= -18.0:  0
Max Rain: 1.00 on day 21
Days of Rain: 1 (>= 0.20 in)  0 (>= 2.00 in)  0 (>= 20.00 in)
Heat Base: 18.3  Cool Base: 18.3  Method: Integration

spacer wunderground wow PWS SWWN Image Map