NOAA-Style Climate Reports


Report for 2013 October
                   Monthly Climatological Summary for Oct 2013

Name: BLS Arnold,Ca   City: Arnold   State: Ca
Elevation: 4450 ft  Lat: N 38° 15' 03"   Lon: W 120° 21' 18"

                  Temperature (°F), Rain (in), Wind Speed (mph)

                                      Heat  Cool        Avg
    Mean                              Deg   Deg         Wind                 Dom
Day Temp  High   Time   Low    Time   Days  Days  Rain  Speed High   Time    Dir
----------------------------------------------------------------------------------
 1  58.5  68.8   12:59  53.5   04:57   0.0  40.2  0.00   0.3   5.0   11:45   ESE
 2  56.7  66.2   14:01  50.3   22:02   0.0  38.4  0.00   0.4   8.0   13:08     W
 3  53.4  62.6   13:07  46.8   06:07   0.0  35.1  0.00   1.1  13.0   21:40    SE
 4  56.1  67.3   13:04  49.0   07:13   0.0  37.8  0.00   1.5  23.0   08:47    SE
 5  58.7  70.7   13:01  51.2   05:39   0.0  40.4  0.00   0.3   6.0   11:36    SW
 6  62.7  74.4   13:04  55.7   07:16   0.0  44.4  0.00   0.5   5.0   12:18     W
 7  61.6  73.5   12:57  55.9   23:04   0.0  43.3  0.00   0.6   6.0   12:20     W
 8  57.0  68.5   13:03  48.6   23:42   0.0  38.7  0.00   0.3   5.0   11:56     W
 9  46.8  53.4   12:22  39.4   22:19   0.0  28.5  0.02   0.2   8.0   07:03    SE
10  45.9  55.5   13:07  37.3   07:29   0.0  27.6  0.00   0.4   6.0   12:25    NW
11  51.1  61.9   12:51  44.2   04:24   0.0  32.9  0.00   0.3   5.0   11:30   WSW
12  52.0  62.4   13:02  46.3   21:31   0.0  33.7  0.00   0.3   6.0   13:23   ESE
13  49.8  58.2   14:32  44.8   07:34   0.0  31.5  0.00   0.3   8.0   16:07    SE
14  53.1  65.0   13:05  45.8   07:34   0.0  34.8  0.00   0.4   5.0   12:01    SW
15  55.2  66.3   13:00  48.6   06:41   0.0  36.9  0.00   0.3   6.0   13:07    SE
16  56.8  67.3   13:02  51.2   02:11   0.0  38.3  0.00   0.4   6.0   10:35   ESE
17  57.4  68.8   13:12  50.7   05:50   0.0  39.1  0.00   0.4   6.0   14:01   SSW
18  60.0  71.1   12:59  51.8   07:47   0.0  41.7  0.00   0.2   5.0   06:32     E
19  61.7  72.9   13:16  56.3   07:24   0.0  43.4  0.00   0.3   5.0   12:07   WNW
20  61.4  71.8   12:59  56.0   05:03   0.0  43.1  0.00   0.4   5.0   11:52     W
21  63.5  73.9   12:52  56.2   07:17   0.0  45.2  0.00   0.3   6.0   13:09   WNW
22  64.0  76.2   12:57  58.5   06:45   0.0  45.8  0.00   0.3   6.0   11:51     W
23  63.2  75.4   12:57  57.9   23:57   0.0  44.9  0.00   0.4   6.0   13:51    SW
24  61.3  72.7   12:59  56.2   03:38   0.0  43.0  0.00   0.4   7.0   13:29   SSE
25  60.4  71.3   12:52  54.3   04:52   0.0  42.1  0.00   0.3   6.0   13:34   SSW
26  62.3  73.5   13:00  54.4   04:03   0.0  44.0  0.00   0.3   6.0   14:42   NNW
27  55.8  66.7   13:06  39.1   23:49   0.0  37.5  0.01   0.3   6.0   12:42   SSE
28  37.4  41.3   13:49  34.0   07:07   0.0  19.1  0.33   0.0   4.0   01:09     E
29  39.5  45.1   14:08  36.5   23:53   0.0  21.2  0.01   0.2   7.0   11:43   WNW
30  41.9  51.2   13:07  35.1   01:38   0.0  23.6  0.00   0.4   6.0   12:41   WNW
31  48.7  58.8   13:12  41.1   04:23   0.0  30.4  0.00   0.3   5.0   11:34   WNW
----------------------------------------------------------------------------------
    55.3  76.2    22    34.0    28     0.01146.6  0.37   0.4  23.0     4     SSW

Max >=  27.0: 31
Max <=   0.0:  0
Min <=   0.0:  0
Min <= -18.0:  0
Max Rain: 0.33 on day 28
Days of Rain: 1 (>= 0.20 in)  0 (>= 2.00 in)  0 (>= 20.00 in)
Heat Base: 18.3  Cool Base: 18.3  Method: Integration

spacer wunderground wow PWS SWWN Image Map