NOAA-Style Climate Reports


Report for 2013 November
                   Monthly Climatological Summary for Nov 2013

Name: BLS Arnold,Ca   City: Arnold   State: Ca
Elevation: 4450 ft  Lat: N 38° 15' 03"   Lon: W 120° 21' 18"

                  Temperature (°F), Rain (in), Wind Speed (mph)

                                      Heat  Cool        Avg
    Mean                              Deg   Deg         Wind                 Dom
Day Temp  High   Time   Low    Time   Days  Days  Rain  Speed High   Time    Dir
----------------------------------------------------------------------------------
 1  55.9  67.3   12:57  49.5   05:07   0.0  37.6  0.00   0.5   6.0   09:01   WNW
 2  54.8  63.8   13:07  47.2   23:37   0.0  36.6  0.00   0.4   5.0   12:01   WNW
 3  47.8  57.3   12:12  40.2   20:02   0.0  30.7  0.00   0.3   5.0   11:33   WNW
 4  44.7  53.8   12:03  37.5   06:00   0.0  26.4  0.00   0.5   7.0   12:45   SSE
 5  47.2  56.0   11:41  41.8   00:00   0.0  28.9  0.00   0.3   6.0   11:53     W
 6  52.0  59.2   13:58  43.4   00:53   0.0  33.7  0.00   0.2   5.0   12:25   WNW
 7  56.3  65.6   12:03  51.7   23:02   0.0  38.0  0.00   0.2   6.0   12:06   WNW
 8  55.5  64.9   12:00  51.4   04:09   0.0  37.2  0.00   0.3   4.0   12:01   WNW
 9  55.8  65.0   12:14  51.0   01:14   0.0  37.5  0.00   0.1   5.0   12:37   NNW
10  57.3  65.4   11:35  51.8   03:29   0.0  39.0  0.00   0.1   7.0   10:31     E
11  58.7  67.4   12:01  53.4   06:54   0.0  40.4  0.00   0.2   5.0   11:41   WNW
12  59.5  65.1   14:13  55.2   06:24   0.0  41.2  0.00   0.3   3.0   00:31   WNW
13  58.7  67.5   12:12  53.4   23:54   0.0  40.4  0.00   0.5   5.0   12:19   WNW
14  54.1  61.3   13:45  47.0   23:59   0.0  35.8  0.00   0.2   2.0   00:01   WNW
15  46.5  56.1   11:53  41.3   23:14   0.0  28.2  0.00   0.2   6.0   12:10    NW
16  43.3  50.3   12:10  39.6   04:44   0.0  25.0  0.00   0.1   7.0   10:57     E
17  44.9  52.8   12:13  39.3   07:02   0.0  26.6  0.00   0.0   5.0   13:44   ESE
18  45.5  52.9   12:52  40.9   20:52   0.0  27.2  0.00   0.1   6.0   11:51     E
19  45.8  52.3   12:35  42.2   04:24   0.0  27.5  0.24   0.1   4.0   03:53     E
20  42.0  46.2   13:55  37.9   18:59   0.0  23.7  1.33   0.1   4.0   17:28   WNW
21  39.7  44.7   13:33  35.2   06:43   0.0  21.4  0.00   4.0  30.0   20:29   ESE
22  41.8  47.7   09:55  37.4   04:47   0.0  11.9  0.00   4.8  25.0   08:19   ESE
27  43.8  48.3   20:43  40.2   07:24   0.0  12.1  0.00   0.1   9.0   00:24     S
28  47.7  54.9   11:44  44.0   23:29   0.0  29.4  0.00   0.3   5.0   12:15   WNW
29  47.2  54.6   11:39  43.2   06:21   0.0  28.7  0.00   0.4   4.0   11:36   WNW
30  47.6  54.8   11:28  43.7   05:52   0.0  29.3  0.00   0.5   4.0   11:28   WNW
----------------------------------------------------------------------------------
    49.8  67.5    13    35.2    21     0.0 794.4  1.57   0.4  30.0    21     ESE

Max >=  27.0: 26
Max <=   0.0:  0
Min <=   0.0:  0
Min <= -18.0:  0
Max Rain: 1.33 on day 20
Days of Rain: 2 (>= 0.20 in)  0 (>= 2.00 in)  0 (>= 20.00 in)
Heat Base: 18.3  Cool Base: 18.3  Method: Integration

spacer wunderground wow PWS SWWN Image Map