NOAA-Style Climate Reports


Report for 2013 December
                   Monthly Climatological Summary for Dec 2013

Name: BLS Arnold,Ca   City: Arnold   State: Ca
Elevation: 4450 ft  Lat: N 38° 15' 03"   Lon: W 120° 21' 18"

                  Temperature (°F), Rain (in), Wind Speed (mph)

                                      Heat  Cool        Avg
    Mean                              Deg   Deg         Wind                 Dom
Day Temp  High   Time   Low    Time   Days  Days  Rain  Speed High   Time    Dir
----------------------------------------------------------------------------------
 1  49.8  56.8   11:33  44.2   02:38   0.0  31.5  0.00   0.5   6.0   14:18   WNW
 2  51.9  59.3   11:31  42.3   21:20   0.0  33.6  0.00   0.5   4.0   03:14   WNW
 3  34.5  45.5   01:03  23.8   23:47   0.0  16.2  0.20   0.1   6.0   20:16   ESE
 4  26.8  33.3   11:32  22.4   03:43   0.0   8.5  0.00   0.2   6.0   07:32     W
 5  27.1  33.5   11:52  23.6   07:07   0.0   8.8  0.00   0.0   5.0   11:06   ESE
 6  26.6  34.1   12:39  22.0   07:13   0.0   8.3  0.00   0.3   7.0   12:20   ESE
 7  23.6  27.1   12:58  17.5   23:58   0.0   5.3  0.00   0.0   3.0   00:00    SE
 8  21.9  28.1   11:27  16.4   05:00   0.3   3.9  0.00   0.0   0.0   00:00     E
 9  28.7  35.4   12:24  22.0   00:01   0.0  10.4  0.00   0.0   0.0   00:00     E
10  39.0  44.3   11:31  33.5   00:05   0.0  20.7  0.35   0.2   3.0   19:28   WNW
11  43.7  50.7   11:44  38.9   03:47   0.0  25.4  0.17   0.3   4.0   12:17   WNW
12  45.3  53.0   11:35  39.3   22:58   0.0  27.0  0.01   0.7   3.0   00:57   WNW
13  43.8  48.9   11:35  39.1   03:57   0.0  25.5  0.00   0.6   7.0   18:56   WNW
14  47.1  54.5   13:20  37.6   02:05   0.0  28.8  0.00   0.5   3.0   13:13   WNW
15  53.4  59.7   11:53  48.7   00:00   0.0  35.1  0.00   0.6   4.0   21:22   WNW
16  60.3  68.7   12:43  54.0   00:00   0.0  42.0  0.00   0.4   3.0   00:13   WNW
17  59.0  64.7   11:51  55.7   22:08   0.0  40.7  0.00   0.1   3.0   00:17   WNW
18  53.2  60.3   06:09  40.8   22:10   0.0  34.9  0.00   0.2   6.0   04:46   WNW
19  38.2  43.8   12:24  33.5   23:40   0.0  19.9  0.03   0.6  12.0   13:31    SE
20  38.5  45.3   22:23  30.7   07:32   0.0  20.2  0.00   0.4   5.0   13:16   WNW
21  45.2  51.3   11:32  39.6   06:20   0.0  26.9  0.00   0.9   8.0   12:58   WNW
22  46.6  52.8   11:52  39.6   05:00   0.0  28.3  0.00   0.6   5.0   00:15   WNW
23  49.0  56.0   11:45  44.1   00:39   0.0  30.7  0.00   0.5   3.0   03:19   WNW
24  53.6  60.7   11:45  47.4   01:10   0.0  35.3  0.00   1.0   7.0   22:44   WNW
25  54.0  60.5   13:13  50.1   23:59   0.0  35.7  0.00   0.3   5.0   02:39   WNW
26  55.2  62.2   12:04  50.0   05:01   0.0  36.9  0.00   0.6   3.0   02:30   WNW
27  55.6  63.2   12:54  49.3   23:53   0.0  37.3  0.00   0.4   3.0   03:52   WNW
28  50.9  59.7   14:02  45.4   06:37   0.0  32.6  0.00   0.8   9.0   21:20    SW
29  51.1  57.5   11:41  46.8   00:19   0.0  32.8  0.00   0.3   5.0   01:34   WNW
30  51.1  57.5   12:37  47.4   04:36   0.0  32.8  0.00   0.0   3.0   10:27   WNW
31  50.5  56.8   12:18  47.4   03:17   0.0  32.2  0.00   0.3   3.0   07:14   WNW
----------------------------------------------------------------------------------
    44.4  68.7    16    16.4     8     0.3 808.2  0.76   0.4  12.0    19     WNW

Max >=  27.0: 31
Max <=   0.0:  0
Min <=   0.0:  0
Min <= -18.0:  0
Max Rain: 0.35 on day 10
Days of Rain: 2 (>= 0.20 in)  0 (>= 2.00 in)  0 (>= 20.00 in)
Heat Base: 18.3  Cool Base: 18.3  Method: Integration

spacer wunderground wow PWS SWWN Image Map