NOAA-Style Climate Reports


Report for 2014
                   Annual Climatological Summary for 2014

Name: BLS Arnold,Ca   City: Arnold   State: Ca
Elevation: 4450 ft  Lat: N 38° 15' 03"   Lon: W 120° 21' 18"

                  Temperature (°F), Heat Base: 18.3  Cool Base: 18.3
                          Dep.  Heat  Cool                       Max  Max  Min  Min
        Mean  Mean        From  Deg   Deg                        >=   <=   <=   <=
 YR MO  Max   Min   Mean  Norm  Days  Days  Hi  Date  Low  Date 27.0  0.0  0.0 -18.0
------------------------------------------------------------------------------------
 14  1  57.5  45.0  50.1   0.0     0   985  69.5  14  29.0   31   31    0    0    0
 14  2  50.9  38.8  43.9   0.0     0   712  64.2  14  28.3    1   28    0    0    0
 14  3  55.2  39.6  47.2   0.0    27   562  68.7  16   0.0   28   23    0    1    0
 14  4  62.7  43.2  52.2   0.0     0  1009  76.8  30   0.0   26   30    0    1    0
 14  5  70.0  49.9  58.9   0.0     0  1258  83.9  14  34.1    6   31    0    0    0
 14  6  81.7  58.8  68.5   0.0     0  1505  94.1  30  47.5   17   30    0    0    0
 14  7  88.5  65.5  76.1   0.0     0  1758  94.9  14   0.0    6   31    0    1    0
 14  8  81.6  52.0  69.6   0.0    50  1440  95.6   1   0.0    4   32    1    6    0
 14  9  84.4  63.4  72.2   0.0    49  1552  90.5  12  55.1   20   30    0    0    0
 14 10  70.9  51.4  60.3   0.0     0  1281  84.6   6   0.0    1   31    0    1    0
 14 11  56.1  42.0  49.2   0.0     0   904  71.8   8   0.0   21   30    0    1    0
 14 12  46.9  36.7  41.5   0.0     0   717  61.2  23  22.4   31   31    0    0    0
------------------------------------------------------------------------------------
        67.2  48.9  57.5   0.0   128 13687  95.6 Aug   0.0  Mar  358    1   11    0

                                Precipitation (in)

              Dep.   Max        Days of Rain
              From   Obs.           >=
 YR MO Total  Norm   Day Date 0.20 2.0020.00
---------------------------------------------
 14  1  1.70   0.0  1.14  30     2    0    0
 14  2 13.74   0.0  4.42   9     9    2    0
 14  3  3.88   0.0  0.87  29     6    0    0
 14  4  2.68   0.0  1.04   2     3    0    0
 14  5  1.28   0.0  0.68   6     2    0    0
 14  6  0.00   0.0  0.00   0     0    0    0
 14  7  0.21   0.0  0.21  20     1    0    0
 14  8  0.01   0.0  0.01  29     0    0    0
 14  9  2.42   0.0  0.76  28     5    0    0
 14 10  0.87   0.0  0.55  31     2    0    0
 14 11  4.93   0.0  1.28  22     5    0    0
 14 12  9.74   0.0  1.74   3    12    0    0
---------------------------------------------
       41.46   0.0  4.42  Feb   47    2    0

                                Wind Speed (mph)
                          Dom
 YR MO   Avg.  Hi   Date  Dir
------------------------------
 14  1   0.4  18.0    4   WNW
 14  2   0.2  14.0   28   ESE
 14  3   0.7  23.0   11   ESE
 14  4   0.5  16.0   29   SSE
 14  5   0.6  14.0   13    SE
 14  6   0.5   9.0    2    SE
 14  7   0.5  10.0    1    SE
 14  8   0.4   9.0   17    SE
 14  9   0.4   9.0    2    SE
 14 10   0.4  12.0   12   WSW
 14 11   0.3  12.0   29   WNW
 14 12   0.6  26.0   30    SE
------------------------------
         0.4  26.0  Dec    SE

spacer wunderground wow PWS SWWN Image Map