NOAA-Style Climate Reports


Report for 2014 January
                   Monthly Climatological Summary for Jan 2014

Name: BLS Arnold,Ca   City: Arnold   State: Ca
Elevation: 4450 ft  Lat: N 38° 15' 03"   Lon: W 120° 21' 18"

                  Temperature (°F), Rain (in), Wind Speed (mph)

                                      Heat  Cool        Avg
    Mean                              Deg   Deg         Wind                 Dom
Day Temp  High   Time   Low    Time   Days  Days  Rain  Speed High   Time    Dir
----------------------------------------------------------------------------------
 1  52.5  60.1   11:51  47.9   02:57   0.0  34.2  0.00   0.2   3.0   04:07   WNW
 2  53.3  60.6   11:47  49.8   00:18   0.0  35.0  0.00   0.2   2.0   02:23   WNW
 3  52.1  59.7   11:53  48.5   06:43   0.0  33.8  0.00   0.5   3.0   13:35   WNW
 4  52.6  58.4   15:26  46.3   23:46   0.0  34.3  0.00   0.9  18.0   18:48   ESE
 5  50.1  57.9   11:58  46.5   06:50   0.0  31.8  0.00   0.1   4.0   14:04    NW
 6  49.8  54.8   14:14  46.1   04:49   0.0  31.5  0.00   0.1   4.0   01:42   WNW
 7  47.4  52.4   12:40  43.2   19:18   0.0  29.1  0.00   0.2   5.0   13:51   WNW
 8  43.4  50.3   11:18  37.3   22:11   0.0  25.1  0.00   0.2   4.0   08:38   WNW
 9  41.6  47.7   12:41  38.0   08:05   0.0  23.3  0.00   0.1   5.0   14:56   WNW
10  45.9  53.4   13:39  38.5   07:13   0.0  27.6  0.00   0.2   7.0   12:33   WNW
11  44.8  49.4   11:12  35.7   23:39   0.0  26.5  0.12   0.2   3.0   10:51   WNW
12  41.0  47.3   13:18  33.7   05:26   0.0  22.7  0.00   0.9   9.0   19:01     W
13  51.3  58.8   10:45  42.3   05:03   0.0  33.0  0.00   0.8   9.0   23:34   WNW
14  58.6  69.5   12:03  52.7   02:11   0.0  40.3  0.00   0.8   9.0   00:41     W
15  58.9  65.1   11:55  54.5   06:32   0.0  40.6  0.00   0.5   8.0   20:12     W
16  58.2  68.0   11:59  54.1   23:11   0.0  39.9  0.00   0.4   8.0   07:50     W
17  56.4  64.9   11:55  52.7   23:44   0.0  38.1  0.00   0.2   4.0   12:59   WNW
18  54.8  61.7   12:07  51.0   07:23   0.0  36.5  0.00   0.3   4.0   13:17   WNW
19  54.4  63.2   11:58  50.4   23:57   0.0  36.1  0.00   0.2   6.0   12:32   WNW
20  53.3  61.9   12:02  49.1   03:18   0.0  35.0  0.00   0.2   4.0   12:07   WNW
21  53.7  62.3   12:02  49.6   02:52   0.0  35.4  0.00   0.3   4.0   13:08   WNW
22  52.1  61.4   12:00  47.0   04:16   0.0  33.4  0.00   0.3   4.0   11:43   WNW
23  50.0  56.0   11:41  44.6   04:17   0.0  31.7  0.00   1.3  15.0   18:51   ESE
24  52.7  60.7   12:38  47.0   05:48   0.0  34.4  0.00   0.6   9.0   01:38   ESE
25  51.3  59.9   12:30  46.5   04:13   0.0  33.0  0.00   0.2   4.0   11:49   WNW
26  49.6  56.8   12:31  45.7   23:47   0.0  31.3  0.00   0.2   4.0   14:50   WNW
27  48.9  58.9   12:17  43.7   06:06   0.0  30.6  0.00   0.3   5.0   12:17   WNW
28  51.2  57.6   12:29  45.8   00:10   0.0  32.9  0.00   0.2   4.0   11:27   WNW
29  49.4  55.2   10:09  47.1   23:46   0.0  31.1  0.29   0.1   2.0   00:11   WNW
30  40.5  47.1   00:00  32.1   23:16   0.0  22.1  1.14   0.2   7.0   09:52    SE
31  33.5  40.0   14:58  29.0   19:06   0.0  15.2  0.15   0.1   7.0   17:02    SE
----------------------------------------------------------------------------------
    50.1  69.5    14    29.0    31     0.0 985.5  1.70   0.4  18.0     4       W

Max >=  27.0: 31
Max <=   0.0:  0
Min <=   0.0:  0
Min <= -18.0:  0
Max Rain: 1.14 on day 30
Days of Rain: 2 (>= 0.20 in)  0 (>= 2.00 in)  0 (>= 20.00 in)
Heat Base: 18.3  Cool Base: 18.3  Method: Integration

spacer wunderground wow PWS SWWN Image Map