NOAA-Style Climate Reports


Report for 2014 February
                   Monthly Climatological Summary for Feb 2014

Name: BLS Arnold,Ca   City: Arnold   State: Ca
Elevation: 4450 ft  Lat: N 38° 15' 03"   Lon: W 120° 21' 18"

                  Temperature (°F), Rain (in), Wind Speed (mph)

                                      Heat  Cool        Avg
    Mean                              Deg   Deg         Wind                 Dom
Day Temp  High   Time   Low    Time   Days  Days  Rain  Speed High   Time    Dir
----------------------------------------------------------------------------------
 1  33.4  42.7   12:46  28.3   06:51   0.0  15.2  0.01   0.2   6.0   00:33     W
 2  33.3  37.5   11:40  30.0   03:23   0.0  15.0  0.00   0.4  12.0   11:48   ESE
 3  32.9  40.1   13:31  28.3   04:44   0.0  14.6  0.00   0.2   4.0   12:54   WNW
 4  33.7  40.9   12:25  29.3   06:40   0.0  15.4  0.00   0.3   4.0   11:45   WNW
 5  35.5  45.3   12:30  29.6   06:44   0.0  17.2  0.00   0.2   5.0   12:02    NW
 6  34.4  38.6   13:51  29.5   04:12   0.0  16.1  0.36   0.0   4.0   13:45     E
 7  35.6  37.3   09:26  32.2   16:00   0.0  14.4  1.01   0.2   6.0   13:10   ESE
 8  41.2  43.8   21:06  37.0   00:00   0.0  21.1  4.14   0.1   5.0   19:18   SSE
 9  43.5  44.8   11:18  42.9   00:18   0.0  25.2  4.42  ----   7.0   22:10    SE
10  44.0  49.4   13:51  40.7   22:46   0.0  25.7  0.22  ----   4.0   12:42   WNW
11  46.2  55.8   12:37  39.9   07:02   0.0  27.9  0.00  ----   5.0   14:31   WNW
12  50.5  60.0   12:25  42.8   02:35   0.0  32.2  0.00  ----   4.0   01:50   WNW
13  53.5  61.0   12:02  48.4   04:55   0.0  35.2  0.00  ----   5.0   12:49   WNW
14  54.2  64.2   12:37  49.3   04:53   0.0  36.0  0.00  ----   4.0   10:42     E
15  51.8  56.6   11:18  42.4   23:54   0.0  33.5  0.01  ----   7.0   17:05     W
16  45.5  53.6   13:51  39.1   07:13   0.0  27.2  0.39  ----   6.0   00:53   WNW
17  46.1  53.3   12:36  41.2   06:59   0.0  27.8  0.00  ----   4.0   10:37   WNW
18  47.3  54.8   13:22  42.5   03:40   0.0  29.0  0.00  ----   5.0   12:50   WNW
19  42.6  51.4   11:55  36.2   02:49   0.0  24.3  0.00  ----   6.0   12:16    SE
20  46.2  54.7   12:18  39.1   02:10   0.0  27.9  0.00  ----   5.0   13:05   WNW
21  48.0  57.8   12:33  43.1   04:44   0.0  29.7  0.00  ----   6.0   12:00   WSW
22  48.1  57.3   12:30  42.7   03:16   0.0  29.8  0.00  ----   6.0   11:50   WNW
23  49.8  60.5   12:43  43.5   01:49   0.0  31.5  0.00  ----   5.0   12:17   WNW
24  52.0  61.7   12:49  46.4   06:28   0.0  33.8  0.00  ----   5.0   13:25   WNW
25  52.7  63.2   12:32  47.2   05:31   0.0  34.4  0.00  ----   6.0   13:52   ESE
26  45.3  49.2   09:27  41.4   11:52   0.0  27.0  1.29  ----   9.0   13:49   ESE
27  40.7  43.3   14:55  37.6   05:55   0.0  22.4  0.54  ----  10.0   00:08    SE
28  40.8  46.2   02:55  35.7   19:55   0.0  22.5  1.35  ----  14.0   05:10   ESE
----------------------------------------------------------------------------------
    43.9  64.2    14    28.3     1     0.0 712.0 13.74   0.2  14.0    28       W

Max >=  27.0: 28
Max <=   0.0:  0
Min <=   0.0:  0
Min <= -18.0:  0
Max Rain: 4.42 on day 9
Days of Rain: 9 (>= 0.20 in)  2 (>= 2.00 in)  0 (>= 20.00 in)
Heat Base: 18.3  Cool Base: 18.3  Method: Integration

spacer wunderground wow PWS SWWN Image Map