NOAA-Style Climate Reports


Report for 2014 March
                   Monthly Climatological Summary for Mar 2014

Name: BLS Arnold,Ca   City: Arnold   State: Ca
Elevation: 4450 ft  Lat: N 38° 15' 03"   Lon: W 120° 21' 18"

                  Temperature (°F), Rain (in), Wind Speed (mph)

                                      Heat  Cool        Avg
    Mean                              Deg   Deg         Wind                 Dom
Day Temp  High   Time   Low    Time   Days  Days  Rain  Speed High   Time    Dir
----------------------------------------------------------------------------------
 1  40.5  48.9   14:58  33.7   06:37   0.0  22.2  0.05   0.6   8.0   02:24   ESE
 2  41.4  43.3   10:25  38.8   02:17   0.0  23.1  0.25   0.3   8.0   08:28   ESE
 3  43.2  48.6   11:24  38.3   07:30   0.0  24.9  0.69   0.0   3.0   18:53   ESE
 4  45.7  54.7   14:55  36.9   01:46   0.0  27.4  0.10   0.1   5.0   00:38   ESE
 5  49.6  56.8   13:12  44.3   02:26   0.0  31.3  0.13   0.1   6.0   23:23   ESE
 6  44.3  52.4   12:55  37.0   23:58   0.0  26.0  0.68   0.2   6.0   01:00   WSW
 7  46.8  58.5   12:30  36.9   00:00   0.0  28.5  0.00   1.3   8.0   22:40   WNW
 8  51.4  60.6   13:27  42.2   01:00   0.0  33.1  0.00   0.6   5.0   11:17   WNW
 9  53.6  62.4   13:00  49.2   22:56   0.0  33.9  0.00   0.4   6.0   15:27   WNW
10  47.4  55.4   13:26  40.8   09:31   0.0  29.1  0.00   0.3   7.0   15:38     W
11  48.1  60.3   13:31  41.7   02:44   0.0  29.8  0.00   2.6  23.0   23:21   ESE
12  48.6  57.1   14:28  42.8   08:31   0.0  30.3  0.00   3.1  20.0   01:16     E
13  50.5  63.9   13:17  42.9   01:51   0.0  32.2  0.00   0.6   8.0   14:53    SE
14  52.2  63.6   13:37  44.5   01:21   0.0  33.9  0.00   0.3   7.0   14:41   SSE
15  56.3  66.4   13:39  48.8   00:27   0.0  38.0  0.00   1.0   8.0   02:19   ESE
16  56.6  68.7   13:46  49.8   02:37   0.0  36.9  0.00   0.2   5.0   14:41   WSW
27  45.9  51.5   00:08  44.5   02:22   0.0   9.6  0.00  ----   3.0   00:17   WNW
28  42.3  43.8   19:57   0.0   19:57   0.0   4.1  0.00   0.0   1.0   21:29     E
29  40.6  46.3   09:46  31.6   22:47   0.0  12.8  0.87   0.0   3.0   09:19    SE
30  35.8  45.6   14:09  30.6   02:28   0.0  17.5  0.71   0.0   4.0   11:06   ESE
31  34.8  42.8   12:05  29.2   23:56   0.0  16.5  0.39   0.4   9.0   16:49    SE
----------------------------------------------------------------------------------
    46.5  68.7    16     0.0    28     0.0 541.1  3.87   0.7  23.0    11     ESE

Max >=  27.0: 21
Max <=   0.0:  0
Min <=   0.0:  1
Min <= -18.0:  0
Max Rain: 0.87 on day 29
Days of Rain: 6 (>= 0.20 in)  0 (>= 2.00 in)  0 (>= 20.00 in)
Heat Base: 18.3  Cool Base: 18.3  Method: Integration

spacer wunderground wow PWS SWWN Image Map