NOAA-Style Climate Reports


Report for 2014 April
                   Monthly Climatological Summary for Apr 2014

Name: BLS Arnold,Ca   City: Arnold   State: Ca
Elevation: 4450 ft  Lat: N 38° 15' 03"   Lon: W 120° 21' 18"

                  Temperature (°F), Rain (in), Wind Speed (mph)

                                      Heat  Cool        Avg
    Mean                              Deg   Deg         Wind                 Dom
Day Temp  High   Time   Low    Time   Days  Days  Rain  Speed High   Time    Dir
----------------------------------------------------------------------------------
 1  30.6  36.8   16:17  26.8   02:44   0.0  12.3  0.00   0.0   3.0   13:41    SE
 2  35.0  44.0   13:53  28.3   04:11   0.0  16.7  1.04   0.1   4.0   15:01   WNW
 3  39.2  47.2   16:20  32.4   02:00   0.0  20.9  0.10   0.1   6.0   10:56    NW
 4  39.6  47.5   13:29  32.8   23:19   0.0  21.3  0.00   0.2   7.0   12:02    SE
 5  43.4  55.5   14:53  32.5   01:29   0.0  25.1  0.00   0.6   9.0   15:14     S
 6  52.2  63.4   14:13  42.7   00:00   0.0  34.0  0.00   1.0   9.0   13:37     W
 7  60.1  71.1   13:49  51.8   07:26   0.0  41.8  0.00   0.6   7.0   14:20     N
 8  61.6  73.9   13:39  54.5   02:02   0.0  43.3  0.00   0.2   6.0   12:58   ESE
 9  60.4  71.6   13:48  53.9   22:56   0.0  42.1  0.00   0.4   8.0   12:02   ESE
10  60.6  73.3   13:34  51.9   02:53   0.0  42.3  0.00   0.3   7.0   11:29   ESE
11  60.2  70.7   09:57  54.4   02:06   0.0  41.9  0.00   0.3   5.0   11:32    NW
12  58.7  70.5   10:17  51.4   22:13   0.0  40.4  0.00   0.3   7.0   14:36    SE
13  58.3  69.6   09:51  49.8   02:51   0.0  40.0  0.00   0.6  10.0   22:14    SE
14  58.7  69.7   14:17  51.2   02:55   0.0  40.4  0.00   0.4   8.0   00:22    SE
15  59.1  70.6   13:12  52.1   02:51   0.0  40.8  0.00   0.4   7.0   11:09    SE
16  59.7  71.9   13:44  52.8   00:28   0.0  41.4  0.00   0.8   8.0   14:09    SW
17  59.9  69.2   13:04  52.6   23:21   0.0  41.6  0.00   0.4   7.0   12:42   ESE
18  58.6  69.9   13:34  51.2   21:07   0.0  40.3  0.00   0.6   6.0   12:14   WSW
19  56.8  67.8   13:24  50.5   20:37   0.0  38.5  0.00   0.6   6.0   13:36     W
20  58.6  70.1   14:05  50.4   02:49   0.0  40.3  0.00   0.8   7.0   10:58     W
21  56.4  65.8   10:29  46.7   23:17   0.0  38.1  0.00   0.3   7.0   17:15   ESE
22  42.5  50.4   15:15  34.8   23:34   0.0  24.2  0.01   0.2   6.0   12:27    SE
23  45.5  57.9   13:28  34.8   03:14   0.0  27.3  0.00   0.7  10.0   13:30   SSE
24  51.9  62.3   15:11  43.5   01:15   0.0  33.6  0.00   0.5   6.0   10:56     W
25  38.1  46.4   00:00  30.6   20:21   0.0  19.3  0.62   0.0   5.0   15:18   ESE
26  40.8  48.3   13:47   0.0   00:00   0.0  15.8  0.91   0.1   3.0   11:23   WNW
27  43.3  53.2   12:56  34.8   02:46   0.0  24.4  0.00   0.4   6.0   10:49     W
28  50.0  61.7   14:53  37.9   04:33   0.0  31.7  0.00   0.7   9.0   23:19    SE
29  61.4  72.6   10:34  51.3   03:04   0.0  43.1  0.00   1.4  16.0   21:57    SE
30  65.0  76.8   14:06  56.7   03:05   0.0  46.7  0.00   0.6   7.0   00:35    SE
----------------------------------------------------------------------------------
    52.2  76.8    30     0.0    26     0.01009.6  2.68   0.5  16.0    29       S

Max >=  27.0: 30
Max <=   0.0:  0
Min <=   0.0:  1
Min <= -18.0:  0
Max Rain: 1.04 on day 2
Days of Rain: 3 (>= 0.20 in)  0 (>= 2.00 in)  0 (>= 20.00 in)
Heat Base: 18.3  Cool Base: 18.3  Method: Integration

spacer wunderground wow PWS SWWN Image Map