NOAA-Style Climate Reports


Report for 2014 May
                   Monthly Climatological Summary for May 2014

Name: BLS Arnold,Ca   City: Arnold   State: Ca
Elevation: 4450 ft  Lat: N 38° 15' 03"   Lon: W 120° 21' 18"

                  Temperature (°F), Rain (in), Wind Speed (mph)

                                      Heat  Cool        Avg
    Mean                              Deg   Deg         Wind                 Dom
Day Temp  High   Time   Low    Time   Days  Days  Rain  Speed High   Time    Dir
----------------------------------------------------------------------------------
 1  65.9  78.9   10:43  56.7   23:57   0.0  47.6  0.00   0.6   8.0   14:41    SE
 2  64.5  77.1   13:47  54.9   03:01   0.0  46.2  0.00   0.5   6.0   12:11     W
 3  59.9  70.7   10:42  51.6   23:59   0.0  41.6  0.00   0.7   7.0   11:40   WNW
 4  54.4  64.7   13:31  44.7   22:00   0.0  36.1  0.00   0.3   6.0   11:41   ESE
 5  48.8  58.2   14:00  38.2   23:58   0.0  30.5  0.10   0.3   8.0   12:45   ESE
 6  40.9  50.7   11:25  34.1   04:32   0.0  22.6  0.68   0.3   7.0   10:54    SE
 7  48.0  59.2   14:34  38.2   01:28   0.0  29.8  0.00   0.6   6.0   14:47     W
 8  51.1  58.4   13:02  44.6   00:28   0.0  32.8  0.00   0.5   7.0   11:54    NW
 9  50.3  59.2   14:15  42.6   22:34   0.0  32.0  0.05   0.2   6.0   12:37   ESE
10  48.0  57.5   09:36  39.9   23:59   0.0  29.7  0.00   0.8  10.0   14:37    SE
11  52.4  66.5   15:08  38.9   01:48   0.0  34.1  0.00   1.7  12.0   09:19    SE
12  59.9  70.3   13:29  49.1   06:54   0.0  41.6  0.00   0.6   7.0   22:46   SSE
13  66.3  77.9   14:03  58.0   07:05   0.0  48.0  0.00   1.1  14.0   01:08     E
14  69.1  83.9   10:26  58.8   02:03   0.0  50.8  0.00   0.5   7.0   15:36    SW
15  69.9  82.4   13:38  60.9   01:57   0.0  51.6  0.00   0.5   8.0   14:13   SSE
16  68.8  81.9   14:02  60.5   21:16   0.0  50.5  0.00   0.5   5.0   09:52     E
17  63.9  75.1   14:17  53.7   21:53   0.0  45.6  0.00   0.4   8.0   14:41     E
18  55.0  65.0   14:44  46.4   23:19   0.0  36.7  0.00   0.4   8.0   13:00    SE
19  51.6  63.0   13:25  44.0   23:57   0.0  33.3  0.00   0.3   7.0   13:59   ESE
20  44.0  48.9   14:38  39.5   04:27   0.0  25.7  0.31   0.1   4.0   01:47   ESE
21  49.5  60.1   13:54  41.3   00:00   0.0  31.2  0.14   0.5   6.0   12:51     W
22  57.6  69.3   15:16  46.9   03:07   0.0  39.3  0.00   0.8   5.0   08:18     W
23  64.6  76.7   14:37  52.0   00:00   0.0  46.4  0.00   1.2   9.0   17:05     W
24  66.8  76.5   13:22  58.4   06:44   0.0  48.5  0.00   0.8   7.0   13:59     S
25  70.0  81.4   14:37  61.5   03:20   0.0  51.7  0.00   0.7   8.0   12:22    SW
26  70.2  82.8   13:58  61.7   03:19   0.0  51.9  0.00   0.6   6.0   11:18   WNW
27  67.6  80.2   14:06  58.0   23:07   0.0  49.3  0.00   0.4   6.0   10:30     N
28  60.3  72.6   10:07  51.8   21:11   0.0  42.0  0.00   0.9   8.0   12:23   WSW
29  61.5  73.3   13:22  52.1   03:24   0.0  42.7  0.00   0.5   6.0   12:04     E
30  62.1  74.0   14:11  53.3   03:26   0.0  43.8  0.00   0.4   8.0   12:58     E
31  63.1  74.7   13:27  54.8   03:25   0.0  44.8  0.00   0.5   8.0   13:55   ESE
----------------------------------------------------------------------------------
    58.9  83.9    14    34.1     6     0.01258.4  1.28   0.6  14.0    13     SSE

Max >=  27.0: 31
Max <=   0.0:  0
Min <=   0.0:  0
Min <= -18.0:  0
Max Rain: 0.68 on day 6
Days of Rain: 2 (>= 0.20 in)  0 (>= 2.00 in)  0 (>= 20.00 in)
Heat Base: 18.3  Cool Base: 18.3  Method: Integration

spacer wunderground wow PWS SWWN Image Map