NOAA-Style Climate Reports


Report for 2014 June
                   Monthly Climatological Summary for Jun 2014

Name: BLS Arnold,Ca   City: Arnold   State: Ca
Elevation: 4450 ft  Lat: N 38° 15' 03"   Lon: W 120° 21' 18"

                  Temperature (°F), Rain (in), Wind Speed (mph)

                                      Heat  Cool        Avg
    Mean                              Deg   Deg         Wind                 Dom
Day Temp  High   Time   Low    Time   Days  Days  Rain  Speed High   Time    Dir
----------------------------------------------------------------------------------
 1  65.8  78.4   14:39  55.5   03:26   0.0  47.5  0.00   0.6   7.0   13:46     N
 2  66.0  78.8   11:51  57.0   23:33   0.0  47.7  0.00   0.4   9.0   12:08   ESE
 3  64.5  76.6   13:53  55.5   03:26   0.0  46.3  0.00   0.4   7.0   11:48   ESE
 4  68.3  82.5   11:17  57.2   03:26   0.0  50.0  0.00   0.6   6.0   15:13    SW
 5  70.6  83.6   13:36  60.6   21:56   0.0  52.3  0.00   0.5   6.0   13:08     W
 6  71.5  83.7   14:23  62.5   00:05   0.0  53.2  0.00   0.4   5.0   11:43   SSE
 7  73.6  86.4   11:50  64.1   03:16   0.0  55.3  0.00   0.6   6.0   11:52     W
 8  76.7  91.6   11:27  66.1   03:12   0.0  58.4  0.00   0.9   8.0   07:30   ESE
 9  78.5  92.7   14:26  69.7   02:55   0.0  60.2  0.00   0.5   6.0   13:44   WSW
10  78.0  90.6   14:39  68.2   23:48   0.0  59.7  0.00   0.9   8.0   15:44   SSE
11  72.5  85.3   10:30  64.1   23:26   0.0  54.2  0.00   0.3   6.0   11:39   ESE
12  67.1  79.2   11:09  56.8   21:40   0.0  48.8  0.00   0.3   7.0   10:12   ESE
13  62.7  76.1   10:06  52.1   22:33   0.0  44.4  0.00   0.5   6.0   11:23   SSE
14  63.1  76.1   13:07  51.4   01:32   0.0  44.8  0.00   0.5   7.0   11:38    SE
15  62.7  75.4   13:27  53.4   04:31   0.0  44.4  0.00   0.3   8.0   11:33   ESE
16  57.8  69.4   11:30  49.3   23:59   0.0  39.5  0.00   0.4   8.0   14:33   ESE
17  57.4  69.8   14:34  47.5   03:23   0.0  39.1  0.00   0.4   7.0   12:56   ESE
18  63.4  76.8   14:50  52.4   00:00   0.0  45.2  0.00   0.7   7.0   14:58    SE
19  68.1  83.1   13:51  57.3   03:23   0.0  49.8  0.00   0.5   7.0   11:22     E
20  70.9  84.0   13:30  62.3   06:49   0.0  52.6  0.00   0.5   6.0   10:36     W
21  70.1  84.2   10:50  61.5   23:11   0.0  51.8  0.00   0.3   6.0   12:44   ESE
22  69.4  82.7   13:39  60.1   03:21   0.0  51.1  0.00   0.4   6.0   10:36   ESE
23  71.0  84.6   13:45  61.4   06:44   0.0  52.7  0.00   0.4   7.0   13:04    SE
24  70.0  83.1   14:16  61.3   22:03   0.0  51.7  0.00   0.3   6.0   12:09   ESE
25  67.1  80.9   14:07  55.3   23:16   0.0  48.8  0.00   0.4   8.0   14:10    SE
26  58.4  69.4   15:08  53.0   04:22   0.0  40.1  0.00   0.2   7.0   15:27   ESE
27  65.0  78.3   13:36  55.1   03:26   0.0  46.7  0.00   0.5   7.0   12:04    SE
28  69.0  82.9   14:38  58.0   03:24   0.0  50.7  0.00   0.5   7.0   11:27   ESE
29  75.3  90.0   14:39  63.7   03:21   0.0  57.0  0.00   0.5   6.0   13:26    SE
30  79.9  94.1   14:27  70.3   06:51   0.0  61.6  0.00   0.5   5.0   13:16   SSW
----------------------------------------------------------------------------------
    68.5  94.1    30    47.5    17     0.01505.6  0.00   0.5   9.0     2      SE

Max >=  27.0: 30
Max <=   0.0:  0
Min <=   0.0:  0
Min <= -18.0:  0
Max Rain: 0.00 on day 0
Days of Rain: 0 (>= 0.20 in)  0 (>= 2.00 in)  0 (>= 20.00 in)
Heat Base: 18.3  Cool Base: 18.3  Method: Integration

spacer wunderground wow PWS SWWN Image Map