NOAA-Style Climate Reports


Report for 2014 July
                   Monthly Climatological Summary for Jul 2014

Name: BLS Arnold,Ca   City: Arnold   State: Ca
Elevation: 4450 ft  Lat: N 38° 15' 03"   Lon: W 120° 21' 18"

                  Temperature (°F), Rain (in), Wind Speed (mph)

                                      Heat  Cool        Avg
    Mean                              Deg   Deg         Wind                 Dom
Day Temp  High   Time   Low    Time   Days  Days  Rain  Speed High   Time    Dir
----------------------------------------------------------------------------------
 1  80.1  94.1   13:51  72.2   23:31   0.0  61.8  0.00   0.4  10.0   14:27   ESE
 2  78.3  91.3   11:10  69.4   02:57   0.0  60.0  0.00   0.5   7.0   13:51     S
 3  76.7  89.3   11:35  67.6   03:06   0.0  58.4  0.00   0.5   7.0   12:30   ESE
 4  77.2  90.0   11:19  67.9   03:10   0.0  58.9  0.00   0.4   7.0   14:21   ESE
 5  75.8  89.8   10:42  68.7   03:10   0.0  31.2  0.00   0.5   6.0   10:49   ESE
 6  79.9  92.6   13:04   0.0   02:27   0.0  55.3  0.00   0.6   6.0   15:40    SE
 7  75.7  83.0   13:11  70.3   22:44   0.0  57.4  0.00   0.1   4.0   12:37   NNW
 8  78.6  91.9   13:39  70.8   00:01   0.0  60.3  0.00   0.4   7.0   11:07     E
 9  78.9  91.8   10:42  70.5   03:01   0.0  60.6  0.00   0.3   6.0   11:28   ESE
10  76.3  88.6   11:06  68.5   22:47   0.0  58.0  0.00   0.3   8.0   13:00   ESE
11  73.1  84.8   10:28  65.1   22:06   0.0  54.8  0.00   0.4   7.0   11:41    SE
12  74.6  86.3   15:17  65.5   03:22   0.0  56.3  0.00   0.5   6.0   12:04    SE
13  79.9  92.7   14:08  67.8   00:55   0.0  61.6  0.00   0.6   7.0   14:49    SE
14  83.1  94.9   14:40  75.0   22:13   0.0  64.8  0.00   0.5   8.0   18:20   SSE
15  78.0  90.0   13:21  71.9   20:54   0.0  59.7  0.00   0.5  10.0   16:44   ESE
16  75.7  87.6   10:30  68.3   21:16   0.0  57.0  0.00   0.3   7.0   11:19    SE
17  72.2  82.8   14:12  62.9   23:07   0.0  53.9  0.00   0.4   6.0   11:49    SE
18  70.9  83.2   14:37  62.4   03:19   0.0  52.6  0.00   0.3   6.0   11:04    SE
19  75.2  87.1   13:38  65.6   06:58   0.0  56.9  0.00   0.5   6.0   13:44    SE
20  68.2  83.8   11:43  58.1   16:05   0.0  49.9  0.21   0.6  10.0   14:36     W
21  70.3  80.6   14:14  63.7   01:25   0.0  52.0  0.00   0.6   7.0   12:36     W
22  70.9  81.3   11:28  63.2   23:59   0.0  52.6  0.00   0.4   8.0   14:33    SE
23  69.4  80.9   13:46  60.9   03:04   0.0  51.1  0.00   0.5   8.0   11:13   ESE
24  72.4  84.8   13:56  62.8   02:01   0.0  54.1  0.00   0.6   7.0   13:00    SE
25  75.8  88.8   15:00  66.2   06:59   0.0  57.5  0.00   0.5   8.0   13:39    SE
26  77.9  92.5   13:48  68.0   02:05   0.0  59.6  0.00   0.4   8.0   13:49    SE
27  79.5  93.8   14:20  71.7   00:00   0.0  61.2  0.00   0.9   7.0   14:00     S
28  78.4  90.2   14:11  71.9   22:29   0.0  60.1  0.00   0.4   5.0   12:46     S
29  77.6  90.0   14:19  70.5   22:06   0.0  59.3  0.00   0.4   9.0   13:19    SE
30  78.6  91.7   13:48  71.2   07:20   0.0  60.3  0.00   0.7   6.0   10:46     E
31  80.1  93.3   13:19  71.2   07:06   0.0  61.8  0.00   0.6   6.0   12:45    SE
----------------------------------------------------------------------------------
    76.1  94.9    14     0.0     6     0.01759.0  0.21   0.5  10.0     1      SE

Max >=  27.0: 31
Max <=   0.0:  0
Min <=   0.0:  1
Min <= -18.0:  0
Max Rain: 0.21 on day 20
Days of Rain: 1 (>= 0.20 in)  0 (>= 2.00 in)  0 (>= 20.00 in)
Heat Base: 18.3  Cool Base: 18.3  Method: Integration

spacer wunderground wow PWS SWWN Image Map