NOAA-Style Climate Reports


Report for 2014 August
                   Monthly Climatological Summary for Aug 2014

Name: BLS Arnold,Ca   City: Arnold   State: Ca
Elevation: 4450 ft  Lat: N 38° 15' 03"   Lon: W 120° 21' 18"

                  Temperature (°F), Rain (in), Wind Speed (mph)

                                      Heat  Cool        Avg
    Mean                              Deg   Deg         Wind                 Dom
Day Temp  High   Time   Low    Time   Days  Days  Rain  Speed High   Time    Dir
----------------------------------------------------------------------------------
 1  79.6  95.6   13:30  70.5   22:15   0.0  54.5  0.00   0.5   7.0   11:07    SE
 2  80.0  93.6   13:30  70.8   01:26   0.0  61.7  0.00   0.8   7.0   14:03     S
 3  73.8  83.5   13:32  67.2   23:33   0.0  55.5  0.00   0.3   5.0   13:13     E
 4  69.1  75.3   14:30   0.0   10:52   0.0  24.5  0.00   0.4   6.0   15:18   ESE
 5  66.0  76.3   13:36  59.7   21:15   0.0  47.7  0.00   0.2   6.0   13:46    SE
 6  69.4  81.2   14:21  60.7   06:12   0.0  50.7  0.00   0.4   8.0   14:21    SE
 7  73.2  86.4   13:52   0.0   00:07   0.0  54.5  0.00   0.6   8.0   14:11   SSE
 8  75.7  90.0   14:24  65.4   06:21   0.0  40.6  0.00   0.5   7.0   13:37    SE
 9  76.2  90.1   14:16  67.0   05:10   0.0  57.9  0.00   0.3   6.0   12:31   ESE
10  76.1  87.9   10:12  68.5   01:09   0.0  57.8  0.00   0.4   6.0   11:35   ESE
11  75.6  85.1   15:15  68.2   06:47   0.0  57.4  0.00   0.4   7.0   12:00     W
12  72.6  84.9   14:13  63.2   06:22   0.0  53.7  0.00   0.3   8.0   13:26    SE
14  69.2  80.3   13:30  62.0   06:41   0.0  29.4  0.00  ----   7.0   12:54    SE
15  66.5  74.6   18:37   0.0   18:37   0.0   3.6  0.00   0.8   2.0   22:18   WNW
16  78.2  89.0   13:21   0.0   10:07   0.0  32.0  0.00   0.6   8.0   13:53   SSE
17  74.9  88.5   13:28  65.3   06:02   0.0  56.6  0.00   0.6   9.0   14:02    SW
18  73.5  87.2   13:24  63.7   06:21   0.0  55.2  0.00   0.4   7.0   15:07    SE
19  71.1  83.7   13:34  63.6   23:52   0.0  52.8  0.00   0.3   6.0   11:47    SE
20  68.8  81.9   09:36  60.2   06:37   0.0  50.5  0.00   0.4   7.0   15:05    SE
21  67.9  79.9   13:15  60.1   06:09   0.0  42.7  0.00   0.3   7.0   12:19   ESE
22  66.9  79.0   10:22  61.9   06:04   0.0  36.2  0.00   0.3   6.0   09:24     E
23  69.7  83.4   13:43  62.1   06:55   0.0  51.1  0.00   0.4   8.0   14:47   ESE
24  69.9  82.3   09:59  61.4   23:51   0.0  51.6  0.00   0.5   8.0   14:19    SE
25  66.5  79.7   13:39  58.6   06:24   0.0  48.2  0.00   0.4   7.0   12:20   ESE
26  68.2  80.0   09:31  58.8   06:18   0.0  49.9  0.00   0.5   9.0   13:39    SE
27  71.3  83.9   14:04  61.9   04:44   0.0  53.1  0.00   0.4   7.0   12:46    SE
28  73.5  87.4   14:36  63.9   06:02   0.0  55.2  0.00   0.4   6.0   10:26    SE
29  74.8  84.5   15:01  65.5   07:03   0.0  48.9  0.01   0.4   7.0   14:12     S
30  73.9  87.5   13:40  63.0   23:58   0.0  53.7  0.00   0.2   7.0   13:55   SSE
31  71.8  85.6   13:16  62.1   03:34   0.0  53.5  0.00   0.4   7.0   12:05   SSE
----------------------------------------------------------------------------------
    72.1  95.6     1     0.0     4     0.01440.7  0.01   0.4   9.0    17      SE

Max >=  27.0: 30
Max <=   0.0:  0
Min <=   0.0:  4
Min <= -18.0:  0
Max Rain: 0.01 on day 29
Days of Rain: 0 (>= 0.20 in)  0 (>= 2.00 in)  0 (>= 20.00 in)
Heat Base: 18.3  Cool Base: 18.3  Method: Integration

spacer wunderground wow PWS SWWN Image Map