NOAA-Style Climate Reports


Report for 2014 September
                   Monthly Climatological Summary for Sep 2014

Name: BLS Arnold,Ca   City: Arnold   State: Ca
Elevation: 4450 ft  Lat: N 38° 15' 03"   Lon: W 120° 21' 18"

                  Temperature (°F), Rain (in), Wind Speed (mph)

                                      Heat  Cool        Avg
    Mean                              Deg   Deg         Wind                 Dom
Day Temp  High   Time   Low    Time   Days  Days  Rain  Speed High   Time    Dir
----------------------------------------------------------------------------------
 1  75.1  88.8   13:21  66.2   05:34   0.0  56.8  0.00   0.6   7.0   14:06   SSE
 2  75.5  89.2   14:13  67.2   07:04   0.0  57.2  0.00   0.4   9.0   14:18    SE
 3  73.9  87.4   14:21  65.7   06:44   0.0  55.6  0.00   0.4   9.0   13:44    SE
 4  73.3  84.8   13:41  65.2   05:40   0.0  54.1  0.00   0.4   7.0   12:28    SE
 5  72.4  84.8   14:30  64.4   05:28   0.0  54.1  0.00   0.6   8.0   12:13    SE
 6  72.8  86.1   14:11  63.3   06:27   0.0  54.5  0.00   0.6   9.0   15:16   ESE
 7  74.2  88.0   13:55  65.0   01:35   0.0  55.9  0.00   0.4   6.0   11:47    SE
 8  67.7  78.6   13:24  56.4   05:36   0.0  49.4  0.08   0.3   7.0   14:56    SE
 9  67.6  81.5   13:19  58.3   06:31   0.0  49.3  0.00   0.6   8.0   16:10   SSE
10  72.3  84.8   13:03  62.1   06:06   0.0  54.0  0.00   0.4   7.0   13:26    SE
11  75.5  89.1   14:29  66.8   06:46   0.0  57.2  0.00   0.5   8.0   14:43   SSE
12  76.6  90.5   13:13  68.1   03:36   0.0  58.4  0.00   0.6   9.0   15:28   SSE
13  76.6  90.3   13:24  68.8   06:40   0.0  58.3  0.00   0.4   6.0   13:39   SSE
14  75.9  85.8   13:37  69.0   07:12   0.0  57.6  0.00   0.4   6.0   10:06    SE
15  76.1  88.7   14:06  68.8   23:55   0.0  57.8  0.00   0.4   7.0   13:23    SE
16  73.9  86.7   13:27  66.1   06:39   0.0  55.6  0.00   0.3   8.0   13:32   ESE
17  73.4  85.9   09:23  63.0   23:59   0.0  55.1  0.00   0.3   7.0   11:52    SE
18  63.0  74.2   13:27  55.5   06:13   0.0  44.7  0.00   0.4   7.0   09:46   ESE
19  64.3  75.0   14:10  55.7   03:41   0.0  46.0  0.00   0.3   6.0   11:24     S
20  69.3  79.7   13:26  55.1   20:30   0.0  43.6  0.18   0.6   7.0   15:19   SSE
21  75.5  89.1   14:29  66.8   06:46   0.0  57.2  0.23   0.5   8.0   14:43   SSE
22  76.6  90.5   13:13  68.1   03:36   0.0  58.4  0.00   0.6   9.0   15:28   SSE
23  76.6  90.3   13:24  68.8   06:40   0.0  58.3  0.00   0.4   6.0   13:39   SSE
24  75.9  85.8   13:37  69.0   07:12   0.0  57.6  0.00   0.4   6.0   10:06    SE
25  76.1  88.7   14:06  68.8   23:55   0.0  57.8  0.34   0.4   7.0   13:23    SE
26  73.9  86.7   13:27  66.1   06:39   0.0  55.6  0.25   0.3   8.0   13:32   ESE
27  73.4  85.9   09:23  63.0   23:59   0.0  55.1  0.44   0.3   7.0   11:52    SE
28  63.0  74.2   13:27  55.5   06:13   0.0  44.7  0.76   0.4   7.0   09:46   ESE
29  64.3  75.0   14:10  55.7   03:41   0.0  46.0  0.13   0.3   6.0   11:24     S
30  69.3  79.7   13:26  55.1   20:30   0.0  43.6  0.01   0.6   7.0   15:19   SSE
----------------------------------------------------------------------------------
    72.5  90.5    12    55.1    20     0.01075.2  2.42   0.4   9.0     2      SE

Max >=  27.0: 20
Max <=   0.0:  0
Min <=   0.0:  0
Min <= -18.0:  0
Max Rain: 0.76 on day 28
Days of Rain: 5 (>= 0.20 in)  0 (>= 2.00 in)  0 (>= 20.00 in)
Heat Base: 18.3  Cool Base: 18.3  Method: Integration

spacer wunderground wow PWS SWWN Image Map