NOAA-Style Climate Reports


Report for 2014 October
                   Monthly Climatological Summary for Oct 2014

Name: BLS Arnold,Ca   City: Arnold   State: Ca
Elevation: 4450 ft  Lat: N 38° 15' 03"   Lon: W 120° 21' 18"

                  Temperature (°F), Rain (in), Wind Speed (mph)

                                      Heat  Cool        Avg
    Mean                              Deg   Deg         Wind                 Dom
Day Temp  High   Time   Low    Time   Days  Days  Rain  Speed High   Time    Dir
----------------------------------------------------------------------------------
 1  66.4  75.3   12:35   0.0   02:21   0.0  36.1  0.00   0.8   6.0   21:57    SE
 2  65.1  77.1   13:07  56.3   00:41   0.0  46.8  0.00   0.4   5.0   10:59   WNW
 3  70.1  82.9   13:14  62.3   07:17   0.0  51.6  0.00   0.4   6.0   13:50   WNW
 4  72.4  83.6   13:14  65.1   06:13   0.0  43.8  0.00   0.5   6.0   15:27   SSW
 5  72.8  84.2   13:14  66.6   05:25   0.0  54.5  0.00   0.7   5.0   12:25     W
 6  72.3  84.6   12:57  65.1   07:23   0.0  54.0  0.00   0.4   4.0   11:58     W
 7  70.7  82.2   13:19  64.3   03:37   0.0  52.4  0.00   0.5   7.0   13:26   WSW
 8  67.7  80.0   13:02  60.6   21:40   0.0  49.4  0.00   0.6   9.0   12:45    SE
 9  64.3  75.9   13:09  58.2   07:25   0.0  46.0  0.00   0.6   7.0   10:32     W
10  63.9  75.9   13:08  58.0   06:06   0.0  45.6  0.00   0.4   7.0   14:03   WSW
11  65.0  77.1   13:07  57.9   06:01   0.0  46.7  0.00   0.5   5.0   14:06     W
12  67.1  79.7   13:06  59.1   03:15   0.0  48.8  0.00   1.4  12.0   08:56     S
13  68.6  81.9   13:05  61.2   06:20   0.0  50.3  0.00   0.4   6.0   11:16    SE
14  63.5  75.6   12:57  52.4   23:59   0.0  45.2  0.00   0.4  10.0   13:27    SE
15  51.5  58.0   14:08  48.0   06:12   0.0  33.4  0.00   0.1   5.0   08:36   ESE
16  53.3  62.8   13:13  47.3   05:34   0.0  35.0  0.00   0.2   5.0   09:38   ESE
17  52.8  60.2   12:55  47.7   23:58   0.0  34.5  0.00   0.2   5.0   10:44   ESE
18  54.9  65.6   12:51  47.6   00:02   0.0  36.6  0.00   0.5   6.0   12:59     W
19  59.7  71.3   13:12  53.3   03:20   0.0  41.4  0.00   0.2   6.0   12:18   SSE
20  55.1  66.1   12:58  44.7   23:56   0.0  36.8  0.02   0.3   9.0   11:56   ESE
21  50.0  61.4   12:59  41.0   03:54   0.0  31.7  0.01   0.6   7.0   12:08   WNW
22  55.5  64.7   12:59  48.8   02:12   0.0  37.2  0.00   0.4   5.0   13:34     W
23  58.2  67.8   13:13  53.3   06:48   0.0  39.9  0.00   0.1   5.0   12:43   ESE
24  60.8  73.3   13:11  54.6   04:52   0.0  42.5  0.00   0.3   8.0   11:10   ESE
25  48.1  57.3   10:17  40.8   23:55   0.0  29.8  0.29   0.3   5.0   08:23     W
26  46.3  56.1   12:58  39.9   04:26   0.0  28.0  0.00   0.8   7.0   14:50   WNW
27  49.1  57.8   12:38  43.3   04:56   0.0  30.8  0.00   0.3   6.0   11:05   WNW
28  55.3  64.3   12:56  48.5   00:31   0.0  37.0  0.00   0.5   5.0   12:56     W
29  60.4  69.8   12:21  53.9   02:48   0.0  42.1  0.00   0.5   4.0   12:10     W
30  61.0  71.4   13:03  54.6   22:55   0.0  42.7  0.00   0.1   6.0   12:23   SSW
31  48.7  55.1   11:05  39.4   23:26   0.0  30.4  0.55   0.1   9.0   10:00    SE
----------------------------------------------------------------------------------
    60.3  84.6     6     0.0     1     0.01281.0  0.87   0.4  12.0    12     WSW

Max >=  27.0: 31
Max <=   0.0:  0
Min <=   0.0:  1
Min <= -18.0:  0
Max Rain: 0.55 on day 31
Days of Rain: 2 (>= 0.20 in)  0 (>= 2.00 in)  0 (>= 20.00 in)
Heat Base: 18.3  Cool Base: 18.3  Method: Integration

spacer wunderground wow PWS SWWN Image Map