NOAA-Style Climate Reports


Report for 2014 November
                   Monthly Climatological Summary for Nov 2014

Name: BLS Arnold,Ca   City: Arnold   State: Ca
Elevation: 4450 ft  Lat: N 38° 15' 03"   Lon: W 120° 21' 18"

                  Temperature (°F), Rain (in), Wind Speed (mph)

                                      Heat  Cool        Avg
    Mean                              Deg   Deg         Wind                 Dom
Day Temp  High   Time   Low    Time   Days  Days  Rain  Speed High   Time    Dir
----------------------------------------------------------------------------------
 1  37.9  43.7   13:39  31.7   05:42   0.0  19.5  1.14   0.2   4.0   03:39   WNW
 2  40.3  50.0   13:23  33.3   01:12   0.0  22.9  0.00   0.4   8.0   13:24     W
 3  44.1  52.6   12:08  39.5   06:21   0.0  25.8  0.00   0.3   6.0   10:41     W
 4  49.4  58.0   12:35  41.5   01:22   0.0  31.1  0.00   0.4   4.0   11:24   WNW
 5  57.0  64.3   11:46  48.2   00:39   0.0  38.7  0.00   0.4   3.0   06:34   WNW
 6  60.2  69.0   12:11  55.9   03:40   0.0  41.9  0.00   0.2   5.0   13:05   WNW
 7  59.8  68.7   11:47  54.5   05:59   0.0  41.5  0.00   0.4   3.0   10:28   WNW
 8  62.4  71.8   12:02  53.8   04:13   0.0  44.1  0.00   0.4   5.0   10:10   WNW
 9  61.4  70.0   11:58  56.8   23:02   0.0  43.1  0.00   0.4   6.0   12:12   WNW
10  58.3  67.8   12:05  52.0   23:14   0.0  40.0  0.00   0.2   4.0   12:07     W
11  51.9  59.9   11:39  46.7   23:14   0.0  33.6  0.00   0.1   4.0   11:04   WNW
12  46.6  51.4   13:03  41.2   06:50   0.0  28.3  0.02   0.1   5.0   13:16     E
13  45.7  49.2   14:23  42.9   23:32   0.0  27.4  1.20   0.1   6.0   01:10     E
14  45.1  52.0   12:28  41.0   06:43   0.0  26.8  0.01   0.2   4.0   11:54   WNW
15  43.4  51.1   12:52  38.4   21:06   0.0  25.1  0.00   0.2   7.0   22:18   SSW
16  43.6  49.8   12:26  38.6   01:21   0.0  25.3  0.00   0.2   8.0   00:58   WSW
17  47.2  55.3   12:21  41.0   00:45   0.0  28.9  0.00   0.3   3.0   07:50   WNW
18  50.6  58.7   11:51  44.2   04:33   0.0  32.3  0.00   0.1   5.0   08:35   ESE
19  46.7  51.6   11:52  42.0   17:32   0.0  28.4  0.04   0.2   9.0   13:00   ESE
20  42.9  48.4   11:08  39.8   22:09   0.0  23.4  0.15   0.1   5.0   16:17     E
21  42.8  43.4   22:52   0.0   22:16   0.0   1.8  0.00   0.0   2.0   23:53     E
22  43.4  47.5   14:33  34.3   23:57   0.0  25.1  1.28   0.1   5.0   08:27    SE
23  42.4  51.4   12:41  33.9   00:28   0.0  24.1  0.00   0.9   6.0   06:15   WNW
24  45.4  53.0   11:33  38.5   05:03   0.0  27.1  0.00   0.7   6.0   13:45   WNW
25  52.0  58.8   11:40  44.9   00:19   0.0  33.7  0.00   0.6   3.0   01:10   WNW
26  60.2  69.2   11:36  54.1   00:00   0.0  41.9  0.00   0.4   3.0   05:59   WNW
27  58.8  66.0   11:39  54.0   23:11   0.0  40.5  0.00   0.0   3.0   11:07     W
28  52.8  60.7   12:09  44.0   23:43   0.0  34.5  0.00   0.0   5.0   12:44   ESE
29  41.9  45.7   02:59  36.7   09:16   0.0  23.6  0.42   1.1  12.0   09:25     E
30  42.1  45.5   00:43  38.1   16:01   0.0  23.8  0.67   0.3  11.0   12:54   ESE
----------------------------------------------------------------------------------
    49.2  71.8     8     0.0    21     0.0 904.2  4.93   0.3  12.0    29       W

Max >=  27.0: 30
Max <=   0.0:  0
Min <=   0.0:  1
Min <= -18.0:  0
Max Rain: 1.28 on day 22
Days of Rain: 5 (>= 0.20 in)  0 (>= 2.00 in)  0 (>= 20.00 in)
Heat Base: 18.3  Cool Base: 18.3  Method: Integration

spacer wunderground wow PWS SWWN Image Map