NOAA-Style Climate Reports


Report for 2014 December
                   Monthly Climatological Summary for Dec 2014

Name: BLS Arnold,Ca   City: Arnold   State: Ca
Elevation: 4450 ft  Lat: N 38° 15' 03"   Lon: W 120° 21' 18"

                  Temperature (°F), Rain (in), Wind Speed (mph)

                                      Heat  Cool        Avg
    Mean                              Deg   Deg         Wind                 Dom
Day Temp  High   Time   Low    Time   Days  Days  Rain  Speed High   Time    Dir
----------------------------------------------------------------------------------
 1  45.6  52.8   13:52  41.2   03:53   0.0  27.3  0.00   0.1   5.0   10:43     E
 2  46.1  48.5   06:34  42.2   11:44   0.0  27.8  0.85   0.7   9.0   16:22    SE
 3  45.9  47.5   13:01  44.5   19:53   0.0  27.6  1.74   1.6  15.0   09:46    SE
 4  46.1  49.6   14:24  43.5   23:51   0.0  27.8  0.53   0.1   5.0   00:24    SE
 5  46.7  50.4   11:14  43.3   03:06   0.0  28.4  0.07   0.1   7.0   20:31    SE
 6  46.8  52.5   12:59  42.6   07:00   0.0  28.5  0.11   0.2   4.0   11:33   WNW
 7  48.0  53.5   12:53  44.3   01:28   0.0  29.7  0.00   0.1   3.0   04:19   WNW
 8  48.8  54.6   12:39  44.3   02:39   0.0  30.5  0.00   0.4   3.0   09:50   WNW
 9  50.1  55.4   11:41  45.4   02:13   0.0  31.8  0.00   0.6   4.0   01:33   WNW
10  50.1  54.1   09:58  46.6   01:22   0.0  31.8  0.00   0.2   5.0   23:54     W
11  47.9  53.7   05:06  38.5   23:33   0.0  29.6  0.94   2.1  22.0   12:55    SE
12  34.9  39.6   01:41  31.3   06:58   0.0  16.6  1.47   0.0   4.0   00:57    SE
13  34.5  38.4   14:41  31.1   23:31   0.0  16.2  0.25   0.1   4.0   10:32   WNW
14  37.5  43.1   12:18  31.7   02:52   0.0  19.2  0.05   0.1   4.0   10:13   WNW
15  38.3  43.1   13:33  35.0   18:25   0.0  20.0  0.28   0.4  15.0   15:37   ESE
16  37.9  41.7   13:27  34.6   01:28   0.0  19.6  0.65   0.4   9.0   20:51    SE
17  35.4  39.1   11:34  32.7   06:46   0.0  17.1  0.34   0.1   5.0   00:05   ESE
18  37.9  44.0   13:05  33.2   06:58   0.0  19.6  0.00   0.0   2.0   02:17   WNW
19  38.6  41.4   09:18  35.2   14:42   0.0  20.3  0.88   0.1   7.0   11:52   ESE
20  41.7  43.9   14:24  39.8   05:20   0.0  23.4  0.82   0.1   4.0   06:53   WNW
21  46.5  51.6   14:11  42.9   00:01   0.0  28.2  0.06   0.2   3.0   12:20   WNW
22  48.9  56.1   11:44  42.0   04:16   0.0  30.5  0.00   1.2   4.0   11:59   WNW
23  52.7  61.2   12:12  48.5   21:39   0.0  34.4  0.00   0.9   4.0   00:35   WNW
24  44.0  50.9   09:31  30.0   23:55   0.0  25.7  0.70   0.3   9.0   18:07    SE
25  31.8  38.8   13:10  26.9   06:25   0.0  13.5  0.00   0.5   9.0   04:40   ESE
26  34.0  41.0   11:34  28.5   06:01   0.0  15.7  0.00   0.8  11.0   03:18    SE
27  34.3  39.4   13:16  29.5   06:41   0.0  16.0  0.00   0.3   5.0   10:54   WNW
28  38.1  44.9   11:52  33.1   03:53   0.0  19.8  0.00   0.6   6.0   13:38   WNW
29  35.7  43.8   11:47  29.7   23:04   0.0  17.4  0.00   0.3   5.0   12:25   WNW
30  29.1  33.0   13:43  23.3   23:58   0.0   9.6  0.00   4.3  26.0   12:17   ESE
31  32.0  44.9   13:51  22.4   03:44   0.0  13.7  0.00   1.5  15.0   05:17   ESE
----------------------------------------------------------------------------------
    41.5  61.2    23    22.4    31     0.0 717.3  9.74   0.6  26.0    30      SE

Max >=  27.0: 31
Max <=   0.0:  0
Min <=   0.0:  0
Min <= -18.0:  0
Max Rain: 1.74 on day 3
Days of Rain: 12 (>= 0.20 in)  0 (>= 2.00 in)  0 (>= 20.00 in)
Heat Base: 18.3  Cool Base: 18.3  Method: Integration

spacer wunderground wow PWS SWWN Image Map