NOAA-Style Climate Reports


Report for 2015
                   Annual Climatological Summary for 2015

Name: BLS Arnold,Ca   City: Arnold   State: Ca
Elevation: 4450 ft  Lat: N 38° 15' 03"   Lon: W 120° 21' 18"

                  Temperature (°F), Heat Base: 18.3  Cool Base: 18.3
                          Dep.  Heat  Cool                       Max  Max  Min  Min
        Mean  Mean        From  Deg   Deg                        >=   <=   <=   <=
 YR MO  Max   Min   Mean  Norm  Days  Days  Hi  Date  Low  Date 27.0  0.0  0.0 -18.0
------------------------------------------------------------------------------------
 15  1  56.7  43.8  49.1   0.0     0   954  69.3  24  28.3    1   31    0    0    0
 15  2  58.1  43.9  49.8   0.0     0   881  69.0  14  31.8   28   28    0    0    0
 15  3  62.9  45.6  52.7   0.0     0  1065  74.3  27  30.7    3   31    0    0    0
 15  4  61.6  41.1  51.1   0.0     0   958  76.6  30   0.0   24   30    0    1    0
 15  5  68.8  50.2  58.2   0.0     0   743  82.2  31  32.1    7   19    0    0    0
 15  6  83.0  59.9  71.0   0.0     0  1467  95.3  30   0.0   22   30    0    1    0
 15  7  84.8  63.0  72.1   0.0     0  1668  96.3  29  54.0   10   31    0    0    0
 15  8  86.7  64.2  73.6   0.0     0  1687  95.1  17  58.1    5   31    0    0    0
 15  9  80.5  60.7  68.9   0.0     0  1495  96.1  11  43.1   16   30    0    0    0
 15 10  70.4  53.6  60.6   0.0     0  1309  85.6  13  42.5   28   31    0    0    0
 15 11  49.7  36.2  42.1   0.0     0   703  65.4  20  23.4   26   30    0    0    0
 15 12  42.7  31.8  36.9   0.0     0   570  57.9   8  21.6   25   31    0    0    0
------------------------------------------------------------------------------------
        67.2  49.5  57.2   0.0     0 13505  96.3 Jul   0.0  Apr  353    0    2    0

                                Precipitation (in)

              Dep.   Max        Days of Rain
              From   Obs.           >=
 YR MO Total  Norm   Day Date 0.20 2.0020.00
---------------------------------------------
 15  1  0.03   0.0  0.03  27     0    0    0
 15  2  8.08   0.0  3.16   8     5    2    0
 15  3  0.71   0.0  0.36  11     2    0    0
 15  4  2.82   0.0  1.77  25     2    0    0
 15  5  1.55   0.0  1.07   7     2    0    0
 15  6  0.26   0.0  0.10   9     0    0    0
 15  7  0.01   0.0  0.01   2     0    0    0
 15  8  0.00   0.0  0.00   0     0    0    0
 15  9  0.10   0.0  0.05  14     0    0    0
 15 10  2.21   0.0  1.36  17     2    0    0
 15 11  6.92   0.0  2.68   2     8    1    0
 15 12  6.89   0.0  4.00  22     4    1    0
---------------------------------------------
       29.58   0.0  4.00  Dec   25    4    0

                                Wind Speed (mph)
                          Dom
 YR MO   Avg.  Hi   Date  Dir
------------------------------
 15  1   0.4  17.0   23     W
 15  2   0.6  18.0    6    SE
 15  3   0.4  11.0   22    SW
 15  4   0.5  13.0   16   SSE
 15  5   0.4   8.0    2   SSE
 15  6   0.5  12.0    5    SE
 15  7   0.5  10.0   14    SE
 15  8   0.5   9.0    1    SE
 15  9   0.4   9.0    3    SE
 15 10   0.4  18.0    4   SSE
 15 11   0.4  16.0   26   WNW
 15 12   0.2  14.0   19     W
------------------------------
         0.4  18.0  Feb   SSE

spacer wunderground wow PWS SWWN Image Map