NOAA-Style Climate Reports


Report for 2015 January
                   Monthly Climatological Summary for Jan 2015

Name: BLS Arnold,Ca   City: Arnold   State: Ca
Elevation: 4450 ft  Lat: N 38° 15' 03"   Lon: W 120° 21' 18"

                  Temperature (°F), Rain (in), Wind Speed (mph)

                                      Heat  Cool        Avg
    Mean                              Deg   Deg         Wind                 Dom
Day Temp  High   Time   Low    Time   Days  Days  Rain  Speed High   Time    Dir
----------------------------------------------------------------------------------
 1  36.0  42.3   06:40  28.3   08:20   0.0  17.7  0.00   0.4   5.0   04:05     W
 2  36.9  44.4   12:08  32.9   06:02   0.0  18.6  0.00   0.4   3.0   11:57   WNW
 3  40.6  47.1   13:04  34.5   00:15   0.0  22.3  0.00   0.5   4.0   03:05   WNW
 4  46.9  54.5   12:28  39.1   01:59   0.0  28.6  0.00   0.9   5.0   09:40   WNW
 5  52.7  59.8   11:56  47.7   00:25   0.0  34.4  0.00   0.5   3.0   02:15   WNW
 6  57.1  65.2   11:52  52.8   04:34   0.0  38.8  0.00   0.3   3.0   05:50   WNW
 7  58.0  66.6   11:52  54.4   04:05   0.0  39.7  0.00   0.6   3.0   01:02     W
 8  55.2  62.2   12:02  51.9   06:56   0.0  36.9  0.00   0.5   2.0   00:00   WNW
 9  52.9  57.6   13:10  49.9   07:17   0.0  34.6  0.00   0.3   4.0   11:56   WNW
10  49.5  54.4   12:35  44.9   19:08   0.0  31.2  0.00   0.2   3.0   04:54   WNW
11  47.1  53.7   12:00  42.9   23:43   0.0  28.8  0.00   0.1   4.0   12:53   WNW
12  44.3  51.4   11:56  40.3   03:53   0.0  26.0  0.00   0.4   6.0   12:27     W
13  44.9  54.3   13:12  39.3   22:13   0.0  26.6  0.00   0.7  10.0   08:26    SE
14  44.2  52.1   11:55  40.3   01:18   0.0  25.9  0.00   0.1   5.0   12:26     W
15  47.0  53.1   12:49  41.3   00:56   0.0  28.7  0.00   0.2   4.0   05:58   WNW
16  49.1  54.5   14:37  44.5   06:37   0.0  30.6  0.00   0.2   4.0   12:18   WNW
17  51.7  59.6   12:07  46.3   22:29   0.0  33.4  0.00   0.3   3.0   08:29   WNW
18  51.1  59.3   11:54  47.1   19:27   0.0  32.8  0.00   0.3   4.0   09:02   WNW
19  50.1  57.9   11:53  45.2   23:22   0.0  31.8  0.00   0.5   4.0   11:54   WNW
20  47.1  53.7   12:04  43.1   18:15   0.0  28.8  0.00   0.3   9.0   23:56     W
21  47.9  57.8   12:05  42.9   03:55   0.0  29.6  0.00   0.4   9.0   00:23     W
22  48.0  54.7   12:58  44.0   00:11   0.0  29.7  0.00   0.4   4.0   03:35   WNW
23  52.2  60.4   12:04  44.8   07:32   0.0  34.0  0.00   1.6  17.0   21:06    SE
24  58.3  69.3   12:04  49.3   07:21   0.0  40.0  0.00   0.9  13.0   20:57    SW
25  59.1  68.2   12:38  53.0   00:31   0.0  40.8  0.00   0.6   5.0   05:07   WNW
26  54.6  62.2   12:45  51.1   21:09   0.0  36.3  0.00   0.0   4.0   09:44     W
27  44.9  51.7   00:00  38.4   21:46   0.0  26.6  0.03   0.0   4.0   01:41   ESE
28  46.7  53.2   12:54  41.9   00:35   0.0  28.4  0.00   0.1   4.0   12:38     E
29  49.1  57.8   12:01  43.5   07:39   0.0  30.8  0.00   0.3   5.0   11:13   WNW
30  48.9  57.3   12:56  42.7   06:02   0.0  30.6  0.00   1.0   9.0   14:32   WSW
31  50.0  62.5   14:00  41.0   04:12   0.0  31.7  0.00   0.9  15.0   05:58     S
----------------------------------------------------------------------------------
    49.1  69.3    24    28.3     1     0.0 954.7  0.03   0.4  17.0    23     WSW

Max >=  27.0: 31
Max <=   0.0:  0
Min <=   0.0:  0
Min <= -18.0:  0
Max Rain: 0.03 on day 27
Days of Rain: 0 (>= 0.20 in)  0 (>= 2.00 in)  0 (>= 20.00 in)
Heat Base: 18.3  Cool Base: 18.3  Method: Integration

spacer wunderground wow PWS SWWN Image Map