NOAA-Style Climate Reports


Report for 2015 February
                   Monthly Climatological Summary for Feb 2015

Name: BLS Arnold,Ca   City: Arnold   State: Ca
Elevation: 4450 ft  Lat: N 38° 15' 03"   Lon: W 120° 21' 18"

                  Temperature (°F), Rain (in), Wind Speed (mph)

                                      Heat  Cool        Avg
    Mean                              Deg   Deg         Wind                 Dom
Day Temp  High   Time   Low    Time   Days  Days  Rain  Speed High   Time    Dir
----------------------------------------------------------------------------------
 1  51.7  60.1   12:34  44.7   07:43   0.0  33.4  0.00   0.2   4.0   12:59   WNW
 2  53.5  61.7   11:43  48.9   04:40   0.0  35.2  0.00   0.2   3.0   05:35   WNW
 3  53.5  61.8   12:00  48.6   01:22   0.0  35.2  0.00   0.2   4.0   10:18   WNW
 4  55.5  64.9   12:19  50.4   07:15   0.0  37.2  0.00   0.1   7.0   12:57   ESE
 5  55.2  62.4   12:27  50.4   06:23   0.0  36.9  0.00   0.4   9.0   13:50    SE
 6  50.4  58.4   09:15  41.3   22:15   0.0  32.1  1.67   1.8  18.0   09:33    SE
 7  48.2  50.6   14:34  42.1   00:00   0.0  29.9  2.75   0.2   6.0   01:10   SSE
 8  47.2  50.6   16:35  42.7   23:51   0.0  28.9  3.16   0.9  12.0   16:24   SSE
 9  43.0  49.1   14:06  38.4   22:17   0.0  24.7  0.23   0.4   6.0   06:35    SW
10  45.2  54.8   12:15  37.9   01:58   0.0  26.9  0.00   0.4   5.0   22:43   WNW
11  52.3  59.7   12:18  44.3   01:10   0.0  34.0  0.00   0.5   5.0   01:23   WNW
12  56.0  66.2   12:27  51.3   03:55   0.0  37.7  0.00   0.7   7.0   12:31   WNW
13  58.1  66.8   12:41  52.5   01:37   0.0  39.8  0.00   0.5   4.0   14:06   WNW
14  58.0  69.0   12:46  49.8   07:05   0.0  39.7  0.00   0.7   5.0   05:39   WNW
15  56.3  65.7   12:03  51.0   06:29   0.0  37.9  0.00   0.4   6.0   07:32     W
16  56.3  66.3   12:31  51.8   03:07   0.0  38.0  0.00   0.3   4.0   10:34   WNW
17  54.9  63.3   12:22  50.5   06:28   0.0  36.6  0.00   0.3   4.0   12:24     W
18  54.4  63.5   12:39  49.5   07:08   0.0  36.1  0.00   0.4   5.0   13:00     W
19  53.6  63.1   12:17  48.1   03:57   0.0  35.3  0.00   0.3   5.0   12:17     W
20  51.8  61.9   12:19  45.8   22:54   0.0  33.5  0.00   0.5   5.0   11:38     W
21  47.7  56.3   12:29  41.2   23:58   0.0  29.4  0.00   0.2  10.0   23:03     W
22  41.3  47.3   13:37  37.0   23:39   0.0  23.0  0.00   2.6  16.0   14:19   ESE
23  39.0  47.3   12:32  33.2   07:44   0.0  20.7  0.00   2.2  15.0   01:21   ESE
24  42.1  53.7   12:31  35.4   06:40   0.0  23.8  0.00   0.4   6.0   00:07    SW
25  45.9  57.3   12:12  35.5   03:51   0.0  27.6  0.00   0.3   5.0   12:32     W
26  47.3  58.2   12:28  40.1   04:55   0.0  29.0  0.00   0.5   7.0   11:21   SSE
27  41.1  46.7   13:45  34.0   18:33   0.0  22.8  0.27   0.0   4.0   11:15    SE
28  34.9  39.2   14:44  31.8   03:05   0.0  16.6  0.00   0.1   5.0   02:17    NW
----------------------------------------------------------------------------------
    49.8  69.0    14    31.8    28     0.0 881.9  8.08   0.6  18.0     6       S

Max >=  27.0: 28
Max <=   0.0:  0
Min <=   0.0:  0
Min <= -18.0:  0
Max Rain: 3.16 on day 8
Days of Rain: 5 (>= 0.20 in)  2 (>= 2.00 in)  0 (>= 20.00 in)
Heat Base: 18.3  Cool Base: 18.3  Method: Integration

spacer wunderground wow PWS SWWN Image Map