NOAA-Style Climate Reports


Report for 2015 March
                   Monthly Climatological Summary for Mar 2015

Name: BLS Arnold,Ca   City: Arnold   State: Ca
Elevation: 4450 ft  Lat: N 38° 15' 03"   Lon: W 120° 21' 18"

                  Temperature (°F), Rain (in), Wind Speed (mph)

                                      Heat  Cool        Avg
    Mean                              Deg   Deg         Wind                 Dom
Day Temp  High   Time   Low    Time   Days  Days  Rain  Speed High   Time    Dir
----------------------------------------------------------------------------------
 1  38.7  49.5   12:40  31.6   06:51   0.0  20.4  0.00   0.2   5.0   12:33   SSW
 2  36.8  43.5   15:01  33.4   23:38   0.0  18.5  0.05   0.2   6.0   12:29   WNW
 3  38.9  49.1   13:35  30.7   06:38   0.0  20.6  0.00   0.5  10.0   12:00   SSE
 4  42.0  51.4   12:31  34.9   04:53   0.0  23.7  0.00   0.3   5.0   11:57    SW
 5  47.5  58.9   12:16  39.2   03:38   0.0  29.2  0.00   0.5   6.0   12:35   WNW
 6  52.1  64.1   12:34  45.3   05:04   0.0  33.8  0.00   0.5   5.0   13:26     W
 7  54.8  64.7   12:33  48.0   03:15   0.0  36.5  0.00   0.6   7.0   13:37   WNW
 8  55.0  65.0   13:21  49.3   06:01   0.0  35.1  0.00   0.6   6.0   12:12     W
 9  57.2  66.0   13:33  50.7   06:06   0.0  38.9  0.00   0.7   4.0   02:32     W
10  57.2  66.8   14:12  50.7   05:21   0.0  38.9  0.00   0.4   8.0   14:58   ESE
11  48.2  55.1   00:58  43.3   09:48   0.0  29.9  0.36   0.1   7.0   07:01    SE
12  52.1  64.8   13:34  43.1   04:15   0.0  33.8  0.00   0.4   7.0   07:04   SSE
13  58.0  69.8   13:29  50.8   00:37   0.0  39.7  0.00   0.4   6.0   12:43    SW
14  60.6  69.0   14:25  54.3   05:03   0.0  42.3  0.00   0.3   6.0   14:26   WNW
15  59.9  69.7   13:06  54.3   21:52   0.0  41.6  0.00   0.3   7.0   14:27    SE
16  56.0  63.2   14:24  50.3   23:23   0.0  37.7  0.00   0.2   5.0   13:48    NW
17  52.5  63.1   14:24  45.6   22:03   0.0  34.2  0.00   0.3   4.0   12:55    SE
18  52.2  63.3   13:38  44.9   05:39   0.0  33.9  0.00   0.2   5.0   11:21    SE
19  57.0  67.1   13:37  49.9   07:01   0.0  38.7  0.00   0.5   7.0   12:43     W
20  55.2  63.9   15:21  49.4   23:56   0.0  36.9  0.00   0.2   6.0   15:42     W
21  53.1  64.5   13:25  46.7   06:29   0.0  34.8  0.00   0.3   6.0   12:44   SSE
22  50.2  60.3   13:24  41.2   23:59   0.0  31.9  0.02   0.3  11.0   13:30   ESE
23  42.6  50.4   13:44  37.5   22:11   0.0  24.4  0.28   0.1   5.0   15:57   ESE
24  45.4  55.4   13:54  38.7   06:10   0.0  27.1  0.00   0.6   7.0   14:01   SSW
25  53.2  64.0   09:42  41.8   00:09   0.0  34.9  0.00   0.6   7.0   03:21     W
26  60.5  72.6   13:45  52.2   02:56   0.0  42.2  0.00   0.3   6.0   13:09     S
27  62.1  74.3   14:24  53.8   21:22   0.0  43.8  0.00   0.4   8.0   13:26     W
28  60.2  71.2   13:49  53.4   04:51   0.0  42.0  0.00   0.5   6.0   14:03     S
29  60.9  72.9   13:32  53.9   02:25   0.0  42.6  0.00   0.4   6.0   10:34    SW
30  61.3  71.6   13:03  53.9   02:14   0.0  43.0  0.00   0.5   5.0   10:54     W
31  52.5  63.2   09:18  39.5   22:36   0.0  34.2  0.00   0.4   7.0   14:52    SE
----------------------------------------------------------------------------------
    52.7  74.3    27    30.7     3     0.01065.2  0.71   0.4  11.0    22      SW

Max >=  27.0: 31
Max <=   0.0:  0
Min <=   0.0:  0
Min <= -18.0:  0
Max Rain: 0.36 on day 11
Days of Rain: 2 (>= 0.20 in)  0 (>= 2.00 in)  0 (>= 20.00 in)
Heat Base: 18.3  Cool Base: 18.3  Method: Integration

spacer wunderground wow PWS SWWN Image Map