NOAA-Style Climate Reports


Report for 2015 April
                   Monthly Climatological Summary for Apr 2015

Name: BLS Arnold,Ca   City: Arnold   State: Ca
Elevation: 4450 ft  Lat: N 38° 15' 03"   Lon: W 120° 21' 18"

                  Temperature (°F), Rain (in), Wind Speed (mph)

                                      Heat  Cool        Avg
    Mean                              Deg   Deg         Wind                 Dom
Day Temp  High   Time   Low    Time   Days  Days  Rain  Speed High   Time    Dir
----------------------------------------------------------------------------------
 1  44.1  55.5   12:51  35.1   22:24   0.0  25.8  0.00   0.5   8.0   13:36     S
 2  45.2  57.4   13:39  35.5   03:56   0.0  26.9  0.00   1.0  11.0   09:02    SE
 3  49.7  62.1   13:18  41.2   06:23   0.0  31.4  0.00   0.5   6.0   10:33   SSE
 4  49.4  60.3   14:00  41.3   23:57   0.0  31.1  0.00   0.4   7.0   12:44   ESE
 5  40.2  48.1   12:54  34.0   19:40   0.0  21.9  0.19   0.1   7.0   16:23   ESE
 6  38.6  48.9   14:35  29.9   06:58   0.0  20.3  0.01   0.3   7.0   12:47   ESE
 7  33.3  38.7   06:19  31.0   23:20   0.0  14.9  0.01   0.4  12.0   06:36    SE
 8  37.3  45.9   14:11  29.4   07:04   0.0  19.0  0.82   0.1   4.0   13:42   WNW
 9  45.9  57.2   14:16  35.5   04:30   0.0  27.6  0.00   0.3   8.0   13:19     W
10  49.4  60.3   13:10  41.9   03:05   0.0  31.1  0.00   0.5   6.0   12:34     W
11  50.0  61.2   14:36  41.1   06:01   0.0  31.8  0.00   0.5   6.0   11:11   SSE
12  56.7  68.5   13:53  45.7   00:00   0.0  38.4  0.00   0.7   6.0   11:48   WSW
13  56.0  70.8   13:42  40.9   23:39   0.0  37.7  0.00   0.4   7.0   10:29   ESE
14  42.2  52.1   14:41  34.4   07:10   0.0  23.9  0.01   0.8  10.0   10:57    SE
15  49.6  61.6   14:11  38.2   06:01   0.0  31.3  0.00   0.9   8.0   14:52     S
16  53.9  65.3   14:23  44.5   05:28   0.0  35.6  0.00   0.9  13.0   07:11   SSE
17  56.9  67.8   14:51  47.9   06:41   0.0  38.6  0.00   0.6   5.0   10:48   WSW
18  59.5  70.9   14:20  49.6   02:14   0.0  41.2  0.00   0.5   5.0   10:41   SSW
19  63.4  73.6   13:51  55.4   02:04   0.0  45.1  0.00   0.7  10.0   18:48    SE
20  61.8  74.2   14:13  55.0   06:07   0.0  43.5  0.00   0.7   8.0   14:49     S
21  57.6  69.8   13:29  47.8   22:51   0.0  39.3  0.00   0.3   6.0   12:13     S
22  52.0  60.0   12:02  46.0   23:59   0.0  33.7  0.00   0.2   6.0   12:05    SE
23  54.8  64.1   13:49  45.8   00:04   0.0  26.9  0.00   0.4   7.0   13:50    SE
24  48.1  53.9   15:22   0.0   12:37   0.0  14.1  0.01   0.2   5.0   14:16   ESE
25  41.5  45.9   13:54  36.4   23:43   0.0  23.2  1.77   0.1   6.0   01:55   ESE
26  47.8  59.6   14:37  35.6   03:45   0.0  29.5  0.00   1.0  10.0   11:29     S
27  59.2  70.7   10:43  50.0   06:11   0.0  40.9  0.00   0.8   6.0   10:18    SW
28  61.8  73.6   14:54  53.3   06:33   0.0  43.5  0.00   0.3   7.0   14:17   ESE
29  62.5  74.5   13:24  55.1   06:13   0.0  44.2  0.00   0.5   7.0   13:30    SE
30  64.3  76.6   13:44  55.5   03:29   0.0  46.0  0.00   0.6   8.0   06:35    SE
----------------------------------------------------------------------------------
    51.1  76.6    30     0.0    24     0.0 958.4  2.82   0.5  13.0    16     SSE

Max >=  27.0: 30
Max <=   0.0:  0
Min <=   0.0:  1
Min <= -18.0:  0
Max Rain: 1.77 on day 25
Days of Rain: 2 (>= 0.20 in)  0 (>= 2.00 in)  0 (>= 20.00 in)
Heat Base: 18.3  Cool Base: 18.3  Method: Integration

spacer wunderground wow PWS SWWN Image Map