NOAA-Style Climate Reports


Report for 2015 May
                   Monthly Climatological Summary for May 2015

Name: BLS Arnold,Ca   City: Arnold   State: Ca
Elevation: 4450 ft  Lat: N 38° 15' 03"   Lon: W 120° 21' 18"

                  Temperature (°F), Rain (in), Wind Speed (mph)

                                      Heat  Cool        Avg
    Mean                              Deg   Deg         Wind                 Dom
Day Temp  High   Time   Low    Time   Days  Days  Rain  Speed High   Time    Dir
----------------------------------------------------------------------------------
 1  66.4  77.4   09:38  58.2   06:01   0.0  48.1  0.00   0.5   6.0   12:00     S
 2  63.3  73.9   13:48  56.1   06:12   0.0  45.0  0.00   0.4   8.0   11:54   ESE
 3  61.6  73.5   09:28  54.5   04:41   0.0  43.3  0.00   0.4   7.0   13:07    SE
 4  59.8  71.3   14:35  52.0   06:31   0.0  41.5  0.00   0.5   6.0   14:02    SE
 5  57.2  68.6   10:18  49.9   21:59   0.0  38.9  0.00   0.4   7.0   12:13    SE
 6  53.1  63.2   13:40  43.9   23:59   0.0  34.8  0.00   0.3   7.0   10:44    SE
 7  37.8  44.0   04:30  32.1   13:00   0.0  15.1  1.07   0.1   7.0   17:25   ESE
20  39.2  48.8   23:18  34.5   05:54   0.0  11.4  0.08   0.2   3.0   09:05    NW
21  52.1  60.8   10:45  45.9   23:52   0.0  33.8  0.00   0.5   5.0   11:31     W
22  48.4  54.3   12:34  42.9   03:31   0.0  30.1  0.28   0.4   6.0   10:11    SE
23  50.9  61.6   15:25  44.3   23:23   0.0  32.6  0.12   0.2   5.0   10:32    SW
24  57.5  69.1   14:40  44.8   00:00   0.0  39.2  0.00   0.9   6.0   10:40     W
25  60.5  72.2   14:02  52.4   06:02   0.0  42.2  0.00   0.5   6.0   10:16   SSE
26  61.7  72.7   13:40  53.8   05:09   0.0  43.4  0.00   0.5   7.0   12:12    SE
27  63.2  74.7   14:02  54.7   01:53   0.0  44.9  0.00   0.5   6.0   11:33     S
28  65.4  77.8   12:55  57.1   02:17   0.0  47.1  0.00   0.5   7.0   11:45    SW
29  68.4  80.4   13:32  59.2   06:06   0.0  50.1  0.00   0.4   5.0   13:45    SE
30  70.1  81.4   14:15  62.4   06:07   0.0  51.8  0.00   0.4   5.0   12:14   SSW
31  68.3  82.2   13:04  54.9   22:43   0.0  50.0  0.00   0.4   7.0   10:43   ESE
----------------------------------------------------------------------------------
    58.2  82.2    31    32.1     7     0.0 743.3  1.55   0.4   8.0     2     SSE

Max >=  27.0: 19
Max <=   0.0:  0
Min <=   0.0:  0
Min <= -18.0:  0
Max Rain: 1.07 on day 7
Days of Rain: 2 (>= 0.20 in)  0 (>= 2.00 in)  0 (>= 20.00 in)
Heat Base: 18.3  Cool Base: 18.3  Method: Integration

spacer wunderground wow PWS SWWN Image Map