NOAA-Style Climate Reports


Report for 2015 June
                   Monthly Climatological Summary for Jun 2015

Name: BLS Arnold,Ca   City: Arnold   State: Ca
Elevation: 4450 ft  Lat: N 38° 15' 03"   Lon: W 120° 21' 18"

                  Temperature (°F), Rain (in), Wind Speed (mph)

                                      Heat  Cool        Avg
    Mean                              Deg   Deg         Wind                 Dom
Day Temp  High   Time   Low    Time   Days  Days  Rain  Speed High   Time    Dir
----------------------------------------------------------------------------------
 1  59.4  69.6   13:50  51.1   05:15   0.0  41.1  0.00   0.5   8.0   12:14   ESE
 2  60.2  71.5   14:39  50.9   05:42   0.0  41.9  0.00   0.5   7.0   11:55    SE
 3  60.9  73.0   13:38  51.8   06:32   0.0  42.6  0.00   0.5   7.0   11:57    SE
 4  59.2  70.5   11:04  51.9   03:29   0.0  40.9  0.00   0.8   8.0   11:56    SE
 5  60.3  72.8   10:54  53.6   01:53   0.0  42.0  0.00   0.6  12.0   17:56    SE
 6  63.5  77.8   13:04  54.7   21:16   0.0  45.2  0.08   0.6   6.0   18:18   WSW
 7  69.5  83.0   11:27  55.9   00:40   0.0  51.2  0.00   0.7   5.0   00:30   WSW
 8  75.7  89.7   13:58  64.6   00:18   0.0  57.4  0.00   0.6   8.0   04:18    SE
 9  69.5  88.3   09:46  54.9   23:55   0.0  51.2  0.10   0.4   6.0   11:30    SE
10  58.9  64.3   13:33  54.6   00:16   0.0  40.6  0.08   0.2   3.0   15:44   WNW
11  68.2  80.9   14:05  56.3   04:20   0.0  49.9  0.00   0.7   7.0   13:13   SSE
12  76.2  88.3   10:29  65.8   05:25   0.0  57.9  0.00   1.2   8.0   14:23   WSW
13  77.0  89.8   14:18  67.2   02:07   0.0  58.7  0.00   0.6   7.0   12:45   SSW
14  75.5  88.3   12:54  66.2   23:59   0.0  57.2  0.00   0.5   7.0   13:12    SE
15  73.0  85.9   13:09  63.5   23:41   0.0  54.7  0.00   0.4   7.0   12:36   ESE
16  72.8  86.5   11:50  62.9   03:26   0.0  54.5  0.00   0.4   7.0   12:50    SE
17  74.1  87.3   13:54  65.6   04:27   0.0  55.8  0.00   0.5   6.0   13:21    SE
18  73.5  87.8   13:29  63.9   21:50   0.0  55.2  0.00   0.5   7.0   15:29    SE
19  72.6  87.3   13:50  63.0   02:50   0.0  54.3  0.00   0.6   6.0   10:33   SSW
20  74.7  87.3   11:26  65.9   03:18   0.0  56.4  0.00   0.4   6.0   12:14   ESE
21  66.3  66.7   00:32  65.9   00:01   0.0   2.0  0.00   0.0   1.0   00:03     E
22  65.6  73.0   18:05   0.0   18:05   0.0  11.7  0.00   0.3   3.0   18:19   WNW
23  71.7  84.8   13:13  62.2   04:59   0.0  53.4  0.00   0.5   7.0   10:26    SE
24  73.9  86.3   14:43  63.1   05:06   0.0  55.6  0.00   0.5   8.0   14:14    SE
25  78.9  92.0   13:45  69.0   05:52   0.0  60.3  0.00   0.3   6.0   13:23   SSE
26  81.0  92.4   13:05  71.0   06:44   0.0  62.6  0.00   0.4   6.0   13:27     E
27  78.9  90.2   11:07  70.6   23:49   0.0  59.2  0.00   0.2   6.0   14:00   SSE
28  75.7  87.5   10:10  69.3   23:16   0.0  44.0  0.00   0.4   6.0   10:39    SE
29  81.5  92.0   13:35  69.0   06:42   0.0  45.9  0.00   0.7   7.0   15:14    SE
30  82.6  95.3   15:42  73.1   04:51   0.0  64.3  0.00   0.0   1.0   00:00   WNW
----------------------------------------------------------------------------------
    71.0  95.3    30     0.0    22     0.01467.7  0.26   0.5  12.0     5     SSE

Max >=  27.0: 30
Max <=   0.0:  0
Min <=   0.0:  1
Min <= -18.0:  0
Max Rain: 0.10 on day 9
Days of Rain: 0 (>= 0.20 in)  0 (>= 2.00 in)  0 (>= 20.00 in)
Heat Base: 18.3  Cool Base: 18.3  Method: Integration

spacer wunderground wow PWS SWWN Image Map