NOAA-Style Climate Reports


Report for 2015 July
                   Monthly Climatological Summary for Jul 2015

Name: BLS Arnold,Ca   City: Arnold   State: Ca
Elevation: 4450 ft  Lat: N 38° 15' 03"   Lon: W 120° 21' 18"

                  Temperature (°F), Rain (in), Wind Speed (mph)

                                      Heat  Cool        Avg
    Mean                              Deg   Deg         Wind                 Dom
Day Temp  High   Time   Low    Time   Days  Days  Rain  Speed High   Time    Dir
----------------------------------------------------------------------------------
 1  80.8  92.1   09:11  74.4   21:22   0.0  62.5  0.00   0.0   0.0   00:00     E
 2  76.2  91.0   13:28  63.5   18:45   0.0  57.9  0.01   0.0   0.0   00:00     E
 3  76.4  89.3   14:45  66.8   06:49   0.0  58.1  0.00   0.4   8.0   16:04    SE
 4  77.6  89.1   13:52  68.9   21:55   0.0  59.3  0.00   0.4   7.0   15:14    SE
 5  76.3  89.6   11:12  64.6   23:20   0.0  58.0  0.00   0.5   7.0   13:31    SE
 6  72.4  87.8   11:19  61.3   22:37   0.0  54.1  0.00   0.7   8.0   14:13    SE
 7  69.5  81.6   10:42  59.4   22:26   0.0  51.2  0.00   0.6   8.0   13:55    SE
 8  67.4  79.9   10:37  58.5   00:48   0.0  49.1  0.00   0.6   7.0   16:53    SE
 9  59.7  67.9   12:43  54.2   22:44   0.0  41.4  0.00   0.2   7.0   09:54    SE
10  59.1  66.6   14:10  54.0   00:36   0.0  40.8  0.00   0.2   5.0   15:33   ESE
11  65.2  78.6   14:08  55.5   03:39   0.0  46.9  0.00   0.6   8.0   13:02    SE
12  66.4  78.3   13:50  59.0   05:11   0.0  48.1  0.00   0.4   6.0   10:29    SE
13  70.0  83.0   13:38  61.3   06:16   0.0  51.7  0.00   0.7   9.0   13:13    SE
14  70.1  83.2   14:01  61.3   05:53   0.0  51.8  0.00   0.6  10.0   12:57    SE
15  71.8  84.8   14:18  62.2   04:02   0.0  53.5  0.00   0.5   8.0   14:53    SE
16  74.0  86.6   10:03  64.7   01:11   0.0  55.7  0.00   0.6   6.0   12:16   SSE
17  75.6  89.2   13:21  65.9   06:02   0.0  57.3  0.00   0.7   9.0   14:53    SE
18  71.0  81.9   15:13  63.8   23:58   0.0  52.7  0.00   0.4   6.0   13:03   WNW
19  70.9  84.5   14:08  60.7   04:28   0.0  52.6  0.00   0.5   7.0   12:57    SE
20  72.9  85.5   14:16  63.4   02:24   0.0  54.6  0.00   0.5   8.0   14:30    SE
21  72.5  86.4   14:17  65.1   00:42   0.0  54.2  0.00   0.4   7.0   12:48    SE
22  71.3  83.3   13:41  62.0   23:53   0.0  53.0  0.00   0.4   6.0   12:23    SE
23  68.2  80.3   13:21  59.8   06:21   0.0  49.9  0.00   0.4   9.0   13:24    SE
24  68.8  82.0   13:26  58.8   06:22   0.0  50.5  0.00   0.6   8.0   09:58   ESE
25  69.7  83.5   13:35  60.4   05:25   0.0  51.4  0.00   0.6   9.0   14:52    SE
26  69.8  83.4   14:19  60.4   04:57   0.0  51.5  0.00   0.5   8.0   13:44   SSE
27  70.4  85.3   13:57  58.0   04:03   0.0  52.1  0.00   0.7   8.0   14:28    SE
28  77.2  91.9   13:57  66.0   00:23   0.0  58.9  0.00   0.6   9.0   14:36    SE
29  82.2  96.3   13:39  71.7   00:02   0.0  63.9  0.00   0.6   7.0   11:27    SE
30  83.1  95.5   14:18  73.1   05:08   0.0  64.7  0.00   0.7   6.0   11:43    SE
31  79.4  90.9   15:15  72.9   05:19   0.0  61.1  0.00   0.5   9.0   05:52   ESE
----------------------------------------------------------------------------------
    72.1  96.3    29    54.0    10     0.01668.5  0.01   0.5  10.0    14      SE

Max >=  27.0: 31
Max <=   0.0:  0
Min <=   0.0:  0
Min <= -18.0:  0
Max Rain: 0.01 on day 2
Days of Rain: 0 (>= 0.20 in)  0 (>= 2.00 in)  0 (>= 20.00 in)
Heat Base: 18.3  Cool Base: 18.3  Method: Integration

spacer wunderground wow PWS SWWN Image Map