NOAA-Style Climate Reports


Report for 2015 August
                   Monthly Climatological Summary for Aug 2015

Name: BLS Arnold,Ca   City: Arnold   State: Ca
Elevation: 4450 ft  Lat: N 38° 15' 03"   Lon: W 120° 21' 18"

                  Temperature (°F), Rain (in), Wind Speed (mph)

                                      Heat  Cool        Avg
    Mean                              Deg   Deg         Wind                 Dom
Day Temp  High   Time   Low    Time   Days  Days  Rain  Speed High   Time    Dir
----------------------------------------------------------------------------------
 1  77.6  89.7   11:15  66.8   23:27   0.0  59.3  0.00   0.5   9.0   16:13   SSE
 2  77.5  88.4   14:41  66.7   21:17   0.0  34.2  0.00   0.6   7.0   13:03    SE
 3  73.6  85.7   10:44  64.7   22:52   0.0  55.3  0.00   0.6   9.0   13:32    SE
 4  69.4  82.8   10:17  58.8   23:04   0.0  51.1  0.00   0.4   6.0   09:16   SSW
 5  69.7  85.6   14:10  58.1   06:24   0.0  51.4  0.00   0.5   8.0   12:14   ESE
 6  70.5  79.7   13:54  63.2   01:10   0.0  52.2  0.00   0.3   5.0   10:32    SE
 7  68.6  81.3   09:55  59.9   05:03   0.0  50.3  0.00   0.6   7.0   18:08    SE
 8  70.4  82.5   13:21  61.5   05:47   0.0  52.1  0.00   0.6   6.0   12:41   SSE
 9  72.8  86.7   13:23  63.6   02:24   0.0  54.5  0.00   0.5   6.0   11:35    SE
10  71.5  83.7   13:12  63.0   20:34   0.0  53.2  0.00   0.5   7.0   13:39    SE
11  68.9  80.9   14:27  59.4   23:09   0.0  50.6  0.00   0.6   9.0   14:51    SE
12  70.3  83.6   14:59  60.6   06:15   0.0  52.0  0.00   0.5   7.0   12:01    SE
13  72.0  86.0   14:09  63.0   06:10   0.0  53.7  0.00   0.5   7.0   12:33    SE
14  71.4  84.1   14:14  61.2   01:34   0.0  53.1  0.00   0.6   9.0   13:48   SSE
15  76.2  89.6   14:20  65.0   06:29   0.0  57.9  0.00   0.6   8.0   12:37    SW
16  79.6  94.8   13:48  70.4   06:31   0.0  61.3  0.00   0.6   8.0   11:56   SSE
17  80.9  95.1   14:41  71.2   05:11   0.0  62.6  0.00   0.4   9.0   12:35    SE
18  79.8  92.4   13:59  71.4   06:09   0.0  61.5  0.00   0.5   6.0   12:49    SE
19  77.5  91.9   13:37  68.8   06:35   0.0  59.2  0.00   0.5   7.0   10:44    SE
20  75.2  89.6   13:26  66.5   06:36   0.0  56.9  0.00   0.4   8.0   12:30    SE
21  73.3  87.1   13:32  64.7   05:29   0.0  55.0  0.00   0.4   7.0   09:55    SE
22  72.8  86.7   13:44  64.8   06:32   0.0  54.5  0.00   0.4   7.0   14:05    SE
23  73.9  87.2   13:32  64.1   06:03   0.0  55.6  0.00   0.4   7.0   10:50    SE
24  75.3  89.1   13:30  66.9   05:37   0.0  57.0  0.00   0.5   8.0   14:21    SE
25  76.1  90.5   14:41  67.7   06:01   0.0  57.8  0.00   0.6   8.0   12:26   SSE
26  76.5  90.6   13:30  67.4   06:00   0.0  58.2  0.00   0.5   7.0   11:05    SE
27  77.4  91.1   14:09  69.1   02:40   0.0  59.1  0.00   0.6   7.0   16:09   SSE
28  77.3  89.9   13:53  68.0   22:26   0.0  59.0  0.00   0.5   8.0   12:04    SE
29  69.0  79.6   12:52  58.1   23:47   0.0  50.7  0.00   0.4   7.0   16:16    SE
30  66.6  79.4   13:48  58.1   20:52   0.0  48.3  0.00   0.4   9.0   12:38    SE
31  68.5  81.1   14:02  58.8   02:05   0.0  50.2  0.00   0.5   6.0   13:09     S
----------------------------------------------------------------------------------
    73.6  95.1    17    58.1     5     0.01687.8  0.00   0.5   9.0     1      SE

Max >=  27.0: 31
Max <=   0.0:  0
Min <=   0.0:  0
Min <= -18.0:  0
Max Rain: 0.00 on day 0
Days of Rain: 0 (>= 0.20 in)  0 (>= 2.00 in)  0 (>= 20.00 in)
Heat Base: 18.3  Cool Base: 18.3  Method: Integration

spacer wunderground wow PWS SWWN Image Map