NOAA-Style Climate Reports


Report for 2015 September
                   Monthly Climatological Summary for Sep 2015

Name: BLS Arnold,Ca   City: Arnold   State: Ca
Elevation: 4450 ft  Lat: N 38° 15' 03"   Lon: W 120° 21' 18"

                  Temperature (°F), Rain (in), Wind Speed (mph)

                                      Heat  Cool        Avg
    Mean                              Deg   Deg         Wind                 Dom
Day Temp  High   Time   Low    Time   Days  Days  Rain  Speed High   Time    Dir
----------------------------------------------------------------------------------
 1  69.5  82.6   13:34  60.8   06:59   0.0  51.2  0.00   0.5   7.0   12:42    SE
 2  67.9  80.6   13:20  59.2   23:57   0.0  49.6  0.00   0.5   7.0   11:54    SE
 3  62.9  74.3   14:21  54.9   23:30   0.0  44.6  0.00   0.4   9.0   13:11   ESE
 4  60.0  72.6   13:23  51.4   23:15   0.0  41.7  0.00   0.5   8.0   13:23    SE
 5  59.8  73.0   13:59  50.2   06:33   0.0  41.5  0.00   0.4   8.0   12:33    SE
 6  64.6  77.2   14:12  55.6   03:33   0.0  46.3  0.00   0.5   7.0   13:07   SSE
 7  69.4  83.9   13:37  59.5   06:49   0.0  51.2  0.00   0.6   8.0   12:24     S
 8  76.1  90.3   13:55  66.1   06:30   0.0  57.8  0.00   0.7   6.0   11:11    SW
 9  80.2  94.7   13:50  71.5   05:00   0.0  61.9  0.00   0.5   7.0   13:18    SE
10  79.4  92.9   13:57  71.3   07:07   0.0  61.2  0.00   0.5   7.0   14:13   SSE
11  78.7  96.1   13:34  69.5   02:08   0.0  59.6  0.00   0.5   7.0   14:32     S
12  76.5  85.6   13:54  71.8   21:40   0.0  58.2  0.00   0.2   5.0   13:07     W
13  72.8  80.2   13:41  68.5   23:55   0.0  54.5  0.00   0.3   5.0   11:34   WNW
14  65.8  75.0   09:06  54.2   23:12   0.0  47.5  0.05   0.3   7.0   14:21   ESE
15  54.7  60.2   12:13  46.9   22:59   0.0  36.4  0.05   0.1   6.0   10:53     E
16  52.8  64.1   14:32  43.1   07:18   0.0  34.5  0.00   0.3   8.0   12:18   ESE
17  57.2  69.2   13:39  48.4   06:00   0.0  38.9  0.00   0.3   8.0   16:11    SE
18  64.1  76.5   13:50  52.5   02:33   0.0  45.8  0.00   0.5   7.0   13:25    SW
19  70.7  83.4   13:21  60.9   04:10   0.0  52.4  0.00   0.4   7.0   13:05     S
20  74.4  88.3   14:16  65.7   07:07   0.0  56.1  0.00   0.6   8.0   11:16     S
21  74.5  88.4   14:15  66.8   23:05   0.0  56.2  0.00   0.5   6.0   12:13   SSE
22  71.5  83.0   13:59  63.7   23:48   0.0  53.2  0.00   0.3   9.0   12:59   ESE
23  70.3  83.2   14:14  62.2   06:55   0.0  52.0  0.00   0.6   7.0   13:28    SW
24  73.7  85.9   13:30  64.7   05:15   0.0  55.4  0.00   0.4   6.0   12:04     S
25  74.5  85.7   13:24  68.3   20:13   0.0  56.2  0.00   0.3   6.0   12:39     S
26  72.9  85.8   13:31  65.8   07:12   0.0  54.6  0.00   0.5   7.0   15:00    SW
27  72.9  82.0   13:19  64.4   23:53   0.0  33.7  0.00   0.3   7.0   13:06    SE
28  69.7  79.0   12:55  64.0   05:32   0.0  51.4  0.00   0.2   5.0   10:44   ESE
29  65.4  73.7   14:04  60.1   23:54   0.0  47.1  0.00   0.2   6.0   12:30     E
30  62.9  68.6   15:37  58.3   05:51   0.0  44.6  0.00   0.1   5.0   02:53   WNW
----------------------------------------------------------------------------------
    68.9  96.1    11    43.1    16     0.01495.3  0.10   0.4   9.0     3     SSE

Max >=  27.0: 30
Max <=   0.0:  0
Min <=   0.0:  0
Min <= -18.0:  0
Max Rain: 0.05 on day 14
Days of Rain: 0 (>= 0.20 in)  0 (>= 2.00 in)  0 (>= 20.00 in)
Heat Base: 18.3  Cool Base: 18.3  Method: Integration

spacer wunderground wow PWS SWWN Image Map