NOAA-Style Climate Reports


Report for 2015 October
                   Monthly Climatological Summary for Oct 2015

Name: BLS Arnold,Ca   City: Arnold   State: Ca
Elevation: 4450 ft  Lat: N 38° 15' 03"   Lon: W 120° 21' 18"

                  Temperature (°F), Rain (in), Wind Speed (mph)

                                      Heat  Cool        Avg
    Mean                              Deg   Deg         Wind                 Dom
Day Temp  High   Time   Low    Time   Days  Days  Rain  Speed High   Time    Dir
----------------------------------------------------------------------------------
 1  53.1  60.4   00:00  48.4   23:51   0.0  34.8  0.68   0.4   8.0   14:13   WNW
 2  58.9  72.9   13:04  48.1   03:45   0.0  40.6  0.00   0.8  10.0   13:57   WSW
 3  60.9  70.4   08:57  54.8   05:27   0.0  42.6  0.00   0.8  11.0   23:59     W
 4  58.1  68.4   13:12  50.4   20:29   0.0  39.8  0.00   1.2  18.0   05:41   ESE
 5  54.8  64.7   13:13  46.9   06:04   0.0  36.5  0.00   0.2   7.0   15:41    SE
 6  58.0  68.6   13:10  50.8   02:24   0.0  39.7  0.00   0.3   6.0   13:46   SSE
 7  62.5  73.3   14:23  53.3   01:12   0.0  44.2  0.00   0.4   7.0   12:54   WSW
 8  66.8  76.7   14:23  58.0   05:15   0.0  48.5  0.00   0.4   6.0   14:33   WNW
 9  71.0  83.5   13:08  63.7   07:42   0.0  52.7  0.00   0.4   7.0   12:11   WNW
10  70.4  81.9   13:10  63.5   05:53   0.0  52.1  0.00   0.3   6.0   12:45    SE
11  69.7  81.1   13:04  63.4   06:44   0.0  51.4  0.00   0.2   7.0   12:38   ESE
12  71.7  84.6   13:11  63.8   06:59   0.0  53.4  0.00   0.4   5.0   12:46    SW
13  73.0  85.6   13:07  67.2   06:24   0.0  54.7  0.00   0.4   5.0   13:24    SW
14  70.9  81.7   13:06  65.0   23:48   0.0  52.6  0.00   0.3   5.0   11:38     W
15  65.0  72.2   15:56  58.1   05:22   0.0  46.7  0.00   0.2   5.0   09:18   NNW
16  64.5  75.4   13:05  56.4   02:20   0.0  46.2  0.00   0.2   6.0   14:58    SE
17  56.1  59.6   00:00  52.0   23:29   0.0  37.8  1.36   0.0   5.0   09:49   ESE
18  51.0  56.7   15:24  44.8   23:40   0.0  32.5  0.00   0.1   5.0   12:41     E
19  49.8  60.0   13:00  43.6   07:15   0.0  31.5  0.00   0.3   6.0   10:50   SSW
20  57.6  67.1   12:58  46.4   00:03   0.0  39.3  0.00   1.8  15.0   18:58    SE
21  56.8  67.2   13:10  49.6   06:28   0.0  38.5  0.00   0.4   9.0   01:27    SE
22  57.4  67.7   12:56  52.2   05:59   0.0  39.1  0.00   0.3   5.0   11:53    SW
23  59.8  68.9   13:07  53.7   06:25   0.0  41.5  0.00   0.3  10.0   00:29   SSE
24  59.6  68.7   14:42  53.8   06:20   0.0  41.3  0.00   0.2   4.0   03:30   ESE
25  59.1  68.4   12:08  54.5   23:58   0.0  40.8  0.00   0.2   6.0   10:13   WSW
26  59.4  71.5   13:11  53.5   07:15   0.0  41.1  0.00   0.2   6.0   13:40   ESE
27  58.6  65.8   12:01  52.9   23:59   0.0  40.3  0.00   0.1   3.0   11:51   SSE
28  49.0  55.2   13:07  42.5   23:12   0.0  30.7  0.17   0.0   4.0   12:47   ESE
29  52.3  64.3   13:09  42.5   00:11   0.0  34.0  0.00   0.8  12.0   22:27   WSW
30  59.3  68.9   12:58  51.1   01:22   0.0  41.0  0.00   0.7   9.0   04:43     W
31  62.1  72.1   13:02  56.0   04:43   0.0  43.7  0.00   0.4   5.0   13:27     W
----------------------------------------------------------------------------------
    60.6  85.6    13    42.5    28     0.01309.6  2.21   0.4  18.0     4     SSW

Max >=  27.0: 31
Max <=   0.0:  0
Min <=   0.0:  0
Min <= -18.0:  0
Max Rain: 1.36 on day 17
Days of Rain: 2 (>= 0.20 in)  0 (>= 2.00 in)  0 (>= 20.00 in)
Heat Base: 18.3  Cool Base: 18.3  Method: Integration

spacer wunderground wow PWS SWWN Image Map