NOAA-Style Climate Reports


Report for 2015 November
                   Monthly Climatological Summary for Nov 2015

Name: BLS Arnold,Ca   City: Arnold   State: Ca
Elevation: 4450 ft  Lat: N 38° 15' 03"   Lon: W 120° 21' 18"

                  Temperature (°F), Rain (in), Wind Speed (mph)

                                      Heat  Cool        Avg
    Mean                              Deg   Deg         Wind                 Dom
Day Temp  High   Time   Low    Time   Days  Days  Rain  Speed High   Time    Dir
----------------------------------------------------------------------------------
 1  57.8  63.9   11:21  50.1   23:55   0.0  41.1  0.02   0.0   5.0   10:48   ESE
 2  41.7  50.5   00:57  35.9   23:48   0.0  23.3  2.68   0.4   7.0   08:16   ESE
 3  37.4  45.0   12:28  33.4   06:31   0.0  19.1  0.06   0.1   5.0   13:39   WNW
 4  38.1  45.7   12:59  33.2   05:31   0.0  19.8  0.00   0.6   9.0   13:58    SE
 5  39.9  48.1   12:04  35.4   00:29   0.0  21.6  0.00   0.4   5.0   14:42     N
 6  44.7  53.3   12:09  39.3   05:41   0.0  26.4  0.00   0.3   4.0   10:00   WNW
 7  48.8  57.7   12:03  43.2   00:35   0.0  30.5  0.00   0.4   5.0   10:38     W
 8  43.6  53.9   11:14  33.2   23:28   0.0  14.4  1.14   0.4  11.0   17:20   ESE
 9  33.9  38.6   11:00  30.7   22:51   0.0  15.6  0.24   0.3   3.0   00:14     N
10  34.0  39.7   12:04  31.5   00:00   0.0  15.7  0.43   0.3   4.0   21:00   WNW
11  38.2  46.3   11:57  32.7   00:52   0.0  19.9  0.21   0.4   4.0   11:44   NNW
12  44.4  53.0   11:28  36.4   00:30   0.0  26.1  0.01   0.2   4.0   10:49   WNW
13  51.0  60.0   11:51  44.9   00:09   0.0  32.7  0.00   0.4   4.0   12:22   WNW
14  51.4  61.4   12:03  45.1   23:41   0.0  33.1  0.00   0.0   4.0   11:20   ESE
15  36.9  45.4   00:00  28.5   23:58   0.0  18.0  0.88   0.2   9.0   20:19   ESE
16  31.6  37.1   14:08  25.8   02:41   0.0  13.3  0.03   0.6   7.0   09:15   WNW
17  42.8  50.9   11:25  34.0   00:17   0.0  24.5  0.43   1.0   6.0   00:10   WNW
18  47.6  55.7   11:46  40.4   00:42   0.0  29.4  0.00   0.8   5.0   10:10   WNW
19  53.0  61.2   11:34  46.7   00:12   0.0  34.7  0.00   0.6   5.0   11:08   WNW
20  53.6  65.4   11:37  48.0   03:50   0.0  35.3  0.00   0.6   4.0   17:19   WNW
21  55.0  62.5   12:20  51.0   00:00   0.0  36.7  0.00   0.4   6.0   11:29     W
22  54.8  61.6   11:27  49.6   07:02   0.0  36.5  0.00   0.1   3.0   10:52     W
23  50.3  56.6   09:59  43.8   20:49   0.0  32.0  0.00   0.0   5.0   13:47     E
24  38.0  44.5   00:23  30.5   23:24   0.0  19.7  0.67   0.1   8.0   13:11    SE
25  28.5  32.1   13:06  23.9   23:52   0.0  10.2  0.00   0.0   2.0   13:16     E
26  28.8  35.6   11:26  23.4   02:41   0.0  10.5  0.01   0.6  16.0   19:10   ESE
27  32.0  39.4   13:54  28.8   06:16   0.0  13.7  0.02   1.6  16.0   23:26   ESE
28  31.9  39.1   12:39  26.7   06:04   0.0  13.6  0.01   0.3   8.0   00:19   ESE
29  34.3  41.2   13:02  29.5   00:20   0.0  16.0  0.03   0.2   4.0   09:23   WNW
30  37.9  45.1   12:12  31.3   02:13   0.0  19.6  0.05   0.2   4.0   10:44   WNW
----------------------------------------------------------------------------------
    42.1  65.4    20    23.4    26     0.0 703.0  6.92   0.4  16.0    26     WNW

Max >=  27.0: 30
Max <=   0.0:  0
Min <=   0.0:  0
Min <= -18.0:  0
Max Rain: 2.68 on day 2
Days of Rain: 8 (>= 0.20 in)  1 (>= 2.00 in)  0 (>= 20.00 in)
Heat Base: 18.3  Cool Base: 18.3  Method: Integration

spacer wunderground wow PWS SWWN Image Map